{"text_format":"1","workbook":"xlsx","n_sheets":8,"sheets":["Navigation","Dealer Report","Dealer Report working","Master","Final Dealer Work","Zylem SNS Report","OPG","Reco"],"not_rendered":{"charts":0,"images":0,"macros":1,"external_links":2,"defined_names":11,"comments":0,"pivot_tables":1},"unopened":[],"bounds":{"document_bytes":16777216,"sheet_cells":100000,"rows_first":2000,"rows_last":500,"rows_between":2000,"halvings":0,"cell_chars":16384,"cell_head_chars":4096},"cells_cut":0,"cells_raw":0,"read":"whole","date_system":"1900"}

{"sheet":"Navigation","index":0,"n_rows":8,"n_cols":12,"rows_kept":8,"cut":false,"hidden":false,"merged":[]}
[]
[]
[]
[]
[]
[]
[null,null,null,null,null,null,null,null,null,null,"M/S Shiv Shankar KiranaandFertil"]
[null,null,null,null,null,null,null,null,null,null,null,"Stock and Sales FOR THE PERIOD 01-Apr-2020 TO 31-Mar-2021"]

{"sheet":"Dealer Report","index":1,"n_rows":88,"n_cols":5,"rows_kept":88,"cut":false,"hidden":false,"merged":[]}
["Shivshanker Kirana& Fert."]
["Gandhi Gunj, Bhainsa."]
["Seed L.No. ADB/16/JDA/SD/2016/5963"]
["Pest.L.No. 88/1978"]
["Fert W.L.No.ADB/16/ADA/FW/2013/2994"]
["Fert. R.L.No.ADB/16/ADA/FR/2013/8618"]
["GSTIN/UIN:36AABHB0739C1ZX"]
["Telangana - 504103, India"]
["Bayer"]
["Stock Summary"]
["1-Apr-20 to 31-Mar-21"]
["","Bayer"]
["","Shivshanker Kirana& Fert.BNS 20-21"]
["Particulars","1-Apr-20 to 31-Mar-21"]
["","Opening Balance","Inwards","Outwards","Closing Balance"]
["NAME","Quantity","Quantity","Quantity","Quantity"]
["Admir 2gm",null,32,20,12]
["Admire 150gm (209)",17,120,131,6]
["Admire Bayer 75gm(211)",41,120,144,17]
["Agenda Bayer 100ml"]
["Alanto 250ml",null,5,null,5]
["Aliette 250 Gm (224)",17,40,57]
["Aliette Bayer 500gm",null,10,10]
["Antracol 1kg",null,470,458,12]
["Antracol 250gm*40",null,120,116,4]
["Antracol 500gm (215)",10,460,460,10]
["Confidor 50ml Bayer",null,40,40]
["Confidor Bayer 100ml",10,3699,3735,-26]
["Confidor Bayer 1lt(126)",null,150,150]
["Confidor Bayer 250ml (132)",null,3475,3480,-5]
["Confidor Bayer 500ml (128)",6,1383,1385,4]
["Council 90gm Bayer",null,5,5]
["Decies 250ml (222)",null,396,36,360]
["Decis 100ml (230)",97,50,63,84]
["Evergol Xtend 100 Ml",null,157,157]
["Evergol Xtend 40ml*100",null,500,375,125]
["Fame 100ml (159)",9,3960,3485,484]
["Fame 10ml (168)",8,1000,1007,1]
["Fame 250ml",null,16,12,4]
["Fame 50ml (164)",null,7177,6364,813]
["Folicure Bayer 250ml",null,82,82]
["Foost 250gm",null,896,990,-94]
["Foost 500 Gm(185)",212,4812,4458,566]
["Gaucho 100ml",66,370,381,55]
["Gaucho 50 Ml",null,120,108,12]
["Jump 2gm",null,1630,1613,17]
["Jump 40gm",null,240,240]
["Larvin 1kg (140)",6,21,16,11]
["Larvin 250gm",null,40,39,1]
["Larvin 500gm (142)",3,42,50,-5]
["Laudies 115ml (194)",28,3455,3283,200]
["Laudies 230ml (190)",3,585,543,45]
["Laudies 57ml(197)",5,1040,1027,18]
["Lesenta 100gm (156)",null,400,370,30]
["Lesenta 250gm (179)",10,60,50,20]
["Lesenta 40gm",7,100,32,75]
["Movento Bayer 1lt",12,10,17,5]
["Movento Bayer 250ml",null,200,195,5]
["Nativo 100gm*50 (200)",8,4007,3878,137]
["Nativo 10 Gm",null,30,2,28]
["Nativo 250gm",null,648,621,27]
["Nativo 500gm Bayer",7,40,40,7]
["NATIVO 50GM",26,100,66,60]
["Oberan Bayer 1lt",null,90,90]
["Oberon Bayer 200ml*40",null,90,90]
["Planofix 100ml*50",22,750,730,42]
["Regent Bayer 1lt (170)",4,4641,4632,13]
["Regent Bayer 250ml",21,1940,1960,1]
["Regent Bayer 500ml (173)",null,4841,4845,-4]
["Regent Gold 100ml (220)",17,51,67,1]
["Regent Gold 250ml (218)",20,81,93,8]
["Regent Granuals  4kg",null,203,163,40]
["Section 1kg (183)",null,40,40]
["Section 600gm (203)",32,null,32]
["Simbola 100gm (207)",7,70,22,55]
["Sivanto 250ml",30,null,30]
["Sivento 1 Lt",7,null,1,6]
["Sivento 500ml",15,null,2,13]
["Soloman 1lt",null,83,84,-1]
["Soloman 250 Gm (233)",41,80,74,47]
["Soloman 500ml*20 (235)",null,80,81,-1]
["SPINTER 75ML",21,null,null,21]
["Sunrice Bayer 50gm",50,null,50]
["Super Confider Bayar 500ml(148)",24,363,373,14]
["Super Confidor 100ml (236)",null,1200,1198,2]
["Super Confidor 250ml (151)",14,1207,1205,16]
["Super Confidor 50ml (288)",null,245,241,4]
["Total",{"$f":"SUM(B17:B87)","v":933},58368,55894,3407]

{"sheet":"Dealer Report working","index":2,"n_rows":73,"n_cols":14,"rows_kept":73,"cut":false,"hidden":false,"merged":[]}
["Particulars","Opening Qty","Purchase Qty","Sales Qty","CLSG","Master Name",null,null,null,null,"Values"]
["Admir 2gm",null,32,20,12,"ADMIRE WG70 125X(8X2GR) BAG IN",null,null,null,"Row Labels","Sum of Opening Qty","Sum of Purchase Qty","Sum of Sales Qty","Sum of CLSG"]
["Admire 150gm (209)",17,120,131,6,"ADMIRE (T) WG70 30X150GR BOT IN",null,null,null,"ADMIRE (T) WG70 30X150GR BOT IN",17,120,131,6]
["Admire Bayer 75gm(211)",41,120,144,17,"ADMIRE (T) WG70 60X75GR BOT IN",null,null,null,"ADMIRE (T) WG70 60X75GR BOT IN",41,120,144,17]
["Agenda Bayer 100ml",null,null,null,null,"AGENDA EC25 50X100ML BOT IN",null,null,null,"ADMIRE WG70 125X(8X2GR) BAG IN",null,32,20,12]
["Alanto 250ml",null,5,null,5,"ALANTO (T) SC240 40X250ML BOT IN",null,null,null,"AGENDA EC25 50X100ML BOT IN"]
["Aliette 250 Gm (224)",17,40,57,null,"ALANTO (T) SC240 40X250ML BOT IN",null,null,null,"ALANTO (T) SC240 40X250ML BOT IN",17,45,57,5]
["Aliette Bayer 500gm",null,10,10,null,"ALIETTE WP80 20X500GR BAG IN",null,null,null,"ALIETTE WP80 20X500GR BAG IN",null,10,10]
["Antracol 1kg",null,470,458,12,"ANTRACOL (T) WP70 10X1KG BAG IN",null,null,null,"ANTRACOL (T) WP70 10X1KG BAG IN",null,470,458,12]
["Antracol 250gm*40",null,120,116,4,"ANTRACOL (T) WP70 40X250GR BAG IN",null,null,null,"ANTRACOL (T) WP70 20X500GR BAG IN",10,460,460,10]
["Antracol 500gm (215)",10,460,460,10,"ANTRACOL (T) WP70 20X500GR BAG IN",null,null,null,"ANTRACOL (T) WP70 40X250GR BAG IN",null,120,116,4]
["Confidor 50ml Bayer",null,40,40,null,"CONFIDOR (T) SL200 100X50ML BOT IN",null,null,null,"CONFIDOR (T) SL200 100X50ML BOT IN",null,40,40]
["Confidor Bayer 100ml",10,3699,3735,-26,"CONFIDOR (T) SL200 50X100ML BOT IN",null,null,null,"CONFIDOR (T) SL200 10X1L BOT IN",null,150,150]
["Confidor Bayer 1lt(126)",null,150,150,null,"CONFIDOR (T) SL200 10X1L BOT IN",null,null,null,"CONFIDOR (T) SL200 20X250ML BOT IN",null,3475,3480,-5]
["Confidor Bayer 250ml (132)",null,3475,3480,-5,"CONFIDOR (T) SL200 20X250ML BOT IN",null,null,null,"CONFIDOR (T) SL200 20X500ML BOT IN",6,1383,1385,4]
["Confidor Bayer 500ml (128)",6,1383,1385,4,"CONFIDOR (T) SL200 20X500ML BOT IN",null,null,null,"CONFIDOR (T) SL200 50X100ML BOT IN",10,3699,3735,-26]
["Council 90gm Bayer",null,5,5,null,"COUNCIL ACTIV WG30 12X(5X90GR) BOX IN",null,null,null,"CONFIDOR SUPER (T) SC350 20X250ML BOT IN",14,1207,1205,16]
["Decies 250ml (222)",null,396,36,360,"DECIS EC 28 40X250ML BOT IN",null,null,null,"CONFIDOR SUPER (T) SC350 20X500ML BOT IN",24,363,373,14]
["Decis 100ml (230)",97,50,63,84,"DECIS EC 28 50X100ML BOT IN",null,null,null,"CONFIDOR SUPER (T) SC350 50X100ML BOT IN",null,1200,1198,2]
["Evergol Xtend 100 Ml",null,157,157,null,"EVERGOL XTEND FS308 50X100ML BOT IN",null,null,null,"CONFIDOR SUPER (T) SC350 50X50ML BOT IN",null,245,241,4]
["Evergol Xtend 40ml*100",null,500,375,125,"EVERGOL XTEND FS308 100X40ML BOT IN",null,null,null,"COUNCIL ACTIV WG30 12X(5X90GR) BOX IN",null,5,5]
["Fame 100ml (159)",9,3960,3485,484,"FAME (T) SC480 20X100ML BOT IN",null,null,null,"DECIS EC 28 40X250ML BOT IN",null,396,36,360]
["Fame 10ml (168)",8,1000,1007,1,"FAME (T) SC480 10X(20X10ML) BOT IN",null,null,null,"DECIS EC 28 50X100ML BOT IN",97,50,63,84]
["Fame 250ml",null,16,12,4,"FAME (T) SC480 8X250ML BOT IN",null,null,null,"EVERGOL XTEND FS308 100X40ML BOT IN",null,500,375,125]
["Fame 50ml (164)",null,7177,6364,813,"FAME (T) SC480 40X50ML BOT IN",null,null,null,"EVERGOL XTEND FS308 50X100ML BOT IN",null,157,157]
["Folicure Bayer 250ml",null,82,82,null,"FOLICUR (T) EC250 40X250ML BOT IN",null,null,null,"FAME (T) SC480 10X(20X10ML) BOT IN",8,1000,1007,1]
["Foost 250gm",null,896,990,-94,"FOOST WP50 20X250G BAG IN",null,null,null,"FAME (T) SC480 20X100ML BOT IN",9,3960,3485,484]
["Foost 500 Gm(185)",212,4812,4458,566,"FOOST WP50 24X500G BAG IN",null,null,null,"FAME (T) SC480 40X50ML BOT IN",null,7177,6364,813]
["Gaucho 100ml",66,370,381,55,"GAUCHO FS600 50X100ML BOT IN",null,null,null,"FAME (T) SC480 8X250ML BOT IN",null,16,12,4]
["Gaucho 50 Ml",null,120,108,12,"GAUCHO FS600 100X50ML BOT IN",null,null,null,"FOLICUR (T) EC250 40X250ML BOT IN",null,82,82]
["Jump 2gm",null,1630,1613,17,"JUMP WG80 160X(10X2GR) BAG IN",null,null,null,"FOOST WP50 20X250G BAG IN",null,896,990,-94]
["Jump 40gm",null,240,240,null,"JUMP WG80 80X40GR BAG IN",null,null,null,"FOOST WP50 24X500G BAG IN",212,4812,4458,566]
["Larvin 1kg (140)",6,21,16,11,"LARVIN (T) WP75 10X1KG BAG IN",null,null,null,"GAUCHO FS600 100X50ML BOT IN",null,120,108,12]
["Larvin 250gm",null,40,39,1,"LARVIN (T) WP75 20X250GR BAG IN",null,null,null,"GAUCHO FS600 50X100ML BOT IN",66,370,381,55]
["Larvin 500gm (142)",3,42,50,-5,"LARVIN (T) WP75 20X500GR BAG IN",null,null,null,"JUMP WG80 160X(10X2GR) BAG IN",null,1630,1613,17]
["Laudies 115ml (194)",28,3455,3283,200,"LAUDIS SC630 8X115ML BOT IN",null,null,null,"JUMP WG80 80X40GR BAG IN",null,240,240]
["Laudies 230ml (190)",3,585,543,45,"LAUDIS SC630 3X230ML BOT IN",null,null,null,"LARVIN (T) WP75 10X1KG BAG IN",6,21,16,11]
["Laudies 57ml(197)",5,1040,1027,18,"LAUDIS SC630 10X57.5ML BOT IN",null,null,null,"LARVIN (T) WP75 20X250GR BAG IN",null,40,39,1]
["Lesenta 100gm (156)",null,400,370,30,"LESENTA WG80 50X100GR BAG IN",null,null,null,"LARVIN (T) WP75 20X500GR BAG IN",3,42,50,-5]
["Lesenta 250gm (179)",10,60,50,20,"LESENTA WG80 20X250GR BAG IN",null,null,null,"LAUDIS SC630 10X57.5ML BOT IN",5,1040,1027,18]
["Lesenta 40gm",7,100,32,75,"LESENTA WG80 100X40GR BAG IN",null,null,null,"LAUDIS SC630 3X230ML BOT IN",3,585,543,45]
["Movento Bayer 1lt",12,10,17,5,"MOVENTO OD150 10X1L BOT IN",null,null,null,"LAUDIS SC630 8X115ML BOT IN",28,3455,3283,200]
["Movento Bayer 250ml",null,200,195,5,"MOVENTO OD150 40X250ML BOT IN",null,null,null,"LESENTA WG80 100X40GR BAG IN",7,100,32,75]
["Nativo 100gm*50 (200)",8,4007,3878,137,"NATIVO WG75 50X100GR BAG IN",null,null,null,"LESENTA WG80 20X250GR BAG IN",10,60,50,20]
["Nativo 10 Gm",null,30,2,28,"NATIVO WG75 20X(10X10GR) BAG IN",null,null,null,"LESENTA WG80 50X100GR BAG IN",null,400,370,30]
["Nativo 250gm",null,648,621,27,"NATIVO WG75 40X250GR BAG IN",null,null,null,"MOVENTO OD150 10X1L BOT IN",12,10,17,5]
["Nativo 500gm Bayer",7,40,40,7,"NATIVO WG75 20X500GR BAG IN",null,null,null,"MOVENTO OD150 40X250ML BOT IN",null,200,195,5]
["NATIVO 50GM",26,100,66,60,"NATIVO WG75 100X50GR BAG IN",null,null,null,"NATIVO WG75 100X50GR BAG IN",26,100,66,60]
["Oberan Bayer 1lt",null,90,90,null,"OBERON (T) SC240 10X1L BOT IN",null,null,null,"NATIVO WG75 20X(10X10GR) BAG IN",null,30,2,28]
["Oberon Bayer 200ml*40",null,90,90,null,"OBERON (T) SC240 40X200ML BOT IN",null,null,null,"NATIVO WG75 20X500GR BAG IN",7,40,40,7]
["Planofix 100ml*50",22,750,730,42,"PLANOFIX SL4 5 50X100ML BOT IN",null,null,null,"NATIVO WG75 40X250GR BAG IN",null,648,621,27]
["Regent Bayer 1lt (170)",4,4641,4632,13,"REGENT (T) SC50 10X1L BOT IN",null,null,null,"NATIVO WG75 50X100GR BAG IN",8,4007,3878,137]
["Regent Bayer 250ml",21,1940,1960,1,"REGENT (T) SC50 20X250ML BOT IN",null,null,null,"OBERON (T) SC240 10X1L BOT IN",null,90,90]
["Regent Bayer 500ml (173)",null,4841,4845,-4,"REGENT (T) SC50 20X500ML BOT IN",null,null,null,"OBERON (T) SC240 40X200ML BOT IN",null,90,90]
["Regent Gold 100ml (220)",17,51,67,1,"REGENT GOLD SC200 50X100ML BOT IN",null,null,null,"PLANOFIX SL4 5 50X100ML BOT IN",22,750,730,42]
["Regent Gold 250ml (218)",20,81,93,8,"REGENT GOLD SC200 40X250ML BOT IN",null,null,null,"REGENT (T) SC50 10X1L BOT IN",4,4641,4632,13]
["Regent Granuals  4kg",null,203,163,40,"REGENT ULTRA GR0 6 5X4KG BAG IN",null,null,null,"REGENT (T) SC50 20X250ML BOT IN",21,1940,1960,1]
["Section 1kg (183)",null,40,40,null,"SECTIN WG60 10X1KG BAG IN",null,null,null,"REGENT (T) SC50 20X500ML BOT IN",null,4841,4845,-4]
["Section 600gm (203)",32,null,32,null,"SECTIN WG60 20X600GR BAG IN",null,null,null,"REGENT GOLD SC200 40X250ML BOT IN",20,81,93,8]
["Simbola 100gm (207)",7,70,22,55,"SIMBOLA (T) SG20 50X100G BOT IN",null,null,null,"REGENT GOLD SC200 50X100ML BOT IN",17,51,67,1]
["Sivanto 250ml",30,null,30,null,"SIVANTO PRIME SL200 40X250ML BOT IN",null,null,null,"REGENT ULTRA GR0 6 5X4KG BAG IN",null,203,163,40]
["Sivento 1 Lt",7,null,1,6,"SIVANTO PRIME SL200 10X1L BOT IN",null,null,null,"SECTIN WG60 10X1KG BAG IN",null,40,40]
["Sivento 500ml",15,null,2,13,"SIVANTO PRIME SL200 20X500ML BOT IN",null,null,null,"SECTIN WG60 20X600GR BAG IN",32,null,32]
["Soloman 1lt",null,83,84,-1,"SOLOMON OD300 10X1L BOT IN",null,null,null,"SIMBOLA (T) SG20 50X100G BOT IN",7,70,22,55]
["Soloman 250 Gm (233)",41,80,74,47,"SOLOMON OD300 40X250ML BOT IN",null,null,null,"SIVANTO PRIME SL200 10X1L BOT IN",7,null,1,6]
["Soloman 500ml*20 (235)",null,80,81,-1,"SOLOMON OD300 20X500ML BOT IN",null,null,null,"SIVANTO PRIME SL200 20X500ML BOT IN",15,null,2,13]
["SPINTER 75ML",21,null,null,21,"SPINTOR SC495 20X75ML BOT IN",null,null,null,"SIVANTO PRIME SL200 40X250ML BOT IN",30,null,30]
["Sunrice Bayer 50gm",50,null,50,null,"SUNRICE WG15 100X50GR BOT IN",null,null,null,"SOLOMON OD300 10X1L BOT IN",null,83,84,-1]
["Super Confider Bayar 500ml(148)",24,363,373,14,"CONFIDOR SUPER (T) SC350 20X500ML BOT IN",null,null,null,"SOLOMON OD300 20X500ML BOT IN",null,80,81,-1]
["Super Confidor 100ml (236)",null,1200,1198,2,"CONFIDOR SUPER (T) SC350 50X100ML BOT IN",null,null,null,"SOLOMON OD300 40X250ML BOT IN",41,80,74,47]
["Super Confidor 250ml (151)",14,1207,1205,16,"CONFIDOR SUPER (T) SC350 20X250ML BOT IN",null,null,null,"SPINTOR SC495 20X75ML BOT IN",21,null,null,21]
["Super Confidor 50ml (288)",null,245,241,4,"CONFIDOR SUPER (T) SC350 50X50ML BOT IN",null,null,null,"SUNRICE WG15 100X50GR BOT IN",50,null,50]
[null,null,null,null,null,null,null,null,null,"Grand Total",933,58368,55894,3407]

{"sheet":"Master","index":3,"n_rows":72,"n_cols":2,"rows_kept":72,"cut":false,"hidden":false,"merged":[]}
["Item Details","Master Name"]
["Admir 2gm","ADMIRE WG70 125X(8X2GR) BAG IN"]
["Admire 150gm (209)","ADMIRE (T) WG70 30X150GR BOT IN"]
["Admire Bayer 75gm(211)","ADMIRE (T) WG70 60X75GR BOT IN"]
["Agenda Bayer 100ml","AGENDA EC25 50X100ML BOT IN"]
["Alanto 250ml","ALANTO (T) SC240 40X250ML BOT IN"]
["Aliette 250 Gm (224)","ALANTO (T) SC240 40X250ML BOT IN"]
["Aliette Bayer 500gm","ALIETTE WP80 20X500GR BAG IN"]
["Antracol 1kg","ANTRACOL (T) WP70 10X1KG BAG IN"]
["Antracol 250gm*40","ANTRACOL (T) WP70 40X250GR BAG IN"]
["Antracol 500gm (215)","ANTRACOL (T) WP70 20X500GR BAG IN"]
["Confidor 50ml Bayer","CONFIDOR (T) SL200 100X50ML BOT IN"]
["Confidor Bayer 100ml","CONFIDOR (T) SL200 50X100ML BOT IN"]
["Confidor Bayer 1lt(126)","CONFIDOR (T) SL200 10X1L BOT IN"]
["Confidor Bayer 250ml (132)","CONFIDOR (T) SL200 20X250ML BOT IN"]
["Confidor Bayer 500ml (128)","CONFIDOR (T) SL200 20X500ML BOT IN"]
["Council 90gm Bayer","COUNCIL ACTIV WG30 12X(5X90GR) BOX IN"]
["Decies 250ml (222)","DECIS EC 28 40X250ML BOT IN"]
["Decis 100ml (230)","DECIS EC 28 50X100ML BOT IN"]
["Evergol Xtend 100 Ml","EVERGOL XTEND FS308 50X100ML BOT IN"]
["Evergol Xtend 40ml*100","EVERGOL XTEND FS308 100X40ML BOT IN"]
["Fame 100ml (159)","FAME (T) SC480 20X100ML BOT IN"]
["Fame 10ml (168)","FAME (T) SC480 10X(20X10ML) BOT IN"]
["Fame 250ml","FAME (T) SC480 8X250ML BOT IN"]
["Fame 50ml (164)","FAME (T) SC480 40X50ML BOT IN"]
["Folicure Bayer 250ml","FOLICUR (T) EC250 40X250ML BOT IN"]
["Foost 250gm","FOOST WP50 20X250G BAG IN"]
["Foost 500 Gm(185)","FOOST WP50 24X500G BAG IN"]
["Gaucho 100ml","GAUCHO FS600 50X100ML BOT IN"]
["Gaucho 50 Ml","GAUCHO FS600 100X50ML BOT IN"]
["Jump 2gm","JUMP WG80 160X(10X2GR) BAG IN"]
["Jump 40gm","JUMP WG80 80X40GR BAG IN"]
["Larvin 1kg (140)","LARVIN (T) WP75 10X1KG BAG IN"]
["Larvin 250gm","LARVIN (T) WP75 20X250GR BAG IN"]
["Larvin 500gm (142)","LARVIN (T) WP75 20X500GR BAG IN"]
["Laudies 115ml (194)","LAUDIS SC630 8X115ML BOT IN"]
["Laudies 230ml (190)","LAUDIS SC630 3X230ML BOT IN"]
["Laudies 57ml(197)","LAUDIS SC630 10X57.5ML BOT IN"]
["Lesenta 100gm (156)","LESENTA WG80 50X100GR BAG IN"]
["Lesenta 250gm (179)","LESENTA WG80 20X250GR BAG IN"]
["Lesenta 40gm","LESENTA WG80 100X40GR BAG IN"]
["Movento Bayer 1lt","MOVENTO OD150 10X1L BOT IN"]
["Movento Bayer 250ml","MOVENTO OD150 40X250ML BOT IN"]
["Nativo 100gm*50 (200)","NATIVO WG75 50X100GR BAG IN"]
["Nativo 10 Gm","NATIVO WG75 20X(10X10GR) BAG IN"]
["Nativo 250gm","NATIVO WG75 40X250GR BAG IN"]
["Nativo 500gm Bayer","NATIVO WG75 20X500GR BAG IN"]
["NATIVO 50GM","NATIVO WG75 100X50GR BAG IN"]
["Oberan Bayer 1lt","OBERON (T) SC240 10X1L BOT IN"]
["Oberon Bayer 200ml*40","OBERON (T) SC240 40X200ML BOT IN"]
["Planofix 100ml*50","PLANOFIX SL4 5 50X100ML BOT IN"]
["Regent Bayer 1lt (170)","REGENT (T) SC50 10X1L BOT IN"]
["Regent Bayer 250ml","REGENT (T) SC50 20X250ML BOT IN"]
["Regent Bayer 500ml (173)","REGENT (T) SC50 20X500ML BOT IN"]
["Regent Gold 100ml (220)","REGENT GOLD SC200 50X100ML BOT IN"]
["Regent Gold 250ml (218)","REGENT GOLD SC200 40X250ML BOT IN"]
["Regent Granuals  4kg","REGENT ULTRA GR0 6 5X4KG BAG IN"]
["Section 1kg (183)","SECTIN WG60 10X1KG BAG IN"]
["Section 600gm (203)","SECTIN WG60 20X600GR BAG IN"]
["Simbola 100gm (207)","SIMBOLA (T) SG20 50X100G BOT IN"]
["Sivanto 250ml","SIVANTO PRIME SL200 40X250ML BOT IN"]
["Sivento 1 Lt","SIVANTO PRIME SL200 10X1L BOT IN"]
["Sivento 500ml","SIVANTO PRIME SL200 20X500ML BOT IN"]
["Soloman 1lt","SOLOMON OD300 10X1L BOT IN"]
["Soloman 250 Gm (233)","SOLOMON OD300 40X250ML BOT IN"]
["Soloman 500ml*20 (235)","SOLOMON OD300 20X500ML BOT IN"]
["SPINTER 75ML","SPINTOR SC495 20X75ML BOT IN"]
["Sunrice Bayer 50gm","SUNRICE WG15 100X50GR BOT IN"]
["Super Confider Bayar 500ml(148)","CONFIDOR SUPER (T) SC350 20X500ML BOT IN"]
["Super Confidor 100ml (236)","CONFIDOR SUPER (T) SC350 50X100ML BOT IN"]
["Super Confidor 250ml (151)","CONFIDOR SUPER (T) SC350 20X250ML BOT IN"]
["Super Confidor 50ml (288)","CONFIDOR SUPER (T) SC350 50X50ML BOT IN"]

{"sheet":"Final Dealer Work","index":4,"n_rows":73,"n_cols":14,"rows_kept":73,"cut":false,"hidden":false,"merged":[]}
[]
[null,"PRODUCT","ITEMALIAS","Bpc","Volume","Opening Qty","Purchase Qty","Purchase Return Qty","Sales Qty","Sales Return Qty","Transfer Qty","Consignment Qty","Adjustment Qty","CLSG"]
[null,"ADMIRE (T) WG70 30X150GR BOT IN",null,null,null,17,120,0,131,0,0,0,0,6]
[null,"ADMIRE (T) WG70 60X75GR BOT IN",null,null,null,41,120,0,144,0,0,0,0,17]
[null,"ADMIRE WG70 125X(8X2GR) BAG IN",null,null,null,0,32,0,20,0,0,0,0,12]
[null,"AGENDA EC25 50X100ML BOT IN",null,null,null,0,0,0,0,0,0,0,0,0]
[null,"ALANTO (T) SC240 40X250ML BOT IN",null,null,null,17,45,0,57,0,0,0,0,5]
[null,"ALIETTE WP80 20X500GR BAG IN",null,null,null,0,10,0,10,0,0,0,0,0]
[null,"ANTRACOL (T) WP70 10X1KG BAG IN",null,null,null,0,470,0,458,0,0,0,0,12]
[null,"ANTRACOL (T) WP70 20X500GR BAG IN",null,null,null,10,460,0,460,0,0,0,0,10]
[null,"ANTRACOL (T) WP70 40X250GR BAG IN",null,null,null,0,120,0,116,0,0,0,0,4]
[null,"CONFIDOR (T) SL200 100X50ML BOT IN",null,null,null,0,40,0,40,0,0,0,0,0]
[null,"CONFIDOR (T) SL200 10X1L BOT IN",null,null,null,0,150,0,150,0,0,0,0,0]
[null,"CONFIDOR (T) SL200 20X250ML BOT IN",null,null,null,0,3475,0,3480,0,0,0,0,-5]
[null,"CONFIDOR (T) SL200 20X500ML BOT IN",null,null,null,6,1383,0,1385,0,0,0,0,4]
[null,"CONFIDOR (T) SL200 50X100ML BOT IN",null,null,null,10,3699,0,3735,0,0,0,0,-26]
[null,"CONFIDOR SUPER (T) SC350 20X250ML BOT IN",null,null,null,14,1207,0,1205,0,0,0,0,16]
[null,"CONFIDOR SUPER (T) SC350 20X500ML BOT IN",null,null,null,24,363,0,373,0,0,0,0,14]
[null,"CONFIDOR SUPER (T) SC350 50X100ML BOT IN",null,null,null,0,1200,0,1198,0,0,0,0,2]
[null,"CONFIDOR SUPER (T) SC350 50X50ML BOT IN",null,null,null,0,245,0,241,0,0,0,0,4]
[null,"COUNCIL ACTIV WG30 12X(5X90GR) BOX IN",null,null,null,0,5,0,5,0,0,0,0,0]
[null,"DECIS EC 28 40X250ML BOT IN",null,null,null,0,396,0,36,0,0,0,0,360]
[null,"DECIS EC 28 50X100ML BOT IN",null,null,null,97,50,0,63,0,0,0,0,84]
[null,"EVERGOL XTEND FS308 100X40ML BOT IN",null,null,null,0,500,0,375,0,0,0,0,125]
[null,"EVERGOL XTEND FS308 50X100ML BOT IN",null,null,null,0,157,0,157,0,0,0,0,0]
[null,"FAME (T) SC480 10X(20X10ML) BOT IN",null,null,null,8,1000,0,1007,0,0,0,0,1]
[null,"FAME (T) SC480 20X100ML BOT IN",null,null,null,9,3960,0,3485,0,0,0,0,484]
[null,"FAME (T) SC480 40X50ML BOT IN",null,null,null,0,7177,0,6364,0,0,0,0,813]
[null,"FAME (T) SC480 8X250ML BOT IN",null,null,null,0,16,0,12,0,0,0,0,4]
[null,"FOLICUR (T) EC250 40X250ML BOT IN",null,null,null,0,82,0,82,0,0,0,0,0]
[null,"FOOST WP50 20X250G BAG IN",null,null,null,0,896,0,990,0,0,0,0,-94]
[null,"FOOST WP50 24X500G BAG IN",null,null,null,212,4812,0,4458,0,0,0,0,566]
[null,"GAUCHO FS600 100X50ML BOT IN",null,null,null,0,120,0,108,0,0,0,0,12]
[null,"GAUCHO FS600 50X100ML BOT IN",null,null,null,66,370,0,381,0,0,0,0,55]
[null,"JUMP WG80 160X(10X2GR) BAG IN",null,null,null,0,1630,0,1613,0,0,0,0,17]
[null,"JUMP WG80 80X40GR BAG IN",null,null,null,0,240,0,240,0,0,0,0,0]
[null,"LARVIN (T) WP75 10X1KG BAG IN",null,null,null,6,21,0,16,0,0,0,0,11]
[null,"LARVIN (T) WP75 20X250GR BAG IN",null,null,null,0,40,0,39,0,0,0,0,1]
[null,"LARVIN (T) WP75 20X500GR BAG IN",null,null,null,3,42,0,50,0,0,0,0,-5]
[null,"LAUDIS SC630 10X57.5ML BOT IN",null,null,null,5,1040,0,1027,0,0,0,0,18]
[null,"LAUDIS SC630 3X230ML BOT IN",null,null,null,3,585,0,543,0,0,0,0,45]
[null,"LAUDIS SC630 8X115ML BOT IN",null,null,null,28,3455,0,3283,0,0,0,0,200]
[null,"LESENTA WG80 100X40GR BAG IN",null,null,null,7,100,0,32,0,0,0,0,75]
[null,"LESENTA WG80 20X250GR BAG IN",null,null,null,10,60,0,50,0,0,0,0,20]
[null,"LESENTA WG80 50X100GR BAG IN",null,null,null,0,400,0,370,0,0,0,0,30]
[null,"MOVENTO OD150 10X1L BOT IN",null,null,null,12,10,0,17,0,0,0,0,5]
[null,"MOVENTO OD150 40X250ML BOT IN",null,null,null,0,200,0,195,0,0,0,0,5]
[null,"NATIVO WG75 100X50GR BAG IN",null,null,null,26,100,0,66,0,0,0,0,60]
[null,"NATIVO WG75 20X(10X10GR) BAG IN",null,null,null,0,30,0,2,0,0,0,0,28]
[null,"NATIVO WG75 20X500GR BAG IN",null,null,null,7,40,0,40,0,0,0,0,7]
[null,"NATIVO WG75 40X250GR BAG IN",null,null,null,0,648,0,621,0,0,0,0,27]
[null,"NATIVO WG75 50X100GR BAG IN",null,null,null,8,4007,0,3878,0,0,0,0,137]
[null,"OBERON (T) SC240 10X1L BOT IN",null,null,null,0,90,0,90,0,0,0,0,0]
[null,"OBERON (T) SC240 40X200ML BOT IN",null,null,null,0,90,0,90,0,0,0,0,0]
[null,"PLANOFIX SL4 5 50X100ML BOT IN",null,null,null,22,750,0,730,0,0,0,0,42]
[null,"REGENT (T) SC50 10X1L BOT IN",null,null,null,4,4641,0,4632,0,0,0,0,13]
[null,"REGENT (T) SC50 20X250ML BOT IN",null,null,null,21,1940,0,1960,0,0,0,0,1]
[null,"REGENT (T) SC50 20X500ML BOT IN",null,null,null,0,4841,0,4845,0,0,0,0,-4]
[null,"REGENT GOLD SC200 40X250ML BOT IN",null,null,null,20,81,0,93,0,0,0,0,8]
[null,"REGENT GOLD SC200 50X100ML BOT IN",null,null,null,17,51,0,67,0,0,0,0,1]
[null,"REGENT ULTRA GR0 6 5X4KG BAG IN",null,null,null,0,203,0,163,0,0,0,0,40]
[null,"SECTIN WG60 10X1KG BAG IN",null,null,null,0,40,0,40,0,0,0,0,0]
[null,"SECTIN WG60 20X600GR BAG IN",null,null,null,32,0,0,32,0,0,0,0,0]
[null,"SIMBOLA (T) SG20 50X100G BOT IN",null,null,null,7,70,0,22,0,0,0,0,55]
[null,"SIVANTO PRIME SL200 10X1L BOT IN",null,null,null,7,0,0,1,0,0,0,0,6]
[null,"SIVANTO PRIME SL200 20X500ML BOT IN",null,null,null,15,0,0,2,0,0,0,0,13]
[null,"SIVANTO PRIME SL200 40X250ML BOT IN",null,null,null,30,0,0,30,0,0,0,0,0]
[null,"SOLOMON OD300 10X1L BOT IN",null,null,null,0,83,0,84,0,0,0,0,-1]
[null,"SOLOMON OD300 20X500ML BOT IN",null,null,null,0,80,0,81,0,0,0,0,-1]
[null,"SOLOMON OD300 40X250ML BOT IN",null,null,null,41,80,0,74,0,0,0,0,47]
[null,"SPINTOR SC495 20X75ML BOT IN",null,null,null,21,0,0,0,0,0,0,0,21]
[null,"SUNRICE WG15 100X50GR BOT IN",null,null,null,50,0,0,50,0,0,0,0,0]
[null,"Grand Total",null,null,null,933,58368,0,55894,0,0,0,0,3407]

{"sheet":"Zylem SNS Report","index":5,"n_rows":83,"n_cols":13,"rows_kept":83,"cut":false,"hidden":false,"merged":[[1,0,1,12],[3,0,3,12],[4,0,4,12],[5,0,5,12],[6,0,6,12]]}
[]
["Company Name:-BAYER"]
["Stock and Sales FOR THE PERIOD 01-Apr-2020 TO 31-Mar-2021"]
["Generated on 6/10/2021 5:59:42 AM"]
["DISTRIBUTOR PRODUCTWISE"]
["OUTPUT IN : PIC,DETAILS AS : Column,CONSIDER : Voucher Date,INCLUDE VALIDATION : False"]
["DISTRIBUTOR:M/S Shiv Shankar KiranaandFertil,"]
["DISTRIBUTOR","SAPCODE","PRODUCT","ITEMALIAS","Opening Qty","Purchase Qty","Purchase Return Qty","Sales Qty","Sales Return Qty","Transfer Qty","Consignment Qty","Adjustment Qty","CLSG"]
["M/S Shiv Shankar KiranaandFertil",3902223,"ADMIRE (T) WG70 30X150GR BOT IN",79277857,17,120,0,131,0,0,0,0,6]
["M/S Shiv Shankar KiranaandFertil",3902223,"ADMIRE (T) WG70 60X75GR BOT IN",79297696,41,120,0,144,0,0,0,0,17]
["M/S Shiv Shankar KiranaandFertil",3902223,"ADMIRE WG70 125X(8X2GR) BAG IN",6101665,0,32,0,20,0,0,0,0,12]
["M/S Shiv Shankar KiranaandFertil",3902223,"ADUE WG70 6X100G BOT IN",80890362,0,0,0,0,0,0,0,0,0]
["M/S Shiv Shankar KiranaandFertil",3902223,"ALANTO (T) SC240 40X250ML BOT IN",79915713,17,65,20,57,0,0,0,0,5]
["M/S Shiv Shankar KiranaandFertil",3902223,"ALIETTE WP80 20X250GR BAG IN",3822358,0,0,0,0,0,0,0,0,0]
["M/S Shiv Shankar KiranaandFertil",3902223,"ALIETTE WP80 20X500GR BAG IN",3822366,0,10,0,10,0,0,0,0,0]
["M/S Shiv Shankar KiranaandFertil",3902223,"ANTRACOL (T) WP70 10X1KG BAG IN",6077322,0,470,0,466,8,0,0,0,12]
["M/S Shiv Shankar KiranaandFertil",3902223,"ANTRACOL (T) WP70 20X500GR BAG IN",5999978,10,460,0,460,0,0,0,0,10]
["M/S Shiv Shankar KiranaandFertil",3902223,"ANTRACOL (T) WP70 40X250GR BAG IN",6112179,0,120,0,116,0,0,0,0,4]
["M/S Shiv Shankar KiranaandFertil",3902223,"CONFIDOR (T) SL200 100X50ML BOT IN",5708361,0,40,0,40,0,0,0,0,0]
["M/S Shiv Shankar KiranaandFertil",3902223,"CONFIDOR (T) SL200 10X1L BOT IN",5697343,0,150,0,150,0,0,0,0,0]
["M/S Shiv Shankar KiranaandFertil",3902223,"CONFIDOR (T) SL200 20X250ML BOT IN",5699494,0,3735,260,3486,6,0,0,0,-5]
["M/S Shiv Shankar KiranaandFertil",3902223,"CONFIDOR (T) SL200 20X500ML BOT IN",5704439,6,1383,0,1385,0,0,0,0,4]
["M/S Shiv Shankar KiranaandFertil",3902223,"CONFIDOR (T) SL200 50X100ML BOT IN",5703475,10,4049,350,3790,55,0,0,0,-26]
["M/S Shiv Shankar KiranaandFertil",3902223,"CONFIDOR SUPER (T) SC350 20X250ML BOT IN",79710852,14,1206,0,1210,5,0,0,0,15]
["M/S Shiv Shankar KiranaandFertil",3902223,"CONFIDOR SUPER (T) SC350 20X500ML BOT IN",79734727,24,443,80,373,0,0,0,0,14]
["M/S Shiv Shankar KiranaandFertil",3902223,"CONFIDOR SUPER (T) SC350 50X100ML BOT IN",79735219,0,1850,650,1206,8,0,0,0,2]
["M/S Shiv Shankar KiranaandFertil",3902223,"CONFIDOR SUPER (T) SC350 50X50ML BOT IN",79985169,0,445,200,241,0,0,0,0,4]
["M/S Shiv Shankar KiranaandFertil",3902223,"COUNCIL ACTIV WG30 12X(5X90GR) BOX IN",80882629,0,5,0,5,0,0,0,0,0]
["M/S Shiv Shankar KiranaandFertil",3902223,"DECIS EC 28 40X250ML BOT IN",3823346,0,396,0,36,0,0,0,0,360]
["M/S Shiv Shankar KiranaandFertil",3902223,"EVERGOL XTEND FS308 100X40ML BOT IN",85402838,0,500,0,375,0,0,0,0,125]
["M/S Shiv Shankar KiranaandFertil",3902223,"EVERGOL XTEND FS308 50X100ML BOT IN",84065757,0,157,0,157,0,0,0,0,0]
["M/S Shiv Shankar KiranaandFertil",3902223,"FAME (T) SC480 10X(20X10ML) BOT IN",79305885,8,1000,0,1007,0,0,0,0,1]
["M/S Shiv Shankar KiranaandFertil",3902223,"FAME (T) SC480 20X100ML BOT IN",79266197,9,3960,0,3485,0,0,0,0,484]
["M/S Shiv Shankar KiranaandFertil",3902223,"FAME (T) SC480 40X50ML BOT IN",79224699,0,7257,80,6364,0,0,0,0,813]
["M/S Shiv Shankar KiranaandFertil",3902223,"FAME (T) SC480 8X250ML BOT IN",80183291,0,16,0,12,0,0,0,0,4]
["M/S Shiv Shankar KiranaandFertil",3902223,"FOLICUR (T) EC250 40X250ML BOT IN",79682271,0,82,0,82,0,0,0,0,0]
["M/S Shiv Shankar KiranaandFertil",3902223,"FOOST WP50 20X250G BAG IN",85760270,0,896,0,990,0,0,0,0,-94]
["M/S Shiv Shankar KiranaandFertil",3902223,"FOOST WP50 24X500G BAG IN",85811770,212,4811,0,4464,6,0,0,0,565]
["M/S Shiv Shankar KiranaandFertil",3902223,"GAUCHO FS600 100X50ML BOT IN",80034733,0,120,0,108,0,0,0,0,12]
["M/S Shiv Shankar KiranaandFertil",3902223,"GAUCHO FS600 50X100ML BOT IN",79664141,66,370,0,381,0,0,0,0,55]
["M/S Shiv Shankar KiranaandFertil",3902223,"JUMP WG80 160X(10X2GR) BAG IN",79215304,0,1630,0,1613,0,0,0,0,17]
["M/S Shiv Shankar KiranaandFertil",3902223,"JUMP WG80 80X40GR BAG IN",79267509,0,240,0,240,0,0,0,0,0]
["M/S Shiv Shankar KiranaandFertil",3902223,"LARVIN (T) WP75 10X1KG BAG IN",6005062,6,20,0,16,0,0,0,0,10]
["M/S Shiv Shankar KiranaandFertil",3902223,"LARVIN (T) WP75 20X250GR BAG IN",6003167,0,40,0,39,0,0,0,0,1]
["M/S Shiv Shankar KiranaandFertil",3902223,"LARVIN (T) WP75 20X500GR BAG IN",6005291,3,42,0,50,0,0,0,0,-5]
["M/S Shiv Shankar KiranaandFertil",3902223,"LAUDIS SC630 10X57.5ML BOT IN",84470481,5,1040,0,1027,0,0,0,0,18]
["M/S Shiv Shankar KiranaandFertil",3902223,"LAUDIS SC630 3X230ML BOT IN",80563523,3,585,0,544,1,0,0,0,45]
["M/S Shiv Shankar KiranaandFertil",3902223,"LAUDIS SC630 8X115ML BOT IN",80491085,28,3454,0,3287,4,0,0,0,199]
["M/S Shiv Shankar KiranaandFertil",3902223,"LESENTA WG80 100X40GR BAG IN",80500823,7,100,0,32,0,0,0,0,75]
["M/S Shiv Shankar KiranaandFertil",3902223,"LESENTA WG80 20X250GR BAG IN",80557817,10,60,0,53,3,0,0,0,20]
["M/S Shiv Shankar KiranaandFertil",3902223,"LESENTA WG80 50X100GR BAG IN",80503385,0,400,0,379,9,0,0,0,30]
["M/S Shiv Shankar KiranaandFertil",3902223,"MOVENTO OD150 10X1L BOT IN",81732884,12,10,0,18,1,0,0,0,5]
["M/S Shiv Shankar KiranaandFertil",3902223,"MOVENTO OD150 40X250ML BOT IN",81714150,0,200,0,205,10,0,0,0,5]
["M/S Shiv Shankar KiranaandFertil",3902223,"NATIVO WG75 100X50GR BAG IN",80580061,26,100,0,66,0,0,0,0,60]
["M/S Shiv Shankar KiranaandFertil",3902223,"NATIVO WG75 20X(10X10GR) BAG IN",80899920,0,30,0,2,0,0,0,0,28]
["M/S Shiv Shankar KiranaandFertil",3902223,"NATIVO WG75 20X500GR BAG IN",79198698,7,40,0,40,0,0,0,0,7]
["M/S Shiv Shankar KiranaandFertil",3902223,"NATIVO WG75 40X250GR BAG IN",79237790,0,648,0,622,1,0,0,0,27]
["M/S Shiv Shankar KiranaandFertil",3902223,"NATIVO WG75 50X100GR BAG IN",79304102,8,4007,0,3878,0,0,0,0,137]
["M/S Shiv Shankar KiranaandFertil",3902223,"OBERON (T) SC240 10X1L BOT IN",80209037,0,90,0,90,0,0,0,0,0]
["M/S Shiv Shankar KiranaandFertil",3902223,"OBERON (T) SC240 40X200ML BOT IN",79971362,0,90,0,90,0,0,0,0,0]
["M/S Shiv Shankar KiranaandFertil",3902223,"PLANOFIX SL4 5 50X100ML BOT IN",3825098,22,750,0,730,0,0,0,0,42]
["M/S Shiv Shankar KiranaandFertil",3902223,"REGENT (T) SC50 20X250ML BOT IN",5976951,21,1940,0,1968,8,0,0,0,1]
["M/S Shiv Shankar KiranaandFertil",3902223,"REGENT (T) SC50 20X500ML BOT IN",5987678,0,4841,0,4871,26,0,0,0,-4]
["M/S Shiv Shankar KiranaandFertil",3902223,"REGENT GOLD SC200 20X500ML BOT IN",81741565,0,0,0,0,0,0,0,0,0]
["M/S Shiv Shankar KiranaandFertil",3902223,"REGENT GOLD SC200 40X250ML BOT IN",84126616,20,80,0,93,0,0,0,0,7]
["M/S Shiv Shankar KiranaandFertil",3902223,"REGENT GOLD SC200 50X100ML BOT IN",84133965,17,50,0,67,0,0,0,0,0]
["M/S Shiv Shankar KiranaandFertil",3902223,"REGENT ULTRA GR0 6 5X4KG BAG IN",84093394,0,203,0,163,0,0,0,0,40]
["M/S Shiv Shankar KiranaandFertil",3902223,"REGENT ULTRA GR0.6 2X10KG BAG IN",85826182,0,0,0,0,0,0,0,0,0]
["M/S Shiv Shankar KiranaandFertil",3902223,"SECTIN WG60 10X1KG BAG IN",6132374,0,40,0,40,0,0,0,0,0]
["M/S Shiv Shankar KiranaandFertil",3902223,"SECTIN WG60 50X100GR BAG IN",5950812,0,0,0,0,0,0,0,0,0]
["M/S Shiv Shankar KiranaandFertil",3902223,"SIMBOLA (T) SG20 50X100G BOT IN",85767860,7,70,0,22,0,0,0,0,55]
["M/S Shiv Shankar KiranaandFertil",3902223,"SIVANTO PRIME SL200 10X1L BOT IN",80894104,7,0,0,1,0,0,0,0,6]
["M/S Shiv Shankar KiranaandFertil",3902223,"SIVANTO PRIME SL200 20X500ML BOT IN",80845782,15,0,0,2,0,0,0,0,13]
["M/S Shiv Shankar KiranaandFertil",3902223,"SIVANTO PRIME SL200 40X250ML BOT IN",80895909,30,0,0,30,0,0,0,0,0]
["M/S Shiv Shankar KiranaandFertil",3902223,"SOLOMON OD300 10X1L BOT IN",79637365,0,83,0,84,0,0,0,0,-1]
["M/S Shiv Shankar KiranaandFertil",3902223,"SOLOMON OD300 20X500ML BOT IN",79987870,0,80,0,81,0,0,0,0,-1]
["M/S Shiv Shankar KiranaandFertil",3902223,"SOLOMON OD300 40X250ML BOT IN",79706723,41,160,80,74,0,0,0,0,47]
["M/S Shiv Shankar KiranaandFertil",3902223,"SPINTOR SC495 20X75ML BOT IN",3826566,21,0,0,0,0,0,0,0,21]
["M/S Shiv Shankar KiranaandFertil",3902223,"SUNRICE WG15 100X50GR BOT IN",80219121,50,0,0,50,0,0,0,0,0]
["M/S Shiv Shankar KiranaandFertil",3902223,"DECIS EC 28 50X100ML BOT IN",3823311,97,50,0,63,0,0,0,0,84]
["M/S Shiv Shankar KiranaandFertil",3902223,"SECTIN WG60 20X600GR BAG IN",6000664,32,0,0,32,0,0,0,0,0]
["M/S Shiv Shankar KiranaandFertil",3902223,"REGENT (T) SC50 10X1L BOT IN",5962667,4,4640,0,4664,32,0,0,0,12]
["GRANDTOTAL",null,null,null,933,60081,1720,56077,183,0,0,0,3400]

{"sheet":"OPG","index":6,"n_rows":75,"n_cols":3,"rows_kept":75,"cut":false,"hidden":false,"merged":[]}
["ADMIRE (T) WG70 30X150GR BOT IN",{"$f":"VLOOKUP(A1,'[2]Product Master Sheet'!$B$2:$F$506,5,0)","v":14},17]
["ADMIRE (T) WG70 60X75GR BOT IN",{"$f":"VLOOKUP(A2,'[2]Product Master Sheet'!$B$2:$F$506,5,0)","v":15},41]
["ADMIRE WG70 125X(8X2GR) BAG IN",{"$f":"VLOOKUP(A3,'[2]Product Master Sheet'!$B$2:$F$506,5,0)","v":16},0]
["ADUE WG70 6X100G BOT IN",{"$f":"VLOOKUP(A4,'[2]Product Master Sheet'!$B$2:$F$506,5,0)","v":26},0]
["ALANTO (T) SC240 40X250ML BOT IN",{"$f":"VLOOKUP(A5,'[2]Product Master Sheet'!$B$2:$F$506,5,0)","v":29},17]
["ALIETTE WP80 20X250GR BAG IN",{"$f":"VLOOKUP(A6,'[2]Product Master Sheet'!$B$2:$F$506,5,0)","v":33},0]
["ALIETTE WP80 20X500GR BAG IN",{"$f":"VLOOKUP(A7,'[2]Product Master Sheet'!$B$2:$F$506,5,0)","v":34},0]
["ANTRACOL (T) WP70 10X1KG BAG IN",{"$f":"VLOOKUP(A8,'[2]Product Master Sheet'!$B$2:$F$506,5,0)","v":42},0]
["ANTRACOL (T) WP70 20X500GR BAG IN",{"$f":"VLOOKUP(A9,'[2]Product Master Sheet'!$B$2:$F$506,5,0)","v":43},10]
["ANTRACOL (T) WP70 40X250GR BAG IN",{"$f":"VLOOKUP(A10,'[2]Product Master Sheet'!$B$2:$F$506,5,0)","v":44},0]
["CONFIDOR (T) SL200 100X50ML BOT IN",{"$f":"VLOOKUP(A11,'[2]Product Master Sheet'!$B$2:$F$506,5,0)","v":112},0]
["CONFIDOR (T) SL200 10X1L BOT IN",{"$f":"VLOOKUP(A12,'[2]Product Master Sheet'!$B$2:$F$506,5,0)","v":113},0]
["CONFIDOR (T) SL200 20X250ML BOT IN",{"$f":"VLOOKUP(A13,'[2]Product Master Sheet'!$B$2:$F$506,5,0)","v":114},0]
["CONFIDOR (T) SL200 20X500ML BOT IN",{"$f":"VLOOKUP(A14,'[2]Product Master Sheet'!$B$2:$F$506,5,0)","v":115},6]
["CONFIDOR (T) SL200 50X100ML BOT IN",{"$f":"VLOOKUP(A15,'[2]Product Master Sheet'!$B$2:$F$506,5,0)","v":116},10]
["CONFIDOR SUPER (T) SC350 20X250ML BOT IN",{"$f":"VLOOKUP(A16,'[2]Product Master Sheet'!$B$2:$F$506,5,0)","v":118},14]
["CONFIDOR SUPER (T) SC350 20X500ML BOT IN",{"$f":"VLOOKUP(A17,'[2]Product Master Sheet'!$B$2:$F$506,5,0)","v":119},24]
["CONFIDOR SUPER (T) SC350 50X100ML BOT IN",{"$f":"VLOOKUP(A18,'[2]Product Master Sheet'!$B$2:$F$506,5,0)","v":120},0]
["CONFIDOR SUPER (T) SC350 50X50ML BOT IN",{"$f":"VLOOKUP(A19,'[2]Product Master Sheet'!$B$2:$F$506,5,0)","v":121},0]
["COUNCIL ACTIV WG30 12X(5X90GR) BOX IN",{"$f":"VLOOKUP(A20,'[2]Product Master Sheet'!$B$2:$F$506,5,0)","v":122},0]
["DECIS EC 28 40X250ML BOT IN",{"$f":"VLOOKUP(A21,'[2]Product Master Sheet'!$B$2:$F$506,5,0)","v":126},0]
["EVERGOL XTEND FS308 100X40ML BOT IN",{"$f":"VLOOKUP(A22,'[2]Product Master Sheet'!$B$2:$F$506,5,0)","v":139},0]
["EVERGOL XTEND FS308 50X100ML BOT IN",{"$f":"VLOOKUP(A23,'[2]Product Master Sheet'!$B$2:$F$506,5,0)","v":143},0]
["FAME (T) SC480 10X(20X10ML) BOT IN",{"$f":"VLOOKUP(A24,'[2]Product Master Sheet'!$B$2:$F$506,5,0)","v":144},8]
["FAME (T) SC480 20X100ML BOT IN",{"$f":"VLOOKUP(A25,'[2]Product Master Sheet'!$B$2:$F$506,5,0)","v":145},9]
["FAME (T) SC480 40X50ML BOT IN",{"$f":"VLOOKUP(A26,'[2]Product Master Sheet'!$B$2:$F$506,5,0)","v":146},0]
["FAME (T) SC480 8X250ML BOT IN",{"$f":"VLOOKUP(A27,'[2]Product Master Sheet'!$B$2:$F$506,5,0)","v":148},0]
["FOLICUR (T) EC250 40X250ML BOT IN",{"$f":"VLOOKUP(A28,'[2]Product Master Sheet'!$B$2:$F$506,5,0)","v":164},0]
["FOOST WP50 20X250G BAG IN",{"$f":"VLOOKUP(A29,'[2]Product Master Sheet'!$B$2:$F$506,5,0)","v":175},0]
["FOOST WP50 24X500G BAG IN",{"$f":"VLOOKUP(A30,'[2]Product Master Sheet'!$B$2:$F$506,5,0)","v":177},212]
["GAUCHO FS600 100X50ML BOT IN",{"$f":"VLOOKUP(A31,'[2]Product Master Sheet'!$B$2:$F$506,5,0)","v":179},0]
["GAUCHO FS600 50X100ML BOT IN",{"$f":"VLOOKUP(A32,'[2]Product Master Sheet'!$B$2:$F$506,5,0)","v":182},66]
["JUMP WG80 160X(10X2GR) BAG IN",{"$f":"VLOOKUP(A33,'[2]Product Master Sheet'!$B$2:$F$506,5,0)","v":199},0]
["JUMP WG80 80X40GR BAG IN",{"$f":"VLOOKUP(A34,'[2]Product Master Sheet'!$B$2:$F$506,5,0)","v":202},0]
["LARVIN (T) WP75 10X1KG BAG IN",{"$f":"VLOOKUP(A35,'[2]Product Master Sheet'!$B$2:$F$506,5,0)","v":204},6]
["LARVIN (T) WP75 20X250GR BAG IN",{"$f":"VLOOKUP(A36,'[2]Product Master Sheet'!$B$2:$F$506,5,0)","v":205},0]
["LARVIN (T) WP75 20X500GR BAG IN",{"$f":"VLOOKUP(A37,'[2]Product Master Sheet'!$B$2:$F$506,5,0)","v":206},3]
["LAUDIS SC630 10X57.5ML BOT IN",{"$f":"VLOOKUP(A38,'[2]Product Master Sheet'!$B$2:$F$506,5,0)","v":210},5]
["LAUDIS SC630 3X230ML BOT IN",{"$f":"VLOOKUP(A39,'[2]Product Master Sheet'!$B$2:$F$506,5,0)","v":211},3]
["LAUDIS SC630 8X115ML BOT IN",{"$f":"VLOOKUP(A40,'[2]Product Master Sheet'!$B$2:$F$506,5,0)","v":212},28]
["LESENTA WG80 100X40GR BAG IN",{"$f":"VLOOKUP(A41,'[2]Product Master Sheet'!$B$2:$F$506,5,0)","v":215},7]
["LESENTA WG80 20X250GR BAG IN",{"$f":"VLOOKUP(A42,'[2]Product Master Sheet'!$B$2:$F$506,5,0)","v":217},10]
["LESENTA WG80 50X100GR BAG IN",{"$f":"VLOOKUP(A43,'[2]Product Master Sheet'!$B$2:$F$506,5,0)","v":219},0]
["MOVENTO OD150 10X1L BOT IN",{"$f":"VLOOKUP(A44,'[2]Product Master Sheet'!$B$2:$F$506,5,0)","v":275},12]
["MOVENTO OD150 40X250ML BOT IN",{"$f":"VLOOKUP(A45,'[2]Product Master Sheet'!$B$2:$F$506,5,0)","v":277},0]
["NATIVO WG75 100X50GR BAG IN",{"$f":"VLOOKUP(A46,'[2]Product Master Sheet'!$B$2:$F$506,5,0)","v":289},26]
["NATIVO WG75 20X(10X10GR) BAG IN",{"$f":"VLOOKUP(A47,'[2]Product Master Sheet'!$B$2:$F$506,5,0)","v":291},0]
["NATIVO WG75 20X500GR BAG IN",{"$f":"VLOOKUP(A48,'[2]Product Master Sheet'!$B$2:$F$506,5,0)","v":292},7]
["NATIVO WG75 40X250GR BAG IN",{"$f":"VLOOKUP(A49,'[2]Product Master Sheet'!$B$2:$F$506,5,0)","v":293},0]
["NATIVO WG75 50X100GR BAG IN",{"$f":"VLOOKUP(A50,'[2]Product Master Sheet'!$B$2:$F$506,5,0)","v":294},8]
["OBERON (T) SC240 10X1L BOT IN",{"$f":"VLOOKUP(A51,'[2]Product Master Sheet'!$B$2:$F$506,5,0)","v":296},0]
["OBERON (T) SC240 40X200ML BOT IN",{"$f":"VLOOKUP(A52,'[2]Product Master Sheet'!$B$2:$F$506,5,0)","v":299},0]
["PLANOFIX SL4 5 50X100ML BOT IN",{"$f":"VLOOKUP(A53,'[2]Product Master Sheet'!$B$2:$F$506,5,0)","v":307},22]
["REGENT (T) SC50 20X250ML BOT IN",{"$f":"VLOOKUP(A54,'[2]Product Master Sheet'!$B$2:$F$506,5,0)","v":325},21]
["REGENT (T) SC50 20X500ML BOT IN",{"$f":"VLOOKUP(A55,'[2]Product Master Sheet'!$B$2:$F$506,5,0)","v":326},0]
["REGENT GOLD SC200 20X500ML BOT IN",{"$f":"VLOOKUP(A56,'[2]Product Master Sheet'!$B$2:$F$506,5,0)","v":330},0]
["REGENT GOLD SC200 40X250ML BOT IN",{"$f":"VLOOKUP(A57,'[2]Product Master Sheet'!$B$2:$F$506,5,0)","v":331},20]
["REGENT GOLD SC200 50X100ML BOT IN",{"$f":"VLOOKUP(A58,'[2]Product Master Sheet'!$B$2:$F$506,5,0)","v":332},17]
["REGENT ULTRA GR0 6 5X4KG BAG IN",{"$f":"VLOOKUP(A59,'[2]Product Master Sheet'!$B$2:$F$506,5,0)","v":339},0]
["REGENT ULTRA GR0.6 2X10KG BAG IN",{"$f":"VLOOKUP(A60,'[2]Product Master Sheet'!$B$2:$F$506,5,0)","v":340},0]
["SECTIN WG60 10X1KG BAG IN",{"$f":"VLOOKUP(A61,'[2]Product Master Sheet'!$B$2:$F$506,5,0)","v":344},0]
["SECTIN WG60 50X100GR BAG IN",{"$f":"VLOOKUP(A62,'[2]Product Master Sheet'!$B$2:$F$506,5,0)","v":346},0]
["SIMBOLA (T) SG20 50X100G BOT IN",{"$f":"VLOOKUP(A63,'[2]Product Master Sheet'!$B$2:$F$506,5,0)","v":357},7]
["SIVANTO PRIME SL200 10X1L BOT IN",{"$f":"VLOOKUP(A64,'[2]Product Master Sheet'!$B$2:$F$506,5,0)","v":359},7]
["SIVANTO PRIME SL200 20X500ML BOT IN",{"$f":"VLOOKUP(A65,'[2]Product Master Sheet'!$B$2:$F$506,5,0)","v":360},15]
["SIVANTO PRIME SL200 40X250ML BOT IN",{"$f":"VLOOKUP(A66,'[2]Product Master Sheet'!$B$2:$F$506,5,0)","v":361},30]
["SOLOMON OD300 10X1L BOT IN",{"$f":"VLOOKUP(A67,'[2]Product Master Sheet'!$B$2:$F$506,5,0)","v":365},0]
["SOLOMON OD300 20X500ML BOT IN",{"$f":"VLOOKUP(A68,'[2]Product Master Sheet'!$B$2:$F$506,5,0)","v":366},0]
["SOLOMON OD300 40X250ML BOT IN",{"$f":"VLOOKUP(A69,'[2]Product Master Sheet'!$B$2:$F$506,5,0)","v":368},41]
["SUNRICE WG15 100X50GR BOT IN",{"$f":"VLOOKUP(A70,'[2]Product Master Sheet'!$B$2:$F$506,5,0)","v":374},50]
["DECIS EC 28 50X100ML BOT IN",{"$f":"VLOOKUP(A71,'[2]Product Master Sheet'!$B$2:$F$506,5,0)","v":928},97]
["SECTIN WG60 20X600GR BAG IN",{"$f":"VLOOKUP(A72,'[2]Product Master Sheet'!$B$2:$F$506,5,0)","v":345},32]
["REGENT (T) SC50 10X1L BOT IN",{"$f":"VLOOKUP(A73,'[2]Product Master Sheet'!$B$2:$F$506,5,0)","v":324},4]
["AGENDA EC25 50X100ML BOT IN",{"$f":"VLOOKUP(A74,'[2]Product Master Sheet'!$B$2:$F$506,5,0)","v":410},0]
["SPINTOR SC495 20X75ML BOT IN",{"$f":"VLOOKUP(A75,'[2]Product Master Sheet'!$B$2:$F$506,5,0)","v":373},21]

{"sheet":"Reco","index":7,"n_rows":79,"n_cols":29,"rows_kept":79,"cut":false,"hidden":false,"merged":[[0,1,0,9],[0,10,0,18],[0,19,0,27]]}
[null,"Zylem Report -01-Apr-2020 TO 31-Mar-2021",null,null,null,null,null,null,null,null,"Dealer Report -01-Apr-2020 TO 31-Mar-2021",null,null,null,null,null,null,null,null,"Difference (+/-)"]
[]
["DEALER CODE","Opening Qty","Purchase Qty","Purchase Return Qty","Sales Qty","Sales Return Qty","Transfer Qty","Consignment Qty","Adjustment Qty","CLSG","Opening Qty","Purchase Qty","Purchase Return Qty","Sales Qty","Sales Return Qty","Transfer Qty","Consignment Qty","Adjustment Qty","CLSG","Opening Stock Qty","Purchase Qty","Purchase Return Qty","Sales Qty","Sales Return Qty","Transfer Qty","Consignment Qty","Adjustments Qty","CLSG","Remark"]
["ADMIRE (T) WG70 30X150GR BOT IN",17,120,0,131,0,0,0,0,6,17,120,0,131,0,0,0,0,6,0,{"$f":"C4-L4","v":0},0,0,0,0,0,0,{"$f":"S4-J4","v":0},"Ok"]
["ADMIRE (T) WG70 60X75GR BOT IN",41,120,0,144,0,0,0,0,17,41,120,0,144,0,0,0,0,17,0,{"$f":"C5-L5","v":0},0,0,0,0,0,0,{"$f":"S5-J5","v":0},"Ok"]
["ADMIRE WG70 125X(8X2GR) BAG IN",0,32,0,20,0,0,0,0,12,0,32,0,20,0,0,0,0,12,0,0,0,0,0,0,0,0,0,"Ok"]
["ADUE WG70 6X100G BOT IN",0,0,0,0,0,0,0,0,0,0,0,0,0,0,0,0,0,0,0,0,0,0,0,0,0,0,0,"Ok"]
["ALANTO (T) SC240 40X250ML BOT IN",17,65,20,57,0,0,0,0,5,17,45,0,57,0,0,0,0,5,0,20,20,0,0,0,0,0,0,"Ok"]
["ALIETTE WP80 20X250GR BAG IN",0,0,0,0,0,0,0,0,0,0,0,0,0,0,0,0,0,0,0,0,0,0,0,0,0,0,0,"Ok"]
["ALIETTE WP80 20X500GR BAG IN",0,10,0,10,0,0,0,0,0,0,10,0,10,0,0,0,0,0,0,0,0,0,0,0,0,0,0,"Ok"]
["ANTRACOL (T) WP70 10X1KG BAG IN",0,470,0,466,8,0,0,0,12,0,470,0,458,0,0,0,0,12,0,0,0,8,8,0,0,0,0,"Ok"]
["ANTRACOL (T) WP70 20X500GR BAG IN",10,460,0,460,0,0,0,0,10,10,460,0,460,0,0,0,0,10,0,0,0,0,0,0,0,0,0,"Ok"]
["ANTRACOL (T) WP70 40X250GR BAG IN",0,120,0,116,0,0,0,0,4,0,120,0,116,0,0,0,0,4,0,0,0,0,0,0,0,0,0,"Ok"]
["CONFIDOR (T) SL200 100X50ML BOT IN",0,40,0,40,0,0,0,0,0,0,40,0,40,0,0,0,0,0,0,0,0,0,0,0,0,0,0,"Ok"]
["CONFIDOR (T) SL200 10X1L BOT IN",0,150,0,150,0,0,0,0,0,0,150,0,150,0,0,0,0,0,0,0,0,0,0,0,0,0,0,"Ok"]
["CONFIDOR (T) SL200 20X250ML BOT IN",0,3735,260,3486,6,0,0,0,-5,0,3475,0,3480,0,0,0,0,-5,0,260,260,6,6,0,0,0,0,"Ok"]
["CONFIDOR (T) SL200 20X500ML BOT IN",6,1383,0,1385,0,0,0,0,4,6,1383,0,1385,0,0,0,0,4,0,0,0,0,0,0,0,0,0,"Ok"]
["CONFIDOR (T) SL200 50X100ML BOT IN",10,4049,350,3790,55,0,0,0,-26,10,3699,0,3735,0,0,0,0,-26,0,350,350,55,55,0,0,0,0,"Ok"]
["CONFIDOR SUPER (T) SC350 20X250ML BOT IN",14,{"$f":"L19","v":1207},0,1210,5,0,0,0,{"$f":"S19","v":16},14,1207,0,1205,0,0,0,0,16,0,0,0,5,5,0,0,0,0,"Ok"]
["CONFIDOR SUPER (T) SC350 20X500ML BOT IN",24,443,80,373,0,0,0,0,14,24,363,0,373,0,0,0,0,14,0,80,80,0,0,0,0,0,0,"Ok"]
["CONFIDOR SUPER (T) SC350 50X100ML BOT IN",0,1850,650,1206,8,0,0,0,2,0,1200,0,1198,0,0,0,0,2,0,650,650,8,8,0,0,0,0,"Ok"]
["CONFIDOR SUPER (T) SC350 50X50ML BOT IN",0,445,200,241,0,0,0,0,4,0,245,0,241,0,0,0,0,4,0,200,200,0,0,0,0,0,0,"Ok"]
["COUNCIL ACTIV WG30 12X(5X90GR) BOX IN",0,5,0,5,0,0,0,0,0,0,5,0,5,0,0,0,0,0,0,0,0,0,0,0,0,0,0,"Ok"]
["DECIS EC 28 40X250ML BOT IN",0,396,0,36,0,0,0,0,360,0,396,0,36,0,0,0,0,360,0,0,0,0,0,0,0,0,0,"Ok"]
["EVERGOL XTEND FS308 100X40ML BOT IN",0,500,0,375,0,0,0,0,125,0,500,0,375,0,0,0,0,125,0,0,0,0,0,0,0,0,0,"Ok"]
["EVERGOL XTEND FS308 50X100ML BOT IN",0,157,0,157,0,0,0,0,0,0,157,0,157,0,0,0,0,0,0,0,0,0,0,0,0,0,0,"Ok"]
["FAME (T) SC480 10X(20X10ML) BOT IN",8,1000,0,1007,0,0,0,0,1,8,1000,0,1007,0,0,0,0,1,0,0,0,0,0,0,0,0,0,"Ok"]
["FAME (T) SC480 20X100ML BOT IN",9,3960,0,3485,0,0,0,0,484,9,3960,0,3485,0,0,0,0,484,0,0,0,0,0,0,0,0,0,"Ok"]
["FAME (T) SC480 40X50ML BOT IN",0,7257,80,6364,0,0,0,0,813,0,7177,0,6364,0,0,0,0,813,0,80,80,0,0,0,0,0,0,"Ok"]
["FAME (T) SC480 8X250ML BOT IN",0,16,0,12,0,0,0,0,4,0,16,0,12,0,0,0,0,4,0,0,0,0,0,0,0,0,0,"Ok"]
["FOLICUR (T) EC250 40X250ML BOT IN",0,82,0,82,0,0,0,0,0,0,82,0,82,0,0,0,0,0,0,0,0,0,0,0,0,0,0,"Ok"]
["FOOST WP50 20X250G BAG IN",0,896,0,990,0,0,0,0,-94,0,896,0,990,0,0,0,0,-94,0,0,0,0,0,0,0,0,0,"Ok"]
["FOOST WP50 24X500G BAG IN",212,{"$f":"L33","v":4812},0,4464,6,0,0,0,{"$f":"S33","v":566},212,4812,0,4458,0,0,0,0,566,0,0,0,6,6,0,0,0,0,"Ok"]
["GAUCHO FS600 100X50ML BOT IN",0,120,0,108,0,0,0,0,12,0,120,0,108,0,0,0,0,12,0,0,0,0,0,0,0,0,0,"Ok"]
["GAUCHO FS600 50X100ML BOT IN",66,370,0,381,0,0,0,0,55,66,370,0,381,0,0,0,0,55,0,0,0,0,0,0,0,0,0,"Ok"]
["JUMP WG80 160X(10X2GR) BAG IN",0,1630,0,1613,0,0,0,0,17,0,1630,0,1613,0,0,0,0,17,0,0,0,0,0,0,0,0,0,"Ok"]
["JUMP WG80 80X40GR BAG IN",0,240,0,240,0,0,0,0,0,0,240,0,240,0,0,0,0,0,0,0,0,0,0,0,0,0,0,"Ok"]
["LARVIN (T) WP75 10X1KG BAG IN",6,{"$f":"L38","v":21},0,16,0,0,0,0,{"$f":"S38","v":11},6,21,0,16,0,0,0,0,11,0,0,0,0,0,0,0,0,0,"Ok"]
["LARVIN (T) WP75 20X250GR BAG IN",0,40,0,39,0,0,0,0,1,0,40,0,39,0,0,0,0,1,0,0,0,0,0,0,0,0,0,"Ok"]
["LARVIN (T) WP75 20X500GR BAG IN",3,42,0,50,0,0,0,0,-5,3,42,0,50,0,0,0,0,-5,0,0,0,0,0,0,0,0,0,"Ok"]
["LAUDIS SC630 10X57.5ML BOT IN",5,1040,0,1027,0,0,0,0,18,5,1040,0,1027,0,0,0,0,18,0,0,0,0,0,0,0,0,0,"Ok"]
["LAUDIS SC630 3X230ML BOT IN",3,585,0,544,1,0,0,0,45,3,585,0,543,0,0,0,0,45,0,0,0,1,1,0,0,0,0,"Ok"]
["LAUDIS SC630 8X115ML BOT IN",28,{"$f":"L43","v":3455},0,3287,4,0,0,0,{"$f":"S43","v":200},28,3455,0,3283,0,0,0,0,200,0,0,0,4,4,0,0,0,0,"Ok"]
["LESENTA WG80 100X40GR BAG IN",7,100,0,32,0,0,0,0,75,7,100,0,32,0,0,0,0,75,0,0,0,0,0,0,0,0,0,"Ok"]
["LESENTA WG80 20X250GR BAG IN",10,60,0,53,3,0,0,0,20,10,60,0,50,0,0,0,0,20,0,0,0,3,3,0,0,0,0,"Ok"]
["LESENTA WG80 50X100GR BAG IN",0,400,0,379,9,0,0,0,30,0,400,0,370,0,0,0,0,30,0,0,0,9,9,0,0,0,0,"Ok"]
["MOVENTO OD150 10X1L BOT IN",12,10,0,18,1,0,0,0,5,12,10,0,17,0,0,0,0,5,0,0,0,1,1,0,0,0,0,"Ok"]
["MOVENTO OD150 40X250ML BOT IN",0,200,0,205,10,0,0,0,5,0,200,0,195,0,0,0,0,5,0,0,0,10,10,0,0,0,0,"Ok"]
["NATIVO WG75 100X50GR BAG IN",26,100,0,66,0,0,0,0,60,26,100,0,66,0,0,0,0,60,0,0,0,0,0,0,0,0,0,"Ok"]
["NATIVO WG75 20X(10X10GR) BAG IN",0,30,0,2,0,0,0,0,28,0,30,0,2,0,0,0,0,28,0,0,0,0,0,0,0,0,0,"Ok"]
["NATIVO WG75 20X500GR BAG IN",7,40,0,40,0,0,0,0,7,7,40,0,40,0,0,0,0,7,0,0,0,0,0,0,0,0,0,"Ok"]
["NATIVO WG75 40X250GR BAG IN",0,648,0,622,1,0,0,0,27,0,648,0,621,0,0,0,0,27,0,0,0,1,1,0,0,0,0,"Ok"]
["NATIVO WG75 50X100GR BAG IN",8,4007,0,3878,0,0,0,0,137,8,4007,0,3878,0,0,0,0,137,0,0,0,0,0,0,0,0,0,"Ok"]
["OBERON (T) SC240 10X1L BOT IN",0,90,0,90,0,0,0,0,0,0,90,0,90,0,0,0,0,0,0,0,0,0,0,0,0,0,0,"Ok"]
["OBERON (T) SC240 40X200ML BOT IN",0,90,0,90,0,0,0,0,0,0,90,0,90,0,0,0,0,0,0,0,0,0,0,0,0,0,0,"Ok"]
["PLANOFIX SL4 5 50X100ML BOT IN",22,750,0,730,0,0,0,0,42,22,750,0,730,0,0,0,0,42,0,0,0,0,0,0,0,0,0,"Ok"]
["REGENT (T) SC50 20X250ML BOT IN",21,1940,0,1968,8,0,0,0,1,21,1940,0,1960,0,0,0,0,1,0,0,0,8,8,0,0,0,0,"Ok"]
["REGENT (T) SC50 20X500ML BOT IN",0,4841,0,4871,26,0,0,0,-4,0,4841,0,4845,0,0,0,0,-4,0,0,0,26,26,0,0,0,0,"Ok"]
["REGENT GOLD SC200 20X500ML BOT IN",0,0,0,0,0,0,0,0,0,0,0,0,0,0,0,0,0,0,0,0,0,0,0,0,0,0,0,"Ok"]
["REGENT GOLD SC200 40X250ML BOT IN",20,{"$f":"L60","v":81},0,93,0,0,0,0,{"$f":"S60","v":8},20,81,0,93,0,0,0,0,8,0,0,0,0,0,0,0,0,0,"Ok"]
["REGENT GOLD SC200 50X100ML BOT IN",17,{"$f":"L61","v":51},0,67,0,0,0,0,{"$f":"S61","v":1},17,51,0,67,0,0,0,0,1,0,0,0,0,0,0,0,0,0,"Ok"]
["REGENT ULTRA GR0 6 5X4KG BAG IN",0,203,0,163,0,0,0,0,40,0,203,0,163,0,0,0,0,40,0,0,0,0,0,0,0,0,0,"Ok"]
["REGENT ULTRA GR0.6 2X10KG BAG IN",0,0,0,0,0,0,0,0,0,0,0,0,0,0,0,0,0,0,0,0,0,0,0,0,0,0,0,"Ok"]
["SECTIN WG60 10X1KG BAG IN",0,40,0,40,0,0,0,0,0,0,40,0,40,0,0,0,0,0,0,0,0,0,0,0,0,0,0,"Ok"]
["SECTIN WG60 50X100GR BAG IN",0,0,0,0,0,0,0,0,0,0,0,0,0,0,0,0,0,0,0,0,0,0,0,0,0,0,0,"Ok"]
["SIMBOLA (T) SG20 50X100G BOT IN",7,70,0,22,0,0,0,0,55,7,70,0,22,0,0,0,0,55,0,0,0,0,0,0,0,0,0,"Ok"]
["SIVANTO PRIME SL200 10X1L BOT IN",7,0,0,1,0,0,0,0,6,7,0,0,1,0,0,0,0,6,0,0,0,0,0,0,0,0,0,"Ok"]
["SIVANTO PRIME SL200 20X500ML BOT IN",15,0,0,2,0,0,0,0,13,15,0,0,2,0,0,0,0,13,0,0,0,0,0,0,0,0,0,"Ok"]
["SIVANTO PRIME SL200 40X250ML BOT IN",30,0,0,30,0,0,0,0,0,30,0,0,30,0,0,0,0,0,0,{"$f":"C69-L69","v":0},0,0,0,0,0,0,{"$f":"S69-J69","v":0},"Ok"]
["SOLOMON OD300 10X1L BOT IN",0,83,0,84,0,0,0,0,-1,0,83,0,84,0,0,0,0,-1,0,0,0,0,0,0,0,0,0,"Ok"]
["SOLOMON OD300 20X500ML BOT IN",0,80,0,81,0,0,0,0,-1,0,80,0,81,0,0,0,0,-1,0,0,0,0,0,0,0,0,0,"Ok"]
["SOLOMON OD300 40X250ML BOT IN",41,160,80,74,0,0,0,0,47,41,80,0,74,0,0,0,0,47,0,80,80,0,0,0,0,0,0,"Ok"]
["SPINTOR SC495 20X75ML BOT IN",21,0,0,0,0,0,0,0,21,21,0,0,0,0,0,0,0,21,0,0,0,0,0,0,0,0,0,"Ok"]
["SUNRICE WG15 100X50GR BOT IN",50,0,0,50,0,0,0,0,0,50,0,0,50,0,0,0,0,0,0,0,0,0,0,0,0,0,0,"Ok"]
["DECIS EC 28 50X100ML BOT IN",97,50,0,63,0,0,0,0,84,97,50,0,63,0,0,0,0,84,0,0,0,0,0,0,0,0,0,"Ok"]
["SECTIN WG60 20X600GR BAG IN",32,0,0,32,0,0,0,0,0,32,0,0,32,0,0,0,0,0,0,0,0,0,0,0,0,0,0,"Ok"]
["REGENT (T) SC50 10X1L BOT IN",4,{"$f":"L77","v":4641},0,4664,32,0,0,0,{"$f":"S77","v":13},4,4641,0,4632,0,0,0,0,13,0,0,0,32,32,0,0,0,0,"Ok"]
["AGENDA EC25 50X100ML BOT IN",0,0,0,0,0,0,0,0,0,0,0,0,0,0,0,0,0,0,0,0,0,0,0,0,0,0,0,"Ok"]
["Total",933,{"$f":"SUM(C4:C78)","v":60088},1720,56077,183,0,0,0,{"$f":"SUM(J4:J78)","v":3407},933,{"$f":"SUM(L4:L78)","v":58368},0,55894,0,0,0,0,3407,0,{"$f":"SUM(U4:U78)","v":1720},{"$f":"SUM(V4:V78)","v":1720},183,183,0,0,0,0]