{"text_format":"1","workbook":"xlsx","n_sheets":8,"sheets":["Navigation","Dealer Report","Dealer Report working","Master","Final Dealer Work","Zylem SNS Report","OPG","Reco"],"not_rendered":{"charts":0,"images":0,"macros":1,"external_links":2,"defined_names":11,"comments":0,"pivot_tables":1},"unopened":[],"bounds":{"document_bytes":16777216,"sheet_cells":100000,"rows_first":2000,"rows_last":500,"rows_between":2000,"halvings":0,"cell_chars":16384,"cell_head_chars":4096},"cells_cut":0,"cells_raw":0,"read":"whole","date_system":"1900"}

{"sheet":"Navigation","index":0,"n_rows":8,"n_cols":12,"rows_kept":8,"cut":false,"hidden":false,"merged":[]}
[]
[]
[]
[]
[]
[]
[null,null,null,null,null,null,null,null,null,null,"Shubham Krushi Kendra"]
[null,null,null,null,null,null,null,null,null,null,null,"Stock and Sales FOR THE PERIOD 01-Jan-2020 TO 31-Mar-2020"]

{"sheet":"Dealer Report","index":1,"n_rows":95,"n_cols":5,"rows_kept":95,"cut":false,"hidden":false,"merged":[]}
["Shubham Krushi Kendra"]
["Bayer"]
["Stock Category Summary"]
["1-Jan-2020 to 31-Mar-2020"]
[null,"Bayer"]
[null,"Shubham Krushi Kendra 19-20"]
["Particulars","1-Jan-2020 to 31-Mar-2020"]
[null,"Opening Balance","Inwards","Outwards","Closing Balance"]
[null,"Quantity","Quantity","Quantity","Quantity"]
["Bayer Admire 150gm",221,null,2,219]
["Bayer Admire 30gm",702,null,null,702]
["Bayer Admire 75gm",749,null,null,749]
["Bayer Adue 100gm"]
["Bayer Adue 200gm"]
["Bayer  Alanto 100ml",2,null,null,2]
["Bayer  Alanto 250ml",-1,null,null,-1]
["Bayer  Alanto 500ml"]
["Bayer  Aliette 100gm",13,null,41,-28]
["Bayer  Aliette 250gm",-10,null,null,-10]
["Bayer  Aliette 500gm",-14,null,1,-15]
["Bayer Ambition 1 LI",20,null,null,20]
["Bayer Ambition 500 Ml",93,null,null,93]
["Bayer Antracol 1kg",239,null,null,239]
["Bayer Antracol 250gm",278,null,51,227]
["Bayer Antracol 500gm",185,null,null,185]
["Bayer Belt Expert 100ml"]
["Bayer Belt Expert 250ml"]
["Bayer Belt Expert 50ml"]
["Bayer Confidor 100ml",756,null,10,746]
["Bayer Confidor 250ml",596,null,null,596]
["Bayer Confidor 500ml",441,null,null,441]
["Bayer Confidor 50ml",1147,null,32,1115]
["Bayer Decis 100ml",2,null,null,2]
["BAYER Decis 250 Ml",4,null,1,3]
["BAYER DECIS2.8% 500ML"]
["BAYER DESIC 2.8% 250ML"]
["Bayer Etherel 100ml",50,null,12,38]
["Bayer Etherel 500ml"]
["Bayer  Fame 100ml",197,null,2,195]
["Bayer  Fame 10ml",200,null,null,200]
["Bayer Fame 250ml",44,null,2,42]
["Bayer Fame 50ml",195,null,5,190]
["Bayer Fitrest 100gm"]
["Bayer Fitrest 250gm",11,null,null,11]
["Bayer Folicur 100ml",54,null,1,53]
["Bayer Folicur 250ml",15,null,null,15]
["Bayer Folicur 500ml"]
["Bayer Foost 250 GM",20,null,null,20]
["Bayer Foost 500gm"]
["Bayer Gaucho 100ml",205,null,null,205]
["Bayer Gaucho 250ml",40,null,null,40]
["Bayer Gaucho 50ml",414,null,null,414]
["Bayer Jump 2gm"]
["Bayer Jump 40gm",4,null,null,4]
["Bayer Ladwis 115 Gm"]
["Bayer Ladwis 57.5 ML",10,null,null,10]
["Bayer Larvin 100gm",78,null,null,78]
["BAYER Larvin 1 Kg",18,null,null,18]
["Bayer Larvin 250gm",170,null,5,165]
["Bayer Larvin 500gm",174,null,2,172]
["Bayer Lesenta 100gm"]
["Bayer Lesenta 40gm"]
["Bayer Movento 100ml",1,null,null,1]
["Bayer Movento 250ml",61,null,3,58]
["Bayer Nativo 100gm",828,null,10,818]
["Bayer Nativo 250gm",334,null,8,326]
["Bayer Nativo 500gm",null,null,1,-1]
["Bayer Nativo 50gm",432,null,58,374]
["BAYER Oberon 200 Ml",33,null,2,31]
["Bayer Oberon 500ml"]
["Bayer Planofik 100ml",100,null,null,100]
["Bayer Planofik 250ml",141,null,null,141]
["Bayer Planofik 500ml"]
["Bayer Regent + 1kg"]
["Bayer Regent 1li",230,null,2,228]
["Bayer Regent 250ml",536,null,50,486]
["Bayer Regent 500ml",537,null,24,513]
["BAYER Regent Gold 250 Ml",82,null,null,82]
["BAYER Regent Gold 500 Ml",67,null,null,67]
["Bayer S Confidor 100ml",997,null,null,997]
["Bayer S Confidor 250ml",1349,null,null,1349]
["Bayer S Confidor 50ml",645,null,9,636]
["BAYER Sectin 100 Gm"]
["BAYER Sencor 100gm"]
["BAYER Sivanto 250 Ml",2,null,null,2]
["BAYER SOLOMAN 100ML"]
["Bayer Solomon 1000ml"]
["Bayer Solomon 250ml"]
["Bayer Solomon 500ml",3,null,null,3]
["Bayer Spintor 75ml",102,null,null,102]
["Bayer Spintor 7ml",2,null,null,2]
["Bayer Whipsuper 1li"]
["Bayer Whipsuper 250ml",38,null,null,38]
["Bayer Whipsuper 500ml",20,null,null,20]
["Total",{"$f":"SUM(B10:B94)","v":13862},{"$f":"SUM(C10:C94)","v":0},{"$f":"SUM(D10:D94)","v":334},13528]

{"sheet":"Dealer Report working","index":2,"n_rows":87,"n_cols":14,"rows_kept":87,"cut":false,"hidden":false,"merged":[]}
["Particulars","Opening Qty","Purchase Qty","Sales Qty","CLSG","Master Name",null,null,null,null,"Values"]
["Bayer Admire 150gm",221,null,2,219,"ADMIRE (T) WG70 30X150GR BOT IN",null,null,null,"Row Labels","Sum of Opening Qty","Count of Purchase Qty","Sum of Sales Qty","Sum of CLSG"]
["Bayer Admire 30gm",702,null,null,702,"ADMIRE (T) WG70 150X30GR BOT IN",null,null,null,"ADMIRE (T) WG70 150X30GR BOT IN",702,null,null,702]
["Bayer Admire 75gm",749,null,null,749,"ADMIRE (T) WG70 60X75GR BOT IN",null,null,null,"ADMIRE (T) WG70 30X150GR BOT IN",221,null,2,219]
["Bayer Adue 100gm",null,null,null,null,"ADUE WG70 6X100G BOT IN",null,null,null,"ADMIRE (T) WG70 60X75GR BOT IN",749,null,null,749]
["Bayer Adue 200gm",null,null,null,null,"ADUE WG70 3X200G BOT IN",null,null,null,"ADUE WG70 3X200G BOT IN"]
["Bayer  Alanto 100ml",2,null,null,2,"ALANTO (T) SC240 50X100ML BOT IN",null,null,null,"ADUE WG70 6X100G BOT IN"]
["Bayer  Alanto 250ml",-1,null,null,-1,"ALANTO (T) SC240 40X250ML BOT IN",null,null,null,"ALANTO (T) SC240 20X500ML BOT IN"]
["Bayer  Alanto 500ml",null,null,null,null,"ALANTO (T) SC240 20X500ML BOT IN",null,null,null,"ALANTO (T) SC240 40X250ML BOT IN",-1,null,null,-1]
["Bayer  Aliette 100gm",13,null,41,-28,"ALIETTE WP80 40X100GR BAG IN",null,null,null,"ALANTO (T) SC240 50X100ML BOT IN",2,null,null,2]
["Bayer  Aliette 250gm",-10,null,null,-10,"ALIETTE WP80 20X250GR BAG IN",null,null,null,"ALIETTE WP80 20X250GR BAG IN",-10,null,null,-10]
["Bayer  Aliette 500gm",-14,null,1,-15,"ALIETTE WP80 20X500GR BAG IN",null,null,null,"ALIETTE WP80 20X500GR BAG IN",-14,null,1,-15]
["Bayer Ambition 1 LI",20,null,null,20,"AMBITION 10X1L BOT IN",null,null,null,"ALIETTE WP80 40X100GR BAG IN",13,null,41,-28]
["Bayer Ambition 500 Ml",93,null,null,93,"AMBITION 20X500ML BOT IN",null,null,null,"AMBITION 10X1L BOT IN",20,null,null,20]
["Bayer Antracol 1kg",239,null,null,239,"ANTRACOL (T) WP70 10X1KG BAG IN",null,null,null,"AMBITION 20X500ML BOT IN",93,null,null,93]
["Bayer Antracol 250gm",278,null,51,227,"ANTRACOL (T) WP70 40X250GR BAG IN",null,null,null,"ANTRACOL (T) WP70 10X1KG BAG IN",239,null,null,239]
["Bayer Antracol 500gm",185,null,null,185,"ANTRACOL (T) WP70 20X500GR BAG IN",null,null,null,"ANTRACOL (T) WP70 20X500GR BAG IN",185,null,null,185]
["Bayer Belt Expert 100ml",null,null,null,null,"BELT EXPERT SC480 50X100ML BOT IN",null,null,null,"ANTRACOL (T) WP70 40X250GR BAG IN",278,null,51,227]
["Bayer Belt Expert 250ml",null,null,null,null,"BELT EXPERT SC480 40X250ML BOT IN",null,null,null,"BELT EXPERT SC480 100X50ML BOT IN"]
["Bayer Belt Expert 50ml",null,null,null,null,"BELT EXPERT SC480 100X50ML BOT IN",null,null,null,"BELT EXPERT SC480 40X250ML BOT IN"]
["Bayer Confidor 100ml",756,null,10,746,"CONFIDOR (T) SL200 50X100ML BOT IN",null,null,null,"BELT EXPERT SC480 50X100ML BOT IN"]
["Bayer Confidor 250ml",596,null,null,596,"CONFIDOR (T) SL200 20X250ML BOT IN",null,null,null,"CONFIDOR (T) SL200 100X50ML BOT IN",1147,null,32,1115]
["Bayer Confidor 500ml",441,null,null,441,"CONFIDOR (T) SL200 20X500ML BOT IN",null,null,null,"CONFIDOR (T) SL200 20X250ML BOT IN",596,null,null,596]
["Bayer Confidor 50ml",1147,null,32,1115,"CONFIDOR (T) SL200 100X50ML BOT IN",null,null,null,"CONFIDOR (T) SL200 20X500ML BOT IN",441,null,null,441]
["Bayer Decis 100ml",2,null,null,2,"DECIS EC 28 50X100ML BOT IN",null,null,null,"CONFIDOR (T) SL200 50X100ML BOT IN",756,null,10,746]
["BAYER Decis 250 Ml",4,null,1,3,"DECIS EC 28 40X250ML BOT IN",null,null,null,"CONFIDOR SUPER (T) SC350 20X250ML BOT IN",1349,null,null,1349]
["BAYER DECIS2.8% 500ML",null,null,null,null,"DECIS EC 28 20X500ML BOT IN",null,null,null,"CONFIDOR SUPER (T) SC350 50X100ML BOT IN",997,null,null,997]
["BAYER DESIC 2.8% 250ML",null,null,null,null,"DECIS EC 28 40X250ML BOT IN",null,null,null,"CONFIDOR SUPER (T) SC350 50X50ML BOT IN",645,null,9,636]
["Bayer Etherel 100ml",50,null,12,38,"ETHREL SL39 50X100ML BOT IN",null,null,null,"DECIS EC 28 20X500ML BOT IN"]
["Bayer Etherel 500ml",null,null,null,null,"ETHREL SL39 20X500ML BOT IN",null,null,null,"DECIS EC 28 40X250ML BOT IN",4,null,1,3]
["Bayer  Fame 100ml",197,null,2,195,"FAME (T) SC480 20X100ML BOT IN",null,null,null,"DECIS EC 28 50X100ML BOT IN",2,null,null,2]
["Bayer  Fame 10ml",200,null,null,200,"FAME (T) SC480 10X(20X10ML) BOT IN",null,null,null,"ETHREL SL39 20X500ML BOT IN"]
["Bayer Fame 250ml",44,null,2,42,"FAME (T) SC480 8X250ML BOT IN",null,null,null,"ETHREL SL39 50X100ML BOT IN",50,null,12,38]
["Bayer Fame 50ml",195,null,5,190,"FAME (T) SC480 40X50ML BOT IN",null,null,null,"FAME (T) SC480 10X(20X10ML) BOT IN",200,null,null,200]
["Bayer Fitrest 100gm",null,null,null,null,"FITREST SG5 40X100GR BOT IN",null,null,null,"FAME (T) SC480 20X100ML BOT IN",197,null,2,195]
["Bayer Fitrest 250gm",11,null,null,11,"FITREST SG5 16X250GR BOT IN",null,null,null,"FAME (T) SC480 40X50ML BOT IN",195,null,5,190]
["Bayer Folicur 100ml",54,null,1,53,"FOLICUR (T) EC250 50X100ML BOT IN",null,null,null,"FAME (T) SC480 8X250ML BOT IN",44,null,2,42]
["Bayer Folicur 250ml",15,null,null,15,"FOLICUR (T) EC250 40X250ML BOT IN",null,null,null,"FITREST SG5 16X250GR BOT IN",11,null,null,11]
["Bayer Folicur 500ml",null,null,null,null,"FOLICUR (T) EC250 20X500ML BOT IN",null,null,null,"FITREST SG5 40X100GR BOT IN"]
["Bayer Foost 250 GM",20,null,null,20,"FOOST WP50 20X250G BAG IN",null,null,null,"FOLICUR (T) EC250 20X500ML BOT IN"]
["Bayer Foost 500gm",null,null,null,null,"FOOST WP50 24X500G BAG IN",null,null,null,"FOLICUR (T) EC250 40X250ML BOT IN",15,null,null,15]
["Bayer Gaucho 100ml",205,null,null,205,"GAUCHO FS600 50X100ML BOT IN",null,null,null,"FOLICUR (T) EC250 50X100ML BOT IN",54,null,1,53]
["Bayer Gaucho 250ml",40,null,null,40,"GAUCHO FS600 40X250ML BOT IN",null,null,null,"FOOST WP50 20X250G BAG IN",20,null,null,20]
["Bayer Gaucho 50ml",414,null,null,414,"GAUCHO FS600 100X50ML BOT IN",null,null,null,"FOOST WP50 24X500G BAG IN"]
["Bayer Jump 2gm",null,null,null,null,"JUMP WG80 160X(10X2GR) BAG IN",null,null,null,"GAUCHO FS600 100X50ML BOT IN",414,null,null,414]
["Bayer Jump 40gm",4,null,null,4,"JUMP WG80 80X40GR BAG IN",null,null,null,"GAUCHO FS600 40X250ML BOT IN",40,null,null,40]
["Bayer Ladwis 115 Gm",null,null,null,null,"LAUDIS SC630 8X115ML BOT IN",null,null,null,"GAUCHO FS600 50X100ML BOT IN",205,null,null,205]
["Bayer Ladwis 57.5 ML",10,null,null,10,"LAUDIS SC630 10X57.5ML BOT IN",null,null,null,"JUMP WG80 160X(10X2GR) BAG IN"]
["Bayer Larvin 100gm",78,null,null,78,"LARVIN (T) WP75 40X100GR BAG IN",null,null,null,"JUMP WG80 80X40GR BAG IN",4,null,null,4]
["BAYER Larvin 1 Kg",18,null,null,18,"LARVIN (T) WP75 10X1KG BAG IN",null,null,null,"LARVIN (T) WP75 10X1KG BAG IN",18,null,null,18]
["Bayer Larvin 250gm",170,null,5,165,"LARVIN (T) WP75 20X250GR BAG IN",null,null,null,"LARVIN (T) WP75 20X250GR BAG IN",170,null,5,165]
["Bayer Larvin 500gm",174,null,2,172,"LARVIN (T) WP75 20X500GR BAG IN",null,null,null,"LARVIN (T) WP75 20X500GR BAG IN",174,null,2,172]
["Bayer Lesenta 100gm",null,null,null,null,"LESENTA WG80 50X100GR BAG IN",null,null,null,"LARVIN (T) WP75 40X100GR BAG IN",78,null,null,78]
["Bayer Lesenta 40gm",null,null,null,null,"LESENTA WG80 100X40GR BAG IN",null,null,null,"LAUDIS SC630 10X57.5ML BOT IN",10,null,null,10]
["Bayer Movento 100ml",1,null,null,1,"MOVENTO ENERGY SC240 50X100ML BOT IN",null,null,null,"LAUDIS SC630 8X115ML BOT IN"]
["Bayer Movento 250ml",61,null,3,58,"MOVENTO ENERGY SC240 40X250ML BOT IN",null,null,null,"LESENTA WG80 100X40GR BAG IN"]
["Bayer Nativo 100gm",828,null,10,818,"NATIVO WG75 50X100GR BAG IN",null,null,null,"LESENTA WG80 50X100GR BAG IN"]
["Bayer Nativo 250gm",334,null,8,326,"NATIVO WG75 40X250GR BAG IN",null,null,null,"MOVENTO ENERGY SC240 40X250ML BOT IN",61,null,3,58]
["Bayer Nativo 500gm",null,null,1,-1,"NATIVO WG75 20X500GR BAG IN",null,null,null,"MOVENTO ENERGY SC240 50X100ML BOT IN",1,null,null,1]
["Bayer Nativo 50gm",432,null,58,374,"NATIVO WG75 100X50GR BAG IN",null,null,null,"NATIVO WG75 100X50GR BAG IN",432,null,58,374]
["BAYER Oberon 200 Ml",33,null,2,31,"OBERON (T) SC240 40X200ML BOT IN",null,null,null,"NATIVO WG75 20X500GR BAG IN",null,null,1,-1]
["Bayer Oberon 500ml",null,null,null,null,"OBERON (T) SC240 20X500ML BOT IN",null,null,null,"NATIVO WG75 40X250GR BAG IN",334,null,8,326]
["Bayer Planofik 100ml",100,null,null,100,"PLANOFIX SL4 5 50X100ML BOT IN",null,null,null,"NATIVO WG75 50X100GR BAG IN",828,null,10,818]
["Bayer Planofik 250ml",141,null,null,141,"PLANOFIX SL4 5 40X250ML BOT IN",null,null,null,"OBERON (T) SC240 20X500ML BOT IN"]
["Bayer Planofik 500ml",null,null,null,null,"PLANOFIX SL4 5 20X500ML BOT IN",null,null,null,"OBERON (T) SC240 40X200ML BOT IN",33,null,2,31]
["Bayer Regent + 1kg",null,null,null,null,"REGENT GR0 3 20X1KG BAG IN",null,null,null,"PLANOFIX SL4 5 20X500ML BOT IN"]
["Bayer Regent 1li",230,null,2,228,"REGENT (T) SC50 10X1L BOT IN",null,null,null,"PLANOFIX SL4 5 40X250ML BOT IN",141,null,null,141]
["Bayer Regent 250ml",536,null,50,486,"REGENT (T) SC50 20X250ML BOT IN",null,null,null,"PLANOFIX SL4 5 50X100ML BOT IN",100,null,null,100]
["Bayer Regent 500ml",537,null,24,513,"REGENT (T) SC50 20X500ML BOT IN",null,null,null,"REGENT (T) SC50 10X1L BOT IN",230,null,2,228]
["BAYER Regent Gold 250 Ml",82,null,null,82,"REGENT GOLD SC200 40X250ML BOT IN",null,null,null,"REGENT (T) SC50 20X250ML BOT IN",536,null,50,486]
["BAYER Regent Gold 500 Ml",67,null,null,67,"REGENT GOLD SC200 20X500ML BOT IN",null,null,null,"REGENT (T) SC50 20X500ML BOT IN",537,null,24,513]
["Bayer S Confidor 100ml",997,null,null,997,"CONFIDOR SUPER (T) SC350 50X100ML BOT IN",null,null,null,"REGENT GOLD SC200 20X500ML BOT IN",67,null,null,67]
["Bayer S Confidor 250ml",1349,null,null,1349,"CONFIDOR SUPER (T) SC350 20X250ML BOT IN",null,null,null,"REGENT GOLD SC200 40X250ML BOT IN",82,null,null,82]
["Bayer S Confidor 50ml",645,null,9,636,"CONFIDOR SUPER (T) SC350 50X50ML BOT IN",null,null,null,"REGENT GR0 3 20X1KG BAG IN"]
["BAYER Sectin 100 Gm",null,null,null,null,"SECTIN WG60 50X100GR BAG IN",null,null,null,"SECTIN WG60 50X100GR BAG IN"]
["BAYER Sencor 100gm",null,null,null,null,"SENCOR WP70 60X100GR BAG IN",null,null,null,"SENCOR WP70 60X100GR BAG IN"]
["BAYER Sivanto 250 Ml",2,null,null,2,"SIVANTO PRIME SL200 40X250ML BOT IN",null,null,null,"SIVANTO PRIME SL200 40X250ML BOT IN",2,null,null,2]
["BAYER SOLOMAN 100ML",null,null,null,null,"SOLOMON OD300 50X100ML BOT IN",null,null,null,"SOLOMON OD300 10X1L BOT IN"]
["Bayer Solomon 1000ml",null,null,null,null,"SOLOMON OD300 10X1L BOT IN",null,null,null,"SOLOMON OD300 20X500ML BOT IN",3,null,null,3]
["Bayer Solomon 250ml",null,null,null,null,"SOLOMON OD300 40X250ML BOT IN",null,null,null,"SOLOMON OD300 40X250ML BOT IN"]
["Bayer Solomon 500ml",3,null,null,3,"SOLOMON OD300 20X500ML BOT IN",null,null,null,"SOLOMON OD300 50X100ML BOT IN"]
["Bayer Spintor 75ml",102,null,null,102,"SPINTOR SC495 20X75ML BOT IN",null,null,null,"SPINTOR SC495 10X(20X7ML) BOT IN",2,null,null,2]
["Bayer Spintor 7ml",2,null,null,2,"SPINTOR SC495 10X(20X7ML) BOT IN",null,null,null,"SPINTOR SC495 20X75ML BOT IN",102,null,null,102]
["Bayer Whipsuper 1li",null,null,null,null,"WHIPSUPER (T) EC90 10X1L BOT IN",null,null,null,"WHIPSUPER (T) EC90 10X1L BOT IN"]
["Bayer Whipsuper 250ml",38,null,null,38,"WHIPSUPER (T) EC90 40X250ML BOT IN",null,null,null,"WHIPSUPER (T) EC90 20X500ML BOT IN",20,null,null,20]
["Bayer Whipsuper 500ml",20,null,null,20,"WHIPSUPER (T) EC90 20X500ML BOT IN",null,null,null,"WHIPSUPER (T) EC90 40X250ML BOT IN",38,null,null,38]
[null,null,null,null,null,null,null,null,null,"Grand Total",13862,null,334,13528]

{"sheet":"Master","index":3,"n_rows":86,"n_cols":2,"rows_kept":86,"cut":false,"hidden":false,"merged":[]}
["Item Details","Master Name"]
["Bayer Admire 150gm","ADMIRE (T) WG70 30X150GR BOT IN"]
["Bayer Admire 30gm","ADMIRE (T) WG70 150X30GR BOT IN"]
["Bayer Admire 75gm","ADMIRE (T) WG70 60X75GR BOT IN"]
["Bayer Adue 100gm","ADUE WG70 6X100G BOT IN"]
["Bayer Adue 200gm","ADUE WG70 3X200G BOT IN"]
["Bayer  Alanto 100ml","ALANTO (T) SC240 50X100ML BOT IN"]
["Bayer  Alanto 250ml","ALANTO (T) SC240 40X250ML BOT IN"]
["Bayer  Alanto 500ml","ALANTO (T) SC240 20X500ML BOT IN"]
["Bayer  Aliette 100gm","ALIETTE WP80 40X100GR BAG IN"]
["Bayer  Aliette 250gm","ALIETTE WP80 20X250GR BAG IN"]
["Bayer  Aliette 500gm","ALIETTE WP80 20X500GR BAG IN"]
["Bayer Ambition 1 LI","AMBITION 10X1L BOT IN"]
["Bayer Ambition 500 Ml","AMBITION 20X500ML BOT IN"]
["Bayer Antracol 1kg","ANTRACOL (T) WP70 10X1KG BAG IN"]
["Bayer Antracol 250gm","ANTRACOL (T) WP70 40X250GR BAG IN"]
["Bayer Antracol 500gm","ANTRACOL (T) WP70 20X500GR BAG IN"]
["Bayer Belt Expert 100ml","BELT EXPERT SC480 50X100ML BOT IN"]
["Bayer Belt Expert 250ml","BELT EXPERT SC480 40X250ML BOT IN"]
["Bayer Belt Expert 50ml","BELT EXPERT SC480 100X50ML BOT IN"]
["Bayer Confidor 100ml","CONFIDOR (T) SL200 50X100ML BOT IN"]
["Bayer Confidor 250ml","CONFIDOR (T) SL200 20X250ML BOT IN"]
["Bayer Confidor 500ml","CONFIDOR (T) SL200 20X500ML BOT IN"]
["Bayer Confidor 50ml","CONFIDOR (T) SL200 100X50ML BOT IN"]
["Bayer Decis 100ml","DECIS EC 28 50X100ML BOT IN"]
["BAYER Decis 250 Ml","DECIS EC 28 40X250ML BOT IN"]
["BAYER DECIS2.8% 500ML","DECIS EC 28 20X500ML BOT IN"]
["BAYER DESIC 2.8% 250ML","DECIS EC 28 40X250ML BOT IN"]
["Bayer Etherel 100ml","ETHREL SL39 50X100ML BOT IN"]
["Bayer Etherel 500ml","ETHREL SL39 20X500ML BOT IN"]
["Bayer  Fame 100ml","FAME (T) SC480 20X100ML BOT IN"]
["Bayer  Fame 10ml","FAME (T) SC480 10X(20X10ML) BOT IN"]
["Bayer Fame 250ml","FAME (T) SC480 8X250ML BOT IN"]
["Bayer Fame 50ml","FAME (T) SC480 40X50ML BOT IN"]
["Bayer Fitrest 100gm","FITREST SG5 40X100GR BOT IN"]
["Bayer Fitrest 250gm","FITREST SG5 16X250GR BOT IN"]
["Bayer Folicur 100ml","FOLICUR (T) EC250 50X100ML BOT IN"]
["Bayer Folicur 250ml","FOLICUR (T) EC250 40X250ML BOT IN"]
["Bayer Folicur 500ml","FOLICUR (T) EC250 20X500ML BOT IN"]
["Bayer Foost 250 GM","FOOST WP50 20X250G BAG IN"]
["Bayer Foost 500gm","FOOST WP50 24X500G BAG IN"]
["Bayer Gaucho 100ml","GAUCHO FS600 50X100ML BOT IN"]
["Bayer Gaucho 250ml","GAUCHO FS600 40X250ML BOT IN"]
["Bayer Gaucho 50ml","GAUCHO FS600 100X50ML BOT IN"]
["Bayer Jump 2gm","JUMP WG80 160X(10X2GR) BAG IN"]
["Bayer Jump 40gm","JUMP WG80 80X40GR BAG IN"]
["Bayer Ladwis 115 Gm","LAUDIS SC630 8X115ML BOT IN"]
["Bayer Ladwis 57.5 ML","LAUDIS SC630 10X57.5ML BOT IN"]
["Bayer Larvin 100gm","LARVIN (T) WP75 40X100GR BAG IN"]
["BAYER Larvin 1 Kg","LARVIN (T) WP75 10X1KG BAG IN"]
["Bayer Larvin 250gm","LARVIN (T) WP75 20X250GR BAG IN"]
["Bayer Larvin 500gm","LARVIN (T) WP75 20X500GR BAG IN"]
["Bayer Lesenta 100gm","LESENTA WG80 50X100GR BAG IN"]
["Bayer Lesenta 40gm","LESENTA WG80 100X40GR BAG IN"]
["Bayer Movento 100ml","MOVENTO ENERGY SC240 50X100ML BOT IN"]
["Bayer Movento 250ml","MOVENTO ENERGY SC240 40X250ML BOT IN"]
["Bayer Nativo 100gm","NATIVO WG75 50X100GR BAG IN"]
["Bayer Nativo 250gm","NATIVO WG75 40X250GR BAG IN"]
["Bayer Nativo 500gm","NATIVO WG75 20X500GR BAG IN"]
["Bayer Nativo 50gm","NATIVO WG75 100X50GR BAG IN"]
["BAYER Oberon 200 Ml","OBERON (T) SC240 40X200ML BOT IN"]
["Bayer Oberon 500ml","OBERON (T) SC240 20X500ML BOT IN"]
["Bayer Planofik 100ml","PLANOFIX SL4 5 50X100ML BOT IN"]
["Bayer Planofik 250ml","PLANOFIX SL4 5 40X250ML BOT IN"]
["Bayer Planofik 500ml","PLANOFIX SL4 5 20X500ML BOT IN"]
["Bayer Regent + 1kg","REGENT GR0 3 20X1KG BAG IN"]
["Bayer Regent 1li","REGENT (T) SC50 10X1L BOT IN"]
["Bayer Regent 250ml","REGENT (T) SC50 20X250ML BOT IN"]
["Bayer Regent 500ml","REGENT (T) SC50 20X500ML BOT IN"]
["BAYER Regent Gold 250 Ml","REGENT GOLD SC200 40X250ML BOT IN"]
["BAYER Regent Gold 500 Ml","REGENT GOLD SC200 20X500ML BOT IN"]
["Bayer S Confidor 100ml","CONFIDOR SUPER (T) SC350 50X100ML BOT IN"]
["Bayer S Confidor 250ml","CONFIDOR SUPER (T) SC350 20X250ML BOT IN"]
["Bayer S Confidor 50ml","CONFIDOR SUPER (T) SC350 50X50ML BOT IN"]
["BAYER Sectin 100 Gm","SECTIN WG60 50X100GR BAG IN"]
["BAYER Sencor 100gm","SENCOR WP70 60X100GR BAG IN"]
["BAYER Sivanto 250 Ml","SIVANTO PRIME SL200 40X250ML BOT IN"]
["BAYER SOLOMAN 100ML","SOLOMON OD300 50X100ML BOT IN"]
["Bayer Solomon 1000ml","SOLOMON OD300 10X1L BOT IN"]
["Bayer Solomon 250ml","SOLOMON OD300 40X250ML BOT IN"]
["Bayer Solomon 500ml","SOLOMON OD300 20X500ML BOT IN"]
["Bayer Spintor 75ml","SPINTOR SC495 20X75ML BOT IN"]
["Bayer Spintor 7ml","SPINTOR SC495 10X(20X7ML) BOT IN"]
["Bayer Whipsuper 1li","WHIPSUPER (T) EC90 10X1L BOT IN"]
["Bayer Whipsuper 250ml","WHIPSUPER (T) EC90 40X250ML BOT IN"]
["Bayer Whipsuper 500ml","WHIPSUPER (T) EC90 20X500ML BOT IN"]

{"sheet":"Final Dealer Work","index":4,"n_rows":87,"n_cols":14,"rows_kept":87,"cut":false,"hidden":false,"merged":[]}
[]
[null,"PRODUCT","ITEMALIAS","Bpc","Volume","Opening Qty","Purchase Qty","Purchase Return Qty","Sales Qty","Sales Return Qty","Transfer Qty","Consignment Qty","Adjustment Qty","CLSG"]
[null,"ADMIRE (T) WG70 150X30GR BOT IN",null,null,null,702,0,0,0,0,0,0,0,702]
[null,"ADMIRE (T) WG70 30X150GR BOT IN",null,null,null,221,0,0,2,0,0,0,0,219]
[null,"ADMIRE (T) WG70 60X75GR BOT IN",null,null,null,749,0,0,0,0,0,0,0,749]
[null,"ADUE WG70 3X200G BOT IN",null,null,null,0,0,0,0,0,0,0,0,0]
[null,"ADUE WG70 6X100G BOT IN",null,null,null,0,0,0,0,0,0,0,0,0]
[null,"ALANTO (T) SC240 20X500ML BOT IN",null,null,null,0,0,0,0,0,0,0,0,0]
[null,"ALANTO (T) SC240 40X250ML BOT IN",null,null,null,-1,0,0,0,0,0,0,0,-1]
[null,"ALANTO (T) SC240 50X100ML BOT IN",null,null,null,2,0,0,0,0,0,0,0,2]
[null,"ALIETTE WP80 20X250GR BAG IN",null,null,null,-10,0,0,0,0,0,0,0,-10]
[null,"ALIETTE WP80 20X500GR BAG IN",null,null,null,-14,0,0,1,0,0,0,0,-15]
[null,"ALIETTE WP80 40X100GR BAG IN",null,null,null,13,0,0,41,0,0,0,0,-28]
[null,"AMBITION 10X1L BOT IN",null,null,null,20,0,0,0,0,0,0,0,20]
[null,"AMBITION 20X500ML BOT IN",null,null,null,93,0,0,0,0,0,0,0,93]
[null,"ANTRACOL (T) WP70 10X1KG BAG IN",null,null,null,239,0,0,0,0,0,0,0,239]
[null,"ANTRACOL (T) WP70 20X500GR BAG IN",null,null,null,185,0,0,0,0,0,0,0,185]
[null,"ANTRACOL (T) WP70 40X250GR BAG IN",null,null,null,278,0,0,51,0,0,0,0,227]
[null,"BELT EXPERT SC480 100X50ML BOT IN",null,null,null,0,0,0,0,0,0,0,0,0]
[null,"BELT EXPERT SC480 40X250ML BOT IN",null,null,null,0,0,0,0,0,0,0,0,0]
[null,"BELT EXPERT SC480 50X100ML BOT IN",null,null,null,0,0,0,0,0,0,0,0,0]
[null,"CONFIDOR (T) SL200 100X50ML BOT IN",null,null,null,1147,0,0,32,0,0,0,0,1115]
[null,"CONFIDOR (T) SL200 20X250ML BOT IN",null,null,null,596,0,0,0,0,0,0,0,596]
[null,"CONFIDOR (T) SL200 20X500ML BOT IN",null,null,null,441,0,0,0,0,0,0,0,441]
[null,"CONFIDOR (T) SL200 50X100ML BOT IN",null,null,null,756,0,0,10,0,0,0,0,746]
[null,"CONFIDOR SUPER (T) SC350 20X250ML BOT IN",null,null,null,1349,0,0,0,0,0,0,0,1349]
[null,"CONFIDOR SUPER (T) SC350 50X100ML BOT IN",null,null,null,997,0,0,0,0,0,0,0,997]
[null,"CONFIDOR SUPER (T) SC350 50X50ML BOT IN",null,null,null,645,0,0,9,0,0,0,0,636]
[null,"DECIS EC 28 20X500ML BOT IN",null,null,null,0,0,0,0,0,0,0,0,0]
[null,"DECIS EC 28 40X250ML BOT IN",null,null,null,4,0,0,1,0,0,0,0,3]
[null,"DECIS EC 28 50X100ML BOT IN",null,null,null,2,0,0,0,0,0,0,0,2]
[null,"ETHREL SL39 20X500ML BOT IN",null,null,null,0,0,0,0,0,0,0,0,0]
[null,"ETHREL SL39 50X100ML BOT IN",null,null,null,50,0,0,12,0,0,0,0,38]
[null,"FAME (T) SC480 10X(20X10ML) BOT IN",null,null,null,200,0,0,0,0,0,0,0,200]
[null,"FAME (T) SC480 20X100ML BOT IN",null,null,null,197,0,0,2,0,0,0,0,195]
[null,"FAME (T) SC480 40X50ML BOT IN",null,null,null,195,0,0,5,0,0,0,0,190]
[null,"FAME (T) SC480 8X250ML BOT IN",null,null,null,44,0,0,2,0,0,0,0,42]
[null,"FITREST SG5 16X250GR BOT IN",null,null,null,11,0,0,0,0,0,0,0,11]
[null,"FITREST SG5 40X100GR BOT IN",null,null,null,0,0,0,0,0,0,0,0,0]
[null,"FOLICUR (T) EC250 20X500ML BOT IN",null,null,null,0,0,0,0,0,0,0,0,0]
[null,"FOLICUR (T) EC250 40X250ML BOT IN",null,null,null,15,0,0,0,0,0,0,0,15]
[null,"FOLICUR (T) EC250 50X100ML BOT IN",null,null,null,54,0,0,1,0,0,0,0,53]
[null,"FOOST WP50 20X250G BAG IN",null,null,null,20,0,0,0,0,0,0,0,20]
[null,"FOOST WP50 24X500G BAG IN",null,null,null,0,0,0,0,0,0,0,0,0]
[null,"GAUCHO FS600 100X50ML BOT IN",null,null,null,414,0,0,0,0,0,0,0,414]
[null,"GAUCHO FS600 40X250ML BOT IN",null,null,null,40,0,0,0,0,0,0,0,40]
[null,"GAUCHO FS600 50X100ML BOT IN",null,null,null,205,0,0,0,0,0,0,0,205]
[null,"JUMP WG80 160X(10X2GR) BAG IN",null,null,null,0,0,0,0,0,0,0,0,0]
[null,"JUMP WG80 80X40GR BAG IN",null,null,null,4,0,0,0,0,0,0,0,4]
[null,"LARVIN (T) WP75 10X1KG BAG IN",null,null,null,18,0,0,0,0,0,0,0,18]
[null,"LARVIN (T) WP75 20X250GR BAG IN",null,null,null,170,0,0,5,0,0,0,0,165]
[null,"LARVIN (T) WP75 20X500GR BAG IN",null,null,null,174,0,0,2,0,0,0,0,172]
[null,"LARVIN (T) WP75 40X100GR BAG IN",null,null,null,78,0,0,0,0,0,0,0,78]
[null,"LAUDIS SC630 10X57.5ML BOT IN",null,null,null,10,0,0,0,0,0,0,0,10]
[null,"LAUDIS SC630 8X115ML BOT IN",null,null,null,0,0,0,0,0,0,0,0,0]
[null,"LESENTA WG80 100X40GR BAG IN",null,null,null,0,0,0,0,0,0,0,0,0]
[null,"LESENTA WG80 50X100GR BAG IN",null,null,null,0,0,0,0,0,0,0,0,0]
[null,"MOVENTO ENERGY SC240 40X250ML BOT IN",null,null,null,61,0,0,3,0,0,0,0,58]
[null,"MOVENTO ENERGY SC240 50X100ML BOT IN",null,null,null,1,0,0,0,0,0,0,0,1]
[null,"NATIVO WG75 100X50GR BAG IN",null,null,null,432,0,0,58,0,0,0,0,374]
[null,"NATIVO WG75 20X500GR BAG IN",null,null,null,0,0,0,1,0,0,0,0,-1]
[null,"NATIVO WG75 40X250GR BAG IN",null,null,null,334,0,0,8,0,0,0,0,326]
[null,"NATIVO WG75 50X100GR BAG IN",null,null,null,828,0,0,10,0,0,0,0,818]
[null,"OBERON (T) SC240 20X500ML BOT IN",null,null,null,0,0,0,0,0,0,0,0,0]
[null,"OBERON (T) SC240 40X200ML BOT IN",null,null,null,33,0,0,2,0,0,0,0,31]
[null,"PLANOFIX SL4 5 20X500ML BOT IN",null,null,null,0,0,0,0,0,0,0,0,0]
[null,"PLANOFIX SL4 5 40X250ML BOT IN",null,null,null,141,0,0,0,0,0,0,0,141]
[null,"PLANOFIX SL4 5 50X100ML BOT IN",null,null,null,100,0,0,0,0,0,0,0,100]
[null,"REGENT (T) SC50 10X1L BOT IN",null,null,null,230,0,0,2,0,0,0,0,228]
[null,"REGENT (T) SC50 20X250ML BOT IN",null,null,null,536,0,0,50,0,0,0,0,486]
[null,"REGENT (T) SC50 20X500ML BOT IN",null,null,null,537,0,0,24,0,0,0,0,513]
[null,"REGENT GOLD SC200 20X500ML BOT IN",null,null,null,67,0,0,0,0,0,0,0,67]
[null,"REGENT GOLD SC200 40X250ML BOT IN",null,null,null,82,0,0,0,0,0,0,0,82]
[null,"REGENT GR0 3 20X1KG BAG IN",null,null,null,0,0,0,0,0,0,0,0,0]
[null,"SECTIN WG60 50X100GR BAG IN",null,null,null,0,0,0,0,0,0,0,0,0]
[null,"SENCOR WP70 60X100GR BAG IN",null,null,null,0,0,0,0,0,0,0,0,0]
[null,"SIVANTO PRIME SL200 40X250ML BOT IN",null,null,null,2,0,0,0,0,0,0,0,2]
[null,"SOLOMON OD300 10X1L BOT IN",null,null,null,0,0,0,0,0,0,0,0,0]
[null,"SOLOMON OD300 20X500ML BOT IN",null,null,null,3,0,0,0,0,0,0,0,3]
[null,"SOLOMON OD300 40X250ML BOT IN",null,null,null,0,0,0,0,0,0,0,0,0]
[null,"SOLOMON OD300 50X100ML BOT IN",null,null,null,0,0,0,0,0,0,0,0,0]
[null,"SPINTOR SC495 10X(20X7ML) BOT IN",null,null,null,2,0,0,0,0,0,0,0,2]
[null,"SPINTOR SC495 20X75ML BOT IN",null,null,null,102,0,0,0,0,0,0,0,102]
[null,"WHIPSUPER (T) EC90 10X1L BOT IN",null,null,null,0,0,0,0,0,0,0,0,0]
[null,"WHIPSUPER (T) EC90 20X500ML BOT IN",null,null,null,20,0,0,0,0,0,0,0,20]
[null,"WHIPSUPER (T) EC90 40X250ML BOT IN",null,null,null,38,0,0,0,0,0,0,0,38]
[null,"Grand Total",null,null,null,13862,0,0,334,0,0,0,0,13528]

{"sheet":"Zylem SNS Report","index":5,"n_rows":69,"n_cols":13,"rows_kept":69,"cut":false,"hidden":false,"merged":[[6,0,6,12],[1,0,1,12],[3,0,3,12],[4,0,4,12],[5,0,5,12]]}
[]
["Company Name:-BAYER"]
["Stock and Sales FOR THE PERIOD 01-Jan-2020 TO 31-Mar-2020"]
["Generated on 6/18/2021 6:42:56 AM"]
["DISTRIBUTOR PRODUCTWISE"]
["OUTPUT IN : PIC,DETAILS AS : Column,CONSIDER : Voucher Date,INCLUDE VALIDATION : False"]
["DISTRIBUTOR:Shubham Krushi Kendra,"]
["DISTRIBUTOR","SAPCODE","PRODUCT","ITEMALIAS","Opening Qty","Purchase Qty","Purchase Return Qty","Sales Qty","Sales Return Qty","Transfer Qty","Consignment Qty","Adjustment Qty","CLSG"]
["Shubham Krushi Kendra",3923891,"ADMIRE (T) WG70 150X30GR BOT IN",79234988,702,0,0,0,0,0,0,0,702]
["Shubham Krushi Kendra",3923891,"ADMIRE (T) WG70 30X150GR BOT IN",79277857,221,0,0,2,0,0,0,0,219]
["Shubham Krushi Kendra",3923891,"ADMIRE (T) WG70 60X75GR BOT IN",79297696,749,0,0,0,0,0,0,0,749]
["Shubham Krushi Kendra",3923891,"ALANTO (T) SC240 40X250ML BOT IN",79915713,-1,0,0,0,0,0,0,0,-1]
["Shubham Krushi Kendra",3923891,"ALANTO (T) SC240 50X100ML BOT IN",79901062,2,0,0,0,0,0,0,0,2]
["Shubham Krushi Kendra",3923891,"ALIETTE WP80 20X250GR BAG IN",3822358,-10,0,0,0,0,0,0,0,-10]
["Shubham Krushi Kendra",3923891,"ALIETTE WP80 20X500GR BAG IN",3822366,-14,0,0,1,0,0,0,0,-15]
["Shubham Krushi Kendra",3923891,"ALIETTE WP80 40X100GR BAG IN",3822331,13,0,0,41,0,0,0,0,-28]
["Shubham Krushi Kendra",3923891,"AMBITION 10X1L BOT IN",86212544,20,0,0,0,0,0,0,0,20]
["Shubham Krushi Kendra",3923891,"AMBITION 20X500ML BOT IN",86228564,93,0,0,0,0,0,0,0,93]
["Shubham Krushi Kendra",3923891,"ANTRACOL (T) WP70 10X1KG BAG IN",6077322,239,0,0,0,0,0,0,0,239]
["Shubham Krushi Kendra",3923891,"ANTRACOL (T) WP70 20X500GR BAG IN",5999978,185,0,0,0,0,0,0,0,185]
["Shubham Krushi Kendra",3923891,"ANTRACOL (T) WP70 40X250GR BAG IN",6112179,278,0,0,51,0,0,0,0,227]
["Shubham Krushi Kendra",3923891,"CONFIDOR (T) SL200 100X50ML BOT IN",5708361,1147,0,0,32,0,0,0,0,1115]
["Shubham Krushi Kendra",3923891,"CONFIDOR (T) SL200 20X250ML BOT IN",5699494,596,0,0,0,0,0,0,0,596]
["Shubham Krushi Kendra",3923891,"CONFIDOR (T) SL200 20X500ML BOT IN",5704439,441,0,0,0,0,0,0,0,441]
["Shubham Krushi Kendra",3923891,"CONFIDOR (T) SL200 50X100ML BOT IN",5703475,756,0,0,10,0,0,0,0,746]
["Shubham Krushi Kendra",3923891,"CONFIDOR SUPER (T) SC350 20X250ML BOT IN",79710852,1349,0,0,0,0,0,0,0,1349]
["Shubham Krushi Kendra",3923891,"CONFIDOR SUPER (T) SC350 50X100ML BOT IN",79735219,997,0,0,0,0,0,0,0,997]
["Shubham Krushi Kendra",3923891,"CONFIDOR SUPER (T) SC350 50X50ML BOT IN",79985169,645,0,0,9,0,0,0,0,636]
["Shubham Krushi Kendra",3923891,"DECIS EC 28 40X250ML BOT IN",3823346,4,0,0,1,0,0,0,0,3]
["Shubham Krushi Kendra",3923891,"ETHREL SL39 50X100ML BOT IN",4299026,50,0,0,12,0,0,0,0,38]
["Shubham Krushi Kendra",3923891,"FAME (T) SC480 10X(20X10ML) BOT IN",79305885,200,0,0,0,0,0,0,0,200]
["Shubham Krushi Kendra",3923891,"FAME (T) SC480 20X100ML BOT IN",79266197,197,0,0,2,0,0,0,0,195]
["Shubham Krushi Kendra",3923891,"FAME (T) SC480 40X50ML BOT IN",79224699,195,0,0,5,0,0,0,0,190]
["Shubham Krushi Kendra",3923891,"FAME (T) SC480 8X250ML BOT IN",80183291,44,0,0,2,0,0,0,0,42]
["Shubham Krushi Kendra",3923891,"FITREST SG5 16X250GR BOT IN",85408089,11,0,0,0,0,0,0,0,11]
["Shubham Krushi Kendra",3923891,"FOLICUR (T) EC250 40X250ML BOT IN",79682271,15,0,0,0,0,0,0,0,15]
["Shubham Krushi Kendra",3923891,"FOLICUR (T) EC250 50X100ML BOT IN",79629125,54,0,0,1,0,0,0,0,53]
["Shubham Krushi Kendra",3923891,"FOOST WP50 20X250G BAG IN",85760270,20,0,0,0,0,0,0,0,20]
["Shubham Krushi Kendra",3923891,"GAUCHO FS600 100X50ML BOT IN",80034733,414,0,0,0,0,0,0,0,414]
["Shubham Krushi Kendra",3923891,"GAUCHO FS600 40X250ML BOT IN",84995681,40,0,0,0,0,0,0,0,40]
["Shubham Krushi Kendra",3923891,"GAUCHO FS600 50X100ML BOT IN",79664141,205,0,0,0,0,0,0,0,205]
["Shubham Krushi Kendra",3923891,"JUMP WG80 80X40GR BAG IN",79267509,4,0,0,0,0,0,0,0,4]
["Shubham Krushi Kendra",3923891,"LARVIN (T) WP75 10X1KG BAG IN",6005062,18,0,0,0,0,0,0,0,18]
["Shubham Krushi Kendra",3923891,"LARVIN (T) WP75 20X250GR BAG IN",6003167,170,0,0,5,0,0,0,0,165]
["Shubham Krushi Kendra",3923891,"LARVIN (T) WP75 20X500GR BAG IN",6005291,174,0,0,2,0,0,0,0,172]
["Shubham Krushi Kendra",3923891,"LARVIN (T) WP75 40X100GR BAG IN",5980436,78,0,0,0,0,0,0,0,78]
["Shubham Krushi Kendra",3923891,"LAUDIS SC630 10X57.5ML BOT IN",84470481,10,0,0,0,0,0,0,0,10]
["Shubham Krushi Kendra",3923891,"MOVENTO ENERGY SC240 40X250ML BOT IN",79679505,61,0,0,3,0,0,0,0,58]
["Shubham Krushi Kendra",3923891,"MOVENTO ENERGY SC240 50X100ML BOT IN",79722605,1,0,0,0,0,0,0,0,1]
["Shubham Krushi Kendra",3923891,"NATIVO WG75 100X50GR BAG IN",80580061,432,0,0,58,0,0,0,0,374]
["Shubham Krushi Kendra",3923891,"NATIVO WG75 20X500GR BAG IN",79198698,0,0,0,1,0,0,0,0,-1]
["Shubham Krushi Kendra",3923891,"NATIVO WG75 40X250GR BAG IN",79237790,334,0,0,8,0,0,0,0,326]
["Shubham Krushi Kendra",3923891,"NATIVO WG75 50X100GR BAG IN",79304102,828,0,0,10,0,0,0,0,818]
["Shubham Krushi Kendra",3923891,"OBERON (T) SC240 40X200ML BOT IN",79971362,33,0,0,2,0,0,0,0,31]
["Shubham Krushi Kendra",3923891,"PLANOFIX SL4 5 40X250ML BOT IN",3825128,141,0,0,0,0,0,0,0,141]
["Shubham Krushi Kendra",3923891,"PLANOFIX SL4 5 50X100ML BOT IN",3825098,100,0,0,0,0,0,0,0,100]
["Shubham Krushi Kendra",3923891,"REGENT (T) SC50 20X250ML BOT IN",5976951,536,0,0,50,0,0,0,0,486]
["Shubham Krushi Kendra",3923891,"REGENT (T) SC50 20X500ML BOT IN",5987678,537,0,0,24,0,0,0,0,513]
["Shubham Krushi Kendra",3923891,"REGENT GOLD SC200 20X500ML BOT IN",81741565,67,0,0,0,0,0,0,0,67]
["Shubham Krushi Kendra",3923891,"REGENT GOLD SC200 40X250ML BOT IN",84126616,82,0,0,0,0,0,0,0,82]
["Shubham Krushi Kendra",3923891,"SIVANTO PRIME SL200 40X250ML BOT IN",80895909,2,0,0,0,0,0,0,0,2]
["Shubham Krushi Kendra",3923891,"SOLOMON OD300 20X500ML BOT IN",79987870,3,0,0,0,0,0,0,0,3]
["Shubham Krushi Kendra",3923891,"SPINTOR SC495 10X(20X7ML) BOT IN",84908770,2,0,0,0,0,0,0,0,2]
["Shubham Krushi Kendra",3923891,"SPINTOR SC495 20X75ML BOT IN",3826566,102,0,0,0,0,0,0,0,102]
["Shubham Krushi Kendra",3923891,"WHIPSUPER (T) EC90 20X500ML BOT IN",5955989,20,0,0,0,0,0,0,0,20]
["Shubham Krushi Kendra",3923891,"WHIPSUPER (T) EC90 40X250ML BOT IN",5966131,38,0,0,0,0,0,0,0,38]
["Shubham Krushi Kendra",3923891,"DECIS EC 28 50X100ML BOT IN",3823311,2,0,0,0,0,0,0,0,2]
["Shubham Krushi Kendra",3923891,"REGENT (T) SC50 10X1L BOT IN",5962667,230,0,0,2,0,0,0,0,228]
["GRANDTOTAL",null,null,null,13862,0,0,334,0,0,0,0,13528]

{"sheet":"OPG","index":6,"n_rows":84,"n_cols":3,"rows_kept":84,"cut":false,"hidden":false,"merged":[]}
["ADMIRE (T) WG70 30X150GR BOT IN",{"$f":"VLOOKUP(A1,'[2]Product Master Sheet'!$B$2:$F$506,5,0)","v":14},221]
["ANTRACOL (T) WP70 40X250GR BAG IN",{"$f":"VLOOKUP(A2,'[2]Product Master Sheet'!$B$2:$F$506,5,0)","v":44},278]
["CONFIDOR (T) SL200 100X50ML BOT IN",{"$f":"VLOOKUP(A3,'[2]Product Master Sheet'!$B$2:$F$506,5,0)","v":112},1147]
["CONFIDOR (T) SL200 50X100ML BOT IN",{"$f":"VLOOKUP(A4,'[2]Product Master Sheet'!$B$2:$F$506,5,0)","v":116},756]
["CONFIDOR SUPER (T) SC350 50X50ML BOT IN",{"$f":"VLOOKUP(A5,'[2]Product Master Sheet'!$B$2:$F$506,5,0)","v":121},645]
["DECIS EC 28 40X250ML BOT IN",{"$f":"VLOOKUP(A6,'[2]Product Master Sheet'!$B$2:$F$506,5,0)","v":126},4]
["ETHREL SL39 50X100ML BOT IN",{"$f":"VLOOKUP(A7,'[2]Product Master Sheet'!$B$2:$F$506,5,0)","v":138},50]
["FAME (T) SC480 40X50ML BOT IN",{"$f":"VLOOKUP(A8,'[2]Product Master Sheet'!$B$2:$F$506,5,0)","v":146},195]
["FAME (T) SC480 8X250ML BOT IN",{"$f":"VLOOKUP(A9,'[2]Product Master Sheet'!$B$2:$F$506,5,0)","v":148},44]
["FOLICUR (T) EC250 50X100ML BOT IN",{"$f":"VLOOKUP(A10,'[2]Product Master Sheet'!$B$2:$F$506,5,0)","v":165},54]
["LARVIN (T) WP75 20X250GR BAG IN",{"$f":"VLOOKUP(A11,'[2]Product Master Sheet'!$B$2:$F$506,5,0)","v":205},170]
["LARVIN (T) WP75 20X500GR BAG IN",{"$f":"VLOOKUP(A12,'[2]Product Master Sheet'!$B$2:$F$506,5,0)","v":206},174]
["MOVENTO ENERGY SC240 40X250ML BOT IN",{"$f":"VLOOKUP(A13,'[2]Product Master Sheet'!$B$2:$F$506,5,0)","v":273},61]
["NATIVO WG75 100X50GR BAG IN",{"$f":"VLOOKUP(A14,'[2]Product Master Sheet'!$B$2:$F$506,5,0)","v":289},432]
["NATIVO WG75 20X500GR BAG IN",{"$f":"VLOOKUP(A15,'[2]Product Master Sheet'!$B$2:$F$506,5,0)","v":292},0]
["NATIVO WG75 40X250GR BAG IN",{"$f":"VLOOKUP(A16,'[2]Product Master Sheet'!$B$2:$F$506,5,0)","v":293},334]
["NATIVO WG75 50X100GR BAG IN",{"$f":"VLOOKUP(A17,'[2]Product Master Sheet'!$B$2:$F$506,5,0)","v":294},828]
["OBERON (T) SC240 40X200ML BOT IN",{"$f":"VLOOKUP(A18,'[2]Product Master Sheet'!$B$2:$F$506,5,0)","v":299},33]
["REGENT (T) SC50 20X250ML BOT IN",{"$f":"VLOOKUP(A19,'[2]Product Master Sheet'!$B$2:$F$506,5,0)","v":325},536]
["REGENT (T) SC50 20X500ML BOT IN",{"$f":"VLOOKUP(A20,'[2]Product Master Sheet'!$B$2:$F$506,5,0)","v":326},537]
["REGENT (T) SC50 10X1L BOT IN",{"$f":"VLOOKUP(A21,'[2]Product Master Sheet'!$B$2:$F$506,5,0)","v":324},230]
["ADMIRE (T) WG70 150X30GR BOT IN",{"$f":"VLOOKUP(A22,'[2]Product Master Sheet'!$B$2:$F$506,5,0)","v":13},702]
["ADMIRE (T) WG70 60X75GR BOT IN",{"$f":"VLOOKUP(A23,'[2]Product Master Sheet'!$B$2:$F$506,5,0)","v":15},749]
["ADUE WG70 3X200G BOT IN",{"$f":"VLOOKUP(A24,'[2]Product Master Sheet'!$B$2:$F$506,5,0)","v":25},0]
["ADUE WG70 6X100G BOT IN",{"$f":"VLOOKUP(A25,'[2]Product Master Sheet'!$B$2:$F$506,5,0)","v":26},0]
["ALANTO (T) SC240 20X500ML BOT IN",{"$f":"VLOOKUP(A26,'[2]Product Master Sheet'!$B$2:$F$506,5,0)","v":28},0]
["ALANTO (T) SC240 40X250ML BOT IN",{"$f":"VLOOKUP(A27,'[2]Product Master Sheet'!$B$2:$F$506,5,0)","v":29},-1]
["ALANTO (T) SC240 50X100ML BOT IN",{"$f":"VLOOKUP(A28,'[2]Product Master Sheet'!$B$2:$F$506,5,0)","v":30},2]
["ALIETTE WP80 20X250GR BAG IN",{"$f":"VLOOKUP(A29,'[2]Product Master Sheet'!$B$2:$F$506,5,0)","v":33},-10]
["ALIETTE WP80 20X500GR BAG IN",{"$f":"VLOOKUP(A30,'[2]Product Master Sheet'!$B$2:$F$506,5,0)","v":34},-14]
["ALIETTE WP80 40X100GR BAG IN",{"$f":"VLOOKUP(A31,'[2]Product Master Sheet'!$B$2:$F$506,5,0)","v":35},13]
["AMBITION 10X1L BOT IN",{"$f":"VLOOKUP(A32,'[2]Product Master Sheet'!$B$2:$F$506,5,0)","v":39},20]
["AMBITION 20X500ML BOT IN",{"$f":"VLOOKUP(A33,'[2]Product Master Sheet'!$B$2:$F$506,5,0)","v":40},93]
["ANTRACOL (T) WP70 10X1KG BAG IN",{"$f":"VLOOKUP(A34,'[2]Product Master Sheet'!$B$2:$F$506,5,0)","v":42},239]
["ANTRACOL (T) WP70 20X500GR BAG IN",{"$f":"VLOOKUP(A35,'[2]Product Master Sheet'!$B$2:$F$506,5,0)","v":43},185]
["BELT EXPERT SC480 100X50ML BOT IN",{"$f":"VLOOKUP(A36,'[2]Product Master Sheet'!$B$2:$F$506,5,0)","v":107},0]
["BELT EXPERT SC480 40X250ML BOT IN",{"$f":"VLOOKUP(A37,'[2]Product Master Sheet'!$B$2:$F$506,5,0)","v":109},0]
["BELT EXPERT SC480 50X100ML BOT IN",{"$f":"VLOOKUP(A38,'[2]Product Master Sheet'!$B$2:$F$506,5,0)","v":111},0]
["CONFIDOR (T) SL200 20X250ML BOT IN",{"$f":"VLOOKUP(A39,'[2]Product Master Sheet'!$B$2:$F$506,5,0)","v":114},596]
["CONFIDOR (T) SL200 20X500ML BOT IN",{"$f":"VLOOKUP(A40,'[2]Product Master Sheet'!$B$2:$F$506,5,0)","v":115},441]
["CONFIDOR SUPER (T) SC350 20X250ML BOT IN",{"$f":"VLOOKUP(A41,'[2]Product Master Sheet'!$B$2:$F$506,5,0)","v":118},1349]
["CONFIDOR SUPER (T) SC350 50X100ML BOT IN",{"$f":"VLOOKUP(A42,'[2]Product Master Sheet'!$B$2:$F$506,5,0)","v":120},997]
["DECIS EC 28 20X500ML BOT IN",{"$f":"VLOOKUP(A43,'[2]Product Master Sheet'!$B$2:$F$506,5,0)","v":125},0]
["DECIS EC 28 50X100ML BOT IN",{"$f":"VLOOKUP(A44,'[2]Product Master Sheet'!$B$2:$F$506,5,0)","v":928},2]
["ETHREL SL39 20X500ML BOT IN",{"$f":"VLOOKUP(A45,'[2]Product Master Sheet'!$B$2:$F$506,5,0)","v":137},0]
["FAME (T) SC480 10X(20X10ML) BOT IN",{"$f":"VLOOKUP(A46,'[2]Product Master Sheet'!$B$2:$F$506,5,0)","v":144},200]
["FAME (T) SC480 20X100ML BOT IN",{"$f":"VLOOKUP(A47,'[2]Product Master Sheet'!$B$2:$F$506,5,0)","v":145},197]
["FITREST SG5 16X250GR BOT IN",{"$f":"VLOOKUP(A48,'[2]Product Master Sheet'!$B$2:$F$506,5,0)","v":154},11]
["FITREST SG5 40X100GR BOT IN",{"$f":"VLOOKUP(A49,'[2]Product Master Sheet'!$B$2:$F$506,5,0)","v":155},0]
["FOLICUR (T) EC250 20X500ML BOT IN",{"$f":"VLOOKUP(A50,'[2]Product Master Sheet'!$B$2:$F$506,5,0)","v":163},0]
["FOLICUR (T) EC250 40X250ML BOT IN",{"$f":"VLOOKUP(A51,'[2]Product Master Sheet'!$B$2:$F$506,5,0)","v":164},15]
["FOOST WP50 20X250G BAG IN",{"$f":"VLOOKUP(A52,'[2]Product Master Sheet'!$B$2:$F$506,5,0)","v":175},20]
["FOOST WP50 24X500G BAG IN",{"$f":"VLOOKUP(A53,'[2]Product Master Sheet'!$B$2:$F$506,5,0)","v":177},0]
["GAUCHO FS600 100X50ML BOT IN",{"$f":"VLOOKUP(A54,'[2]Product Master Sheet'!$B$2:$F$506,5,0)","v":179},414]
["GAUCHO FS600 40X250ML BOT IN",{"$f":"VLOOKUP(A55,'[2]Product Master Sheet'!$B$2:$F$506,5,0)","v":181},40]
["GAUCHO FS600 50X100ML BOT IN",{"$f":"VLOOKUP(A56,'[2]Product Master Sheet'!$B$2:$F$506,5,0)","v":182},205]
["JUMP WG80 160X(10X2GR) BAG IN",{"$f":"VLOOKUP(A57,'[2]Product Master Sheet'!$B$2:$F$506,5,0)","v":199},0]
["JUMP WG80 80X40GR BAG IN",{"$f":"VLOOKUP(A58,'[2]Product Master Sheet'!$B$2:$F$506,5,0)","v":202},4]
["LARVIN (T) WP75 10X1KG BAG IN",{"$f":"VLOOKUP(A59,'[2]Product Master Sheet'!$B$2:$F$506,5,0)","v":204},18]
["LARVIN (T) WP75 40X100GR BAG IN",{"$f":"VLOOKUP(A60,'[2]Product Master Sheet'!$B$2:$F$506,5,0)","v":207},78]
["LAUDIS SC630 10X57.5ML BOT IN",{"$f":"VLOOKUP(A61,'[2]Product Master Sheet'!$B$2:$F$506,5,0)","v":210},10]
["LAUDIS SC630 8X115ML BOT IN",{"$f":"VLOOKUP(A62,'[2]Product Master Sheet'!$B$2:$F$506,5,0)","v":212},0]
["LESENTA WG80 100X40GR BAG IN",{"$f":"VLOOKUP(A63,'[2]Product Master Sheet'!$B$2:$F$506,5,0)","v":215},0]
["LESENTA WG80 50X100GR BAG IN",{"$f":"VLOOKUP(A64,'[2]Product Master Sheet'!$B$2:$F$506,5,0)","v":219},0]
["MOVENTO ENERGY SC240 50X100ML BOT IN",{"$f":"VLOOKUP(A65,'[2]Product Master Sheet'!$B$2:$F$506,5,0)","v":274},1]
["OBERON (T) SC240 20X500ML BOT IN",{"$f":"VLOOKUP(A66,'[2]Product Master Sheet'!$B$2:$F$506,5,0)","v":297},0]
["PLANOFIX SL4 5 20X500ML BOT IN",{"$f":"VLOOKUP(A67,'[2]Product Master Sheet'!$B$2:$F$506,5,0)","v":305},0]
["PLANOFIX SL4 5 40X250ML BOT IN",{"$f":"VLOOKUP(A68,'[2]Product Master Sheet'!$B$2:$F$506,5,0)","v":306},141]
["PLANOFIX SL4 5 50X100ML BOT IN",{"$f":"VLOOKUP(A69,'[2]Product Master Sheet'!$B$2:$F$506,5,0)","v":307},100]
["REGENT GOLD SC200 20X500ML BOT IN",{"$f":"VLOOKUP(A70,'[2]Product Master Sheet'!$B$2:$F$506,5,0)","v":330},67]
["REGENT GOLD SC200 40X250ML BOT IN",{"$f":"VLOOKUP(A71,'[2]Product Master Sheet'!$B$2:$F$506,5,0)","v":331},82]
["REGENT GR0 3 20X1KG BAG IN",{"$f":"VLOOKUP(A72,'[2]Product Master Sheet'!$B$2:$F$506,5,0)","v":335},0]
["SECTIN WG60 50X100GR BAG IN",{"$f":"VLOOKUP(A73,'[2]Product Master Sheet'!$B$2:$F$506,5,0)","v":346},0]
["SENCOR WP70 60X100GR BAG IN",{"$f":"VLOOKUP(A74,'[2]Product Master Sheet'!$B$2:$F$506,5,0)","v":353},0]
["SIVANTO PRIME SL200 40X250ML BOT IN",{"$f":"VLOOKUP(A75,'[2]Product Master Sheet'!$B$2:$F$506,5,0)","v":361},2]
["SOLOMON OD300 10X1L BOT IN",{"$f":"VLOOKUP(A76,'[2]Product Master Sheet'!$B$2:$F$506,5,0)","v":365},0]
["SOLOMON OD300 20X500ML BOT IN",{"$f":"VLOOKUP(A77,'[2]Product Master Sheet'!$B$2:$F$506,5,0)","v":366},3]
["SOLOMON OD300 40X250ML BOT IN",{"$f":"VLOOKUP(A78,'[2]Product Master Sheet'!$B$2:$F$506,5,0)","v":368},0]
["SOLOMON OD300 50X100ML BOT IN",{"$f":"VLOOKUP(A79,'[2]Product Master Sheet'!$B$2:$F$506,5,0)","v":370},0]
["SPINTOR SC495 10X(20X7ML) BOT IN",{"$f":"VLOOKUP(A80,'[2]Product Master Sheet'!$B$2:$F$506,5,0)","v":372},2]
["SPINTOR SC495 20X75ML BOT IN",{"$f":"VLOOKUP(A81,'[2]Product Master Sheet'!$B$2:$F$506,5,0)","v":373},102]
["WHIPSUPER (T) EC90 10X1L BOT IN",{"$f":"VLOOKUP(A82,'[2]Product Master Sheet'!$B$2:$F$506,5,0)","v":403},0]
["WHIPSUPER (T) EC90 20X500ML BOT IN",{"$f":"VLOOKUP(A83,'[2]Product Master Sheet'!$B$2:$F$506,5,0)","v":404},20]
["WHIPSUPER (T) EC90 40X250ML BOT IN",{"$f":"VLOOKUP(A84,'[2]Product Master Sheet'!$B$2:$F$506,5,0)","v":405},38]

{"sheet":"Reco","index":7,"n_rows":88,"n_cols":29,"rows_kept":88,"cut":false,"hidden":false,"merged":[[0,1,0,9],[0,10,0,18],[0,19,0,27]]}
[null,"Zylem Report -01-Jan-2020 TO 31-Mar-2020",null,null,null,null,null,null,null,null,"Dealer Report -01-Jan-2020 TO 31-Mar-2020",null,null,null,null,null,null,null,null,"Difference (+/-)"]
[]
["DEALER CODE","Opening Qty","Purchase Qty","Purchase Return Qty","Sales Qty","Sales Return Qty","Transfer Qty","Consignment Qty","Adjustment Qty","CLSG","Opening Qty","Purchase Qty","Purchase Return Qty","Sales Qty","Sales Return Qty","Transfer Qty","Consignment Qty","Adjustment Qty","CLSG","Opening Stock Qty","Purchase Qty","Purchase Return Qty","Sales Qty","Sales Return Qty","Transfer Qty","Consignment Qty","Adjustments Qty","CLSG","Remark"]
["ADMIRE (T) WG70 150X30GR BOT IN",702,0,0,0,0,0,0,0,702,702,0,0,0,0,0,0,0,702,0,0,0,0,0,0,0,0,0,"Ok"]
["ADMIRE (T) WG70 30X150GR BOT IN",221,0,0,2,0,0,0,0,219,221,0,0,2,0,0,0,0,219,0,0,0,0,0,0,0,0,0,"Ok"]
["ADMIRE (T) WG70 60X75GR BOT IN",749,0,0,0,0,0,0,0,749,749,0,0,0,0,0,0,0,749,0,0,0,0,0,0,0,0,0,"Ok"]
["ALANTO (T) SC240 40X250ML BOT IN",-1,0,0,0,0,0,0,0,-1,-1,0,0,0,0,0,0,0,-1,0,0,0,0,0,0,0,0,0,"Ok"]
["ALANTO (T) SC240 50X100ML BOT IN",2,0,0,0,0,0,0,0,2,2,0,0,0,0,0,0,0,2,0,0,0,0,0,0,0,0,0,"Ok"]
["ALIETTE WP80 20X250GR BAG IN",-10,0,0,0,0,0,0,0,-10,-10,0,0,0,0,0,0,0,-10,0,0,0,0,0,0,0,0,0,"Ok"]
["ALIETTE WP80 20X500GR BAG IN",-14,0,0,1,0,0,0,0,-15,-14,0,0,1,0,0,0,0,-15,0,0,0,0,0,0,0,0,0,"Ok"]
["ALIETTE WP80 40X100GR BAG IN",13,0,0,41,0,0,0,0,-28,13,0,0,41,0,0,0,0,-28,0,0,0,0,0,0,0,0,0,"Ok"]
["AMBITION 10X1L BOT IN",20,0,0,0,0,0,0,0,20,20,0,0,0,0,0,0,0,20,0,0,0,0,0,0,0,0,0,"Ok"]
["AMBITION 20X500ML BOT IN",93,0,0,0,0,0,0,0,93,93,0,0,0,0,0,0,0,93,0,0,0,0,0,0,0,0,0,"Ok"]
["ANTRACOL (T) WP70 10X1KG BAG IN",239,0,0,0,0,0,0,0,239,239,0,0,0,0,0,0,0,239,0,0,0,0,0,0,0,0,0,"Ok"]
["ANTRACOL (T) WP70 20X500GR BAG IN",185,0,0,0,0,0,0,0,185,185,0,0,0,0,0,0,0,185,0,0,0,0,0,0,0,0,0,"Ok"]
["ANTRACOL (T) WP70 40X250GR BAG IN",278,0,0,51,0,0,0,0,227,278,0,0,51,0,0,0,0,227,0,0,0,0,0,0,0,0,0,"Ok"]
["CONFIDOR (T) SL200 100X50ML BOT IN",1147,0,0,32,0,0,0,0,1115,1147,0,0,32,0,0,0,0,1115,0,0,0,0,0,0,0,0,0,"Ok"]
["CONFIDOR (T) SL200 20X250ML BOT IN",596,0,0,0,0,0,0,0,596,596,0,0,0,0,0,0,0,596,0,0,0,0,0,0,0,0,0,"Ok"]
["CONFIDOR (T) SL200 20X500ML BOT IN",441,0,0,0,0,0,0,0,441,441,0,0,0,0,0,0,0,441,0,0,0,0,0,0,0,0,0,"Ok"]
["CONFIDOR (T) SL200 50X100ML BOT IN",756,0,0,10,0,0,0,0,746,756,0,0,10,0,0,0,0,746,0,0,0,0,0,0,0,0,0,"Ok"]
["CONFIDOR SUPER (T) SC350 20X250ML BOT IN",1349,0,0,0,0,0,0,0,1349,1349,0,0,0,0,0,0,0,1349,0,0,0,0,0,0,0,0,0,"Ok"]
["CONFIDOR SUPER (T) SC350 50X100ML BOT IN",997,0,0,0,0,0,0,0,997,997,0,0,0,0,0,0,0,997,0,0,0,0,0,0,0,0,0,"Ok"]
["CONFIDOR SUPER (T) SC350 50X50ML BOT IN",645,0,0,9,0,0,0,0,636,645,0,0,9,0,0,0,0,636,0,0,0,0,0,0,0,0,0,"Ok"]
["DECIS EC 28 40X250ML BOT IN",4,0,0,1,0,0,0,0,3,4,0,0,1,0,0,0,0,3,0,0,0,0,0,0,0,0,0,"Ok"]
["ETHREL SL39 50X100ML BOT IN",50,0,0,12,0,0,0,0,38,50,0,0,12,0,0,0,0,38,0,0,0,0,0,0,0,0,0,"Ok"]
["FAME (T) SC480 10X(20X10ML) BOT IN",200,0,0,0,0,0,0,0,200,200,0,0,0,0,0,0,0,200,0,0,0,0,0,0,0,0,0,"Ok"]
["FAME (T) SC480 20X100ML BOT IN",197,0,0,2,0,0,0,0,195,197,0,0,2,0,0,0,0,195,0,0,0,0,0,0,0,0,0,"Ok"]
["FAME (T) SC480 40X50ML BOT IN",195,0,0,5,0,0,0,0,190,195,0,0,5,0,0,0,0,190,0,0,0,0,0,0,0,0,0,"Ok"]
["FAME (T) SC480 8X250ML BOT IN",44,0,0,2,0,0,0,0,42,44,0,0,2,0,0,0,0,42,0,0,0,0,0,0,0,0,0,"Ok"]
["FITREST SG5 16X250GR BOT IN",11,0,0,0,0,0,0,0,11,11,0,0,0,0,0,0,0,11,0,0,0,0,0,0,0,0,0,"Ok"]
["FOLICUR (T) EC250 40X250ML BOT IN",15,0,0,0,0,0,0,0,15,15,0,0,0,0,0,0,0,15,0,0,0,0,0,0,0,0,0,"Ok"]
["FOLICUR (T) EC250 50X100ML BOT IN",54,0,0,1,0,0,0,0,53,54,0,0,1,0,0,0,0,53,0,0,0,0,0,0,0,0,0,"Ok"]
["FOOST WP50 20X250G BAG IN",20,0,0,0,0,0,0,0,20,20,0,0,0,0,0,0,0,20,0,0,0,0,0,0,0,0,0,"Ok"]
["GAUCHO FS600 100X50ML BOT IN",414,0,0,0,0,0,0,0,414,414,0,0,0,0,0,0,0,414,0,0,0,0,0,0,0,0,0,"Ok"]
["GAUCHO FS600 40X250ML BOT IN",40,0,0,0,0,0,0,0,40,40,0,0,0,0,0,0,0,40,0,0,0,0,0,0,0,0,0,"Ok"]
["GAUCHO FS600 50X100ML BOT IN",205,0,0,0,0,0,0,0,205,205,0,0,0,0,0,0,0,205,0,0,0,0,0,0,0,0,0,"Ok"]
["JUMP WG80 80X40GR BAG IN",4,0,0,0,0,0,0,0,4,4,0,0,0,0,0,0,0,4,0,0,0,0,0,0,0,0,0,"Ok"]
["LARVIN (T) WP75 10X1KG BAG IN",18,0,0,0,0,0,0,0,18,18,0,0,0,0,0,0,0,18,0,0,0,0,0,0,0,0,0,"Ok"]
["LARVIN (T) WP75 20X250GR BAG IN",170,0,0,5,0,0,0,0,165,170,0,0,5,0,0,0,0,165,0,0,0,0,0,0,0,0,0,"Ok"]
["LARVIN (T) WP75 20X500GR BAG IN",174,0,0,2,0,0,0,0,172,174,0,0,2,0,0,0,0,172,0,0,0,0,0,0,0,0,0,"Ok"]
["LARVIN (T) WP75 40X100GR BAG IN",78,0,0,0,0,0,0,0,78,78,0,0,0,0,0,0,0,78,0,0,0,0,0,0,0,0,0,"Ok"]
["LAUDIS SC630 10X57.5ML BOT IN",10,0,0,0,0,0,0,0,10,10,0,0,0,0,0,0,0,10,0,0,0,0,0,0,0,0,0,"Ok"]
["MOVENTO ENERGY SC240 40X250ML BOT IN",61,0,0,3,0,0,0,0,58,61,0,0,3,0,0,0,0,58,0,0,0,0,0,0,0,0,0,"Ok"]
["MOVENTO ENERGY SC240 50X100ML BOT IN",1,0,0,0,0,0,0,0,1,1,0,0,0,0,0,0,0,1,0,0,0,0,0,0,0,0,0,"Ok"]
["NATIVO WG75 100X50GR BAG IN",432,0,0,58,0,0,0,0,374,432,0,0,58,0,0,0,0,374,0,0,0,0,0,0,0,0,0,"Ok"]
["NATIVO WG75 20X500GR BAG IN",0,0,0,1,0,0,0,0,-1,0,0,0,1,0,0,0,0,-1,0,0,0,0,0,0,0,0,0,"Ok"]
["NATIVO WG75 40X250GR BAG IN",334,0,0,8,0,0,0,0,326,334,0,0,8,0,0,0,0,326,0,0,0,0,0,0,0,0,0,"Ok"]
["NATIVO WG75 50X100GR BAG IN",828,0,0,10,0,0,0,0,818,828,0,0,10,0,0,0,0,818,0,0,0,0,0,0,0,0,0,"Ok"]
["OBERON (T) SC240 40X200ML BOT IN",33,0,0,2,0,0,0,0,31,33,0,0,2,0,0,0,0,31,0,0,0,0,0,0,0,0,0,"Ok"]
["PLANOFIX SL4 5 40X250ML BOT IN",141,0,0,0,0,0,0,0,141,141,0,0,0,0,0,0,0,141,0,0,0,0,0,0,0,0,0,"Ok"]
["PLANOFIX SL4 5 50X100ML BOT IN",100,0,0,0,0,0,0,0,100,100,0,0,0,0,0,0,0,100,0,0,0,0,0,0,0,0,0,"Ok"]
["REGENT (T) SC50 20X250ML BOT IN",536,0,0,50,0,0,0,0,486,536,0,0,50,0,0,0,0,486,0,0,0,0,0,0,0,0,0,"Ok"]
["REGENT (T) SC50 20X500ML BOT IN",537,0,0,24,0,0,0,0,513,537,0,0,24,0,0,0,0,513,0,0,0,0,0,0,0,0,0,"Ok"]
["REGENT GOLD SC200 20X500ML BOT IN",67,0,0,0,0,0,0,0,67,67,0,0,0,0,0,0,0,67,0,0,0,0,0,0,0,0,0,"Ok"]
["REGENT GOLD SC200 40X250ML BOT IN",82,0,0,0,0,0,0,0,82,82,0,0,0,0,0,0,0,82,0,0,0,0,0,0,0,0,0,"Ok"]
["SIVANTO PRIME SL200 40X250ML BOT IN",2,0,0,0,0,0,0,0,2,2,0,0,0,0,0,0,0,2,0,0,0,0,0,0,0,0,0,"Ok"]
["SOLOMON OD300 20X500ML BOT IN",3,0,0,0,0,0,0,0,3,3,0,0,0,0,0,0,0,3,0,0,0,0,0,0,0,0,0,"Ok"]
["SPINTOR SC495 10X(20X7ML) BOT IN",2,0,0,0,0,0,0,0,2,2,0,0,0,0,0,0,0,2,0,0,0,0,0,0,0,0,0,"Ok"]
["SPINTOR SC495 20X75ML BOT IN",102,0,0,0,0,0,0,0,102,102,0,0,0,0,0,0,0,102,0,0,0,0,0,0,0,0,0,"Ok"]
["WHIPSUPER (T) EC90 20X500ML BOT IN",20,0,0,0,0,0,0,0,20,20,0,0,0,0,0,0,0,20,0,0,0,0,0,0,0,0,0,"Ok"]
["WHIPSUPER (T) EC90 40X250ML BOT IN",38,0,0,0,0,0,0,0,38,38,0,0,0,0,0,0,0,38,0,0,0,0,0,0,0,0,0,"Ok"]
["DECIS EC 28 50X100ML BOT IN",2,0,0,0,0,0,0,0,2,2,0,0,0,0,0,0,0,2,0,0,0,0,0,0,0,0,0,"Ok"]
["REGENT (T) SC50 10X1L BOT IN",230,0,0,2,0,0,0,0,228,230,0,0,2,0,0,0,0,228,0,0,0,0,0,0,0,0,0,"Ok"]
["ADUE WG70 3X200G BOT IN",0,0,0,0,0,0,0,0,0,0,0,0,0,0,0,0,0,0,0,0,0,0,0,0,0,0,0,"Ok"]
["ADUE WG70 6X100G BOT IN",0,0,0,0,0,0,0,0,0,0,0,0,0,0,0,0,0,0,0,0,0,0,0,0,0,0,0,"Ok"]
["ALANTO (T) SC240 20X500ML BOT IN",0,0,0,0,0,0,0,0,0,0,0,0,0,0,0,0,0,0,0,0,0,0,0,0,0,0,0,"Ok"]
["BELT EXPERT SC480 100X50ML BOT IN",0,0,0,0,0,0,0,0,0,0,0,0,0,0,0,0,0,0,0,0,0,0,0,0,0,0,0,"Ok"]
["BELT EXPERT SC480 40X250ML BOT IN",0,0,0,0,0,0,0,0,0,0,0,0,0,0,0,0,0,0,0,0,0,0,0,0,0,0,0,"Ok"]
["BELT EXPERT SC480 50X100ML BOT IN",0,0,0,0,0,0,0,0,0,0,0,0,0,0,0,0,0,0,0,0,0,0,0,0,0,0,0,"Ok"]
["DECIS EC 28 20X500ML BOT IN",0,0,0,0,0,0,0,0,0,0,0,0,0,0,0,0,0,0,0,0,0,0,0,0,0,0,0,"Ok"]
["ETHREL SL39 20X500ML BOT IN",0,0,0,0,0,0,0,0,0,0,0,0,0,0,0,0,0,0,0,0,0,0,0,0,0,0,0,"Ok"]
["FITREST SG5 40X100GR BOT IN",0,0,0,0,0,0,0,0,0,0,0,0,0,0,0,0,0,0,0,0,0,0,0,0,0,0,0,"Ok"]
["FOLICUR (T) EC250 20X500ML BOT IN",0,0,0,0,0,0,0,0,0,0,0,0,0,0,0,0,0,0,0,0,0,0,0,0,0,0,0,"Ok"]
["FOOST WP50 24X500G BAG IN",0,0,0,0,0,0,0,0,0,0,0,0,0,0,0,0,0,0,0,0,0,0,0,0,0,0,0,"Ok"]
["JUMP WG80 160X(10X2GR) BAG IN",0,0,0,0,0,0,0,0,0,0,0,0,0,0,0,0,0,0,0,0,0,0,0,0,0,0,0,"Ok"]
["LAUDIS SC630 8X115ML BOT IN",0,0,0,0,0,0,0,0,0,0,0,0,0,0,0,0,0,0,0,0,0,0,0,0,0,0,0,"Ok"]
["LESENTA WG80 100X40GR BAG IN",0,0,0,0,0,0,0,0,0,0,0,0,0,0,0,0,0,0,0,0,0,0,0,0,0,0,0,"Ok"]
["LESENTA WG80 50X100GR BAG IN",0,0,0,0,0,0,0,0,0,0,0,0,0,0,0,0,0,0,0,0,0,0,0,0,0,0,0,"Ok"]
["OBERON (T) SC240 20X500ML BOT IN",0,0,0,0,0,0,0,0,0,0,0,0,0,0,0,0,0,0,0,0,0,0,0,0,0,0,0,"Ok"]
["PLANOFIX SL4 5 20X500ML BOT IN",0,0,0,0,0,0,0,0,0,0,0,0,0,0,0,0,0,0,0,0,0,0,0,0,0,0,0,"Ok"]
["REGENT GR0 3 20X1KG BAG IN",0,0,0,0,0,0,0,0,0,0,0,0,0,0,0,0,0,0,0,0,0,0,0,0,0,0,0,"Ok"]
["SECTIN WG60 50X100GR BAG IN",0,0,0,0,0,0,0,0,0,0,0,0,0,0,0,0,0,0,0,0,0,0,0,0,0,0,0,"Ok"]
["SENCOR WP70 60X100GR BAG IN",0,0,0,0,0,0,0,0,0,0,0,0,0,0,0,0,0,0,0,0,0,0,0,0,0,0,0,"Ok"]
["SOLOMON OD300 10X1L BOT IN",0,0,0,0,0,0,0,0,0,0,0,0,0,0,0,0,0,0,0,0,0,0,0,0,0,0,0,"Ok"]
["SOLOMON OD300 40X250ML BOT IN",0,0,0,0,0,0,0,0,0,0,0,0,0,0,0,0,0,0,0,0,0,0,0,0,0,0,0,"Ok"]
["SOLOMON OD300 50X100ML BOT IN",0,0,0,0,0,0,0,0,0,0,0,0,0,0,0,0,0,0,0,0,0,0,0,0,0,0,0,"Ok"]
["WHIPSUPER (T) EC90 10X1L BOT IN",0,0,0,0,0,0,0,0,0,0,0,0,0,0,0,0,0,0,0,0,0,0,0,0,0,0,0,"Ok"]
["Total",13862,0,0,334,0,0,0,0,13528,13862,0,0,334,0,0,0,0,13528,0,0,0,0,0,0,0,0,0]