{"text_format":"1","workbook":"xlsx","n_sheets":8,"sheets":["Navigation","Dealer Report","Dealer Report working","Master","Final Dealer Work","Zylem SNS Report","OPG","Reco"],"not_rendered":{"charts":0,"images":0,"macros":1,"external_links":2,"defined_names":11,"comments":0,"pivot_tables":1},"unopened":[],"bounds":{"document_bytes":16777216,"sheet_cells":100000,"rows_first":2000,"rows_last":500,"rows_between":2000,"halvings":0,"cell_chars":16384,"cell_head_chars":4096},"cells_cut":0,"cells_raw":0,"read":"whole","date_system":"1900"}

{"sheet":"Navigation","index":0,"n_rows":8,"n_cols":12,"rows_kept":8,"cut":false,"hidden":false,"merged":[]}
[]
[]
[]
[]
[]
[]
[null,null,null,null,null,null,null,null,null,null,"Shetkari Krushi Seva Kendra"]
[null,null,null,null,null,null,null,null,null,null,null,"Stock and Sales FOR THE PERIOD 01-Apr-2021 TO 31-Jul-2021"]

{"sheet":"Dealer Report","index":1,"n_rows":94,"n_cols":6,"rows_kept":94,"cut":false,"hidden":false,"merged":[]}
["Shetkari Krushi Seva Kendra"]
["Bayer Crop"]
["Stock Category Summary"]
["1-Apr-21 to 31-Jul-21"]
["","Bayer Crop"]
["","Shetkari Krushi Seva Kendra (21-22)"]
["Particulars","1-Apr-21 to 31-Jul-21"]
["","Opening Balance","Inwards","Outwards","Closing Balance"]
["","Quantity","Quantity","Quantity","Quantity"]
["Admire 150gm",null,null,null,null,{"$f":"B10+C10-D10","v":0}]
["Admire 2gm",103,1000,732,371,{"$f":"B11+C11-D11","v":371}]
["Admire 30gm",null,150,131,19,19]
["Admire 75gm",null,60,2,58,58]
["Aliette 100gm",61,null,61,null,0]
["Aliette 1Kg",4,20,21,3,3]
["Aliette 250gm",30,null,24,6,6]
["Aliette 500Gm",14,20,30,4,4]
["Ambition 1ltr",null,50,48,2,2]
["Ambition 250ml",null,320,41,279,279]
["Ambition 500ml",null,100,59,41,41]
["Antracol 100gm",23,150,50,123,123]
["Antracol 1kg",null,null,null,null,0]
["Antracol 250gm",44,240,155,129,129]
["Antracol 500gm",1,120,116,5,5]
["Belt Expert 100ml",13,null,13,null,0]
["Bt Cotton Surpass Firstclass 7149 BG II 450gm",null,null,null,null,0]
["Bt Cotton Surpass Superb BG II 450gm",null,null,null,null,0]
["Confidor 100ml",null,150,42,108,108]
["Confidor 250ml",8,40,18,30,30]
["Confidor 500ml",null,20,6,14,14]
["Confidor 50ml",null,100,51,49,49]
["Decis 100  100ml",null,null,null,null,0]
["Decis 100 250ml",24,null,17,7,7]
["Ethrel 100ml",null,50,11,39,39]
["Ethrel 500ml",null,null,null,null,0]
["Evergol Xtend 100ml",4,250,126,128,128]
["Evergol Xtend 40ml",46,500,128,418,418]
["Fame 100ml",null,null,null,null,0]
["Fame 10ml",null,null,null,null,0]
["Fame 250ml",1,null,1,null,0]
["Fame 50 Ml",null,null,null,null,0]
["Fenos Quick 100ml",99,250,16,333,333]
["Folicur 100ml",12,150,102,60,60]
["Folicur 250ml",20,40,33,27,27]
["Folicur 500 Ml",null,null,null,null,0]
["Gaucho 100 Ml",273,750,809,214,214]
["Gaucho 250ml",null,40,40,null,0]
["Gaucho 50ml",140,2500,1125,1515,1515]
["Gaucho 9ml",null,500,107,393,393]
["Infinito 100ml",5,null,3,2,2]
["Infinito 500ml",6,null,3,3,3]
["Jump 2gm",null,1600,684,916,916]
["Larvin 250gm",null,null,null,null,0]
["Laudis 115ml",1,null,null,1,1]
["Lesenta 100gm",29,null,8,21,21]
["Luna Experience 100ml",null,250,167,83,83]
["Luna Experience 1li",null,10,null,10,10]
["Luna Experience 250ml",null,201,91,110,110]
["Melody Duo 400gm",6,null,null,6,6]
["Melody Duo 800gm",null,null,null,null,0]
["Movento Energy 100ml",13,null,13,null,0]
["Movento Energy 250ml",null,null,null,null,0]
["Nativo 100gm",3,150,128,25,25]
["Nativo 10gm",144,200,286,58,58]
["Nativo 250 Gm",26,null,18,8,8]
["Nativo 50gm",41,200,213,28,28]
["Oberon 100ml",50,null,32,18,18]
["Oberon 200ml",40,null,6,34,34]
["Planofix 100ml",21,50,18,53,53]
["Planofix 250ml",10,40,9,41,41]
["Regent 100 Gm",26,50,37,39,39]
["Regent 1kg",2,null,2,null,0]
["Regent 250 Gm",21,40,36,25,25]
["Regent 500 Gm",null,40,6,34,34]
["Regent 5kg",60,null,21,39,{"$f":"B75+C75-D75","v":39}]
["Regent Gold 100ml",null,null,null,null,0]
["Regent Gold 250ml",null,null,null,null,0]
["Regent Ultra 4kg",null,null,null,null,0]
["Roundup 250ml",122,null,74,48,48]
["Sectin 100gm",1,null,1,null,0]
["Sectin 1kg",null,null,null,null,0]
["Sectin 600gm",3,null,3,null,0]
["Sencor 100gm",65,null,65,null,0]
["Sencor 500gm",262,null,262,null,0]
["Solomon 100ml",11,600,212,399,399]
["Solomon 1lit",17,100,86,31,31]
["Solomon 250ml",65,400,388,77,77]
["Solomon 500ml",27,500,303,224,224]
["Super Confidor 100ml",25,100,50,75,75]
["Super Confidor 250ml",null,40,null,40,40]
["Super Confidor 50ml",null,150,92,58,58]
["Topstar 100gm",null,null,null,null,0]
["Velum Prime 500ml",3,20,12,11,11]
["TOTAl",{"$f":"SUM(B10:B93)","v":2025},{"$f":"SUM(C10:C93)","v":12311},{"$f":"SUM(D10:D93)","v":7444},{"$f":"SUM(E10:E93)","v":6892},6892]

{"sheet":"Dealer Report working","index":2,"n_rows":86,"n_cols":14,"rows_kept":86,"cut":false,"hidden":false,"merged":[]}
["Particulars","Opening Qty","Purchase Qty","Sales Qty","CLSG","Master Name",null,null,null,null,"Values"]
["Admire 150gm",null,null,null,null,"ADMIRE (T) WG70 30X150GR BOT IN",null,null,null,"Row Labels","Sum of Opening Qty","Sum of Purchase Qty","Sum of Sales Qty","Sum of CLSG"]
["Admire 2gm",103,1000,732,371,"ADMIRE WG70 125X(8X2GR) BAG IN",null,null,null,"ADMIRE (T) WG70 150X30GR BOT IN",null,150,131,19]
["Admire 30gm",null,150,131,19,"ADMIRE (T) WG70 150X30GR BOT IN",null,null,null,"ADMIRE (T) WG70 30X150GR BOT IN"]
["Admire 75gm",null,60,2,58,"ADMIRE (T) WG70 60X75GR BOT IN",null,null,null,"ADMIRE (T) WG70 60X75GR BOT IN",null,60,2,58]
["Aliette 100gm",61,null,61,null,"ALIETTE WP80 40X100GR BAG IN",null,null,null,"ADMIRE WG70 125X(8X2GR) BAG IN",103,1000,732,371]
["Aliette 1Kg",4,20,21,3,"ALIETTE WP80 10X1KG BAG IN",null,null,null,"ALIETTE WP80 10X1KG BAG IN",4,20,21,3]
["Aliette 250gm",30,null,24,6,"ALIETTE WP80 20X250GR BAG IN",null,null,null,"ALIETTE WP80 20X250GR BAG IN",30,null,24,6]
["Aliette 500Gm",14,20,30,4,"ALIETTE WP80 20X500GR BAG IN",null,null,null,"ALIETTE WP80 20X500GR BAG IN",14,20,30,4]
["Ambition 1ltr",null,50,48,2,"AMBITION 10X1L BOT IN",null,null,null,"ALIETTE WP80 40X100GR BAG IN",61,null,61]
["Ambition 250ml",null,320,41,279,"AMBITION 40X250ML BOT IN",null,null,null,"AMBITION 10X1L BOT IN",null,50,48,2]
["Ambition 500ml",null,100,59,41,"AMBITION 20X500ML BOT IN",null,null,null,"AMBITION 20X500ML BOT IN",null,100,59,41]
["Antracol 100gm",23,150,50,123,"ANTRACOL (T) WP70 50X100GR BAG IN",null,null,null,"AMBITION 40X250ML BOT IN",null,320,41,279]
["Antracol 1kg",null,null,null,null,"ANTRACOL (T) WP70 10X1KG BAG IN",null,null,null,"ANTRACOL (T) WP70 10X1KG BAG IN"]
["Antracol 250gm",44,240,155,129,"ANTRACOL (T) WP70 40X250GR BAG IN",null,null,null,"ANTRACOL (T) WP70 20X500GR BAG IN",1,120,116,5]
["Antracol 500gm",1,120,116,5,"ANTRACOL (T) WP70 20X500GR BAG IN",null,null,null,"ANTRACOL (T) WP70 40X250GR BAG IN",44,240,155,129]
["Belt Expert 100ml",13,null,13,null,"BELT EXPERT SC480 50X100ML BOT IN",null,null,null,"ANTRACOL (T) WP70 50X100GR BAG IN",23,150,50,123]
["Bt Cotton Surpass Firstclass 7149 BG II 450gm",null,null,null,null,"DISCOUNTINUE PRODUCT",null,null,null,"BELT EXPERT SC480 50X100ML BOT IN",13,null,13]
["Bt Cotton Surpass Superb BG II 450gm",null,null,null,null,"SURPASS SUPERB BG2 20X450G BAG IN",null,null,null,"CONFIDOR (T) SL200 100X50ML BOT IN",null,100,51,49]
["Confidor 100ml",null,150,42,108,"CONFIDOR (T) SL200 50X100ML BOT IN",null,null,null,"CONFIDOR (T) SL200 20X250ML BOT IN",8,40,18,30]
["Confidor 250ml",8,40,18,30,"CONFIDOR (T) SL200 20X250ML BOT IN",null,null,null,"CONFIDOR (T) SL200 20X500ML BOT IN",null,20,6,14]
["Confidor 500ml",null,20,6,14,"CONFIDOR (T) SL200 20X500ML BOT IN",null,null,null,"CONFIDOR (T) SL200 50X100ML BOT IN",null,150,42,108]
["Confidor 50ml",null,100,51,49,"CONFIDOR (T) SL200 100X50ML BOT IN",null,null,null,"CONFIDOR SUPER (T) SC350 20X250ML BOT IN",null,40,null,40]
["Decis 100  100ml",null,null,null,null,"DECIS EC101-2 50X100ML BOX IN",null,null,null,"CONFIDOR SUPER (T) SC350 50X100ML BOT IN",25,100,50,75]
["Decis 100 250ml",24,null,17,7,"DECIS EC 28 40X250ML BOT IN",null,null,null,"CONFIDOR SUPER (T) SC350 50X50ML BOT IN",null,150,92,58]
["Ethrel 100ml",null,50,11,39,"ETHREL SL39 50X100ML BOT IN",null,null,null,"DECIS EC 28 40X250ML BOT IN",24,null,17,7]
["Ethrel 500ml",null,null,null,null,"ETHREL SL39 20X500ML BOT IN",null,null,null,"DECIS EC101-2 50X100ML BOX IN"]
["Evergol Xtend 100ml",4,250,126,128,"EVERGOL XTEND FS308 50X100ML BOT IN",null,null,null,"DISCOUNTINUE PRODUCT",140,2500,1125,1515]
["Evergol Xtend 40ml",46,500,128,418,"EVERGOL XTEND FS308 100X40ML BOT IN",null,null,null,"ETHREL SL39 20X500ML BOT IN"]
["Fame 100ml",null,null,null,null,"FAME (T) SC480 20X100ML BOT IN",null,null,null,"ETHREL SL39 50X100ML BOT IN",null,50,11,39]
["Fame 10ml",null,null,null,null,"FAME (T) SC480 10X(20X10ML) BOT IN",null,null,null,"EVERGOL XTEND FS308 100X40ML BOT IN",46,500,128,418]
["Fame 250ml",1,null,1,null,"FAME (T) SC480 8X250ML BOT IN",null,null,null,"EVERGOL XTEND FS308 50X100ML BOT IN",4,250,126,128]
["Fame 50 Ml",null,null,null,null,"FAME (T) SC480 40X50ML BOT IN",null,null,null,"FAME (T) SC480 10X(20X10ML) BOT IN"]
["Fenos Quick 100ml",99,250,16,333,"FENOS QUICK SC150 50X100ML BOT IN",null,null,null,"FAME (T) SC480 20X100ML BOT IN"]
["Folicur 100ml",12,150,102,60,"FOLICUR (T) EC250 50X100ML BOT IN",null,null,null,"FAME (T) SC480 40X50ML BOT IN"]
["Folicur 250ml",20,40,33,27,"FOLICUR (T) EC250 40X250ML BOT IN",null,null,null,"FAME (T) SC480 8X250ML BOT IN",1,null,1]
["Folicur 500 Ml",null,null,null,null,"FOLICUR (T) EC250 20X500ML BOT IN",null,null,null,"FENOS QUICK SC150 50X100ML BOT IN",99,250,16,333]
["Gaucho 100 Ml",273,750,809,214,"GAUCHO FS600 50X100ML BOT IN",null,null,null,"FOLICUR (T) EC250 20X500ML BOT IN"]
["Gaucho 250ml",null,40,40,null,"GAUCHO FS600 40X250ML BOT IN",null,null,null,"FOLICUR (T) EC250 40X250ML BOT IN",20,40,33,27]
["Gaucho 50ml",140,2500,1125,1515,"DISCOUNTINUE PRODUCT",null,null,null,"FOLICUR (T) EC250 50X100ML BOT IN",12,150,102,60]
["Gaucho 9ml",null,500,107,393,"GAUCHO FS600 5X(20X9)ML BOT IN",null,null,null,"GAUCHO FS600 40X250ML BOT IN",null,40,40]
["Infinito 100ml",5,null,3,2,"INFINITO SC687 5 50X100ML BOT IN",null,null,null,"GAUCHO FS600 50X100ML BOT IN",273,750,809,214]
["Infinito 500ml",6,null,3,3,"INFINITO SC687 5 20X500ML BOT IN",null,null,null,"GAUCHO FS600 5X(20X9)ML BOT IN",null,500,107,393]
["Jump 2gm",null,1600,684,916,"JUMP WG80 160X(10X2GR) BAG IN",null,null,null,"INFINITO SC687 5 20X500ML BOT IN",6,null,3,3]
["Larvin 250gm",null,null,null,null,"LARVIN (T) WP75 20X250GR BAG IN",null,null,null,"INFINITO SC687 5 50X100ML BOT IN",5,null,3,2]
["Laudis 115ml",1,null,null,1,"LAUDIS SC630 8X115ML BOT IN",null,null,null,"JUMP WG80 160X(10X2GR) BAG IN",null,1600,684,916]
["Lesenta 100gm",29,null,8,21,"LESENTA WG80 50X100GR BAG IN",null,null,null,"LARVIN (T) WP75 20X250GR BAG IN"]
["Luna Experience 100ml",null,250,167,83,"LUNA EXPERIENCE SC400 50X100ML BOT IN",null,null,null,"LAUDIS SC630 8X115ML BOT IN",1,null,null,1]
["Luna Experience 1li",null,10,null,10,"LUNA EXPERIENCE SC400 10X1L BOT IN",null,null,null,"LESENTA WG80 50X100GR BAG IN",29,null,8,21]
["Luna Experience 250ml",null,201,91,110,"LUNA EXPERIENCE SC400 40X250ML BOT IN",null,null,null,"LUNA EXPERIENCE SC400 10X1L BOT IN",null,10,null,10]
["Melody Duo 400gm",6,null,null,6,"MELODY DUO WP66 8 10X400GR BAG IN",null,null,null,"LUNA EXPERIENCE SC400 40X250ML BOT IN",null,201,91,110]
["Melody Duo 800gm",null,null,null,null,"MELODY DUO WP66 8 10X800G BAG IN",null,null,null,"LUNA EXPERIENCE SC400 50X100ML BOT IN",null,250,167,83]
["Movento Energy 100ml",13,null,13,null,"MOVENTO ENERGY SC240 50X100ML BOT IN",null,null,null,"MELODY DUO WP66 8 10X400GR BAG IN",6,null,null,6]
["Movento Energy 250ml",null,null,null,null,"MOVENTO ENERGY SC240 40X250ML BOT IN",null,null,null,"MELODY DUO WP66 8 10X800G BAG IN"]
["Nativo 100gm",3,150,128,25,"NATIVO WG75 50X100GR BAG IN",null,null,null,"MOVENTO ENERGY SC240 40X250ML BOT IN"]
["Nativo 10gm",144,200,286,58,"NATIVO WG75 20X(10X10GR) BAG IN",null,null,null,"MOVENTO ENERGY SC240 50X100ML BOT IN",13,null,13]
["Nativo 250 Gm",26,null,18,8,"NATIVO WG75 40X250GR BAG IN",null,null,null,"NATIVO WG75 100X50GR BAG IN",41,200,213,28]
["Nativo 50gm",41,200,213,28,"NATIVO WG75 100X50GR BAG IN",null,null,null,"NATIVO WG75 20X(10X10GR) BAG IN",144,200,286,58]
["Oberon 100ml",50,null,32,18,"OBERON (T) SC240 50X100ML BOT IN",null,null,null,"NATIVO WG75 40X250GR BAG IN",26,null,18,8]
["Oberon 200ml",40,null,6,34,"OBERON (T) SC240 40X200ML BOT IN",null,null,null,"NATIVO WG75 50X100GR BAG IN",3,150,128,25]
["Planofix 100ml",21,50,18,53,"PLANOFIX SL4 5 50X100ML BOT IN",null,null,null,"OBERON (T) SC240 40X200ML BOT IN",40,null,6,34]
["Planofix 250ml",10,40,9,41,"PLANOFIX SL4 5 40X250ML BOT IN",null,null,null,"OBERON (T) SC240 50X100ML BOT IN",50,null,32,18]
["Regent 100 Gm",26,50,37,39,"REGENT (T) SC50 50X100ML BOT IN",null,null,null,"PLANOFIX SL4 5 40X250ML BOT IN",10,40,9,41]
["Regent 1kg",2,null,2,null,"REGENT (T) SC50 10X1L BOT IN",null,null,null,"PLANOFIX SL4 5 50X100ML BOT IN",21,50,18,53]
["Regent 250 Gm",21,40,36,25,"REGENT (T) SC50 20X250ML BOT IN",null,null,null,"REGENT (T) SC50 10X1L BOT IN",2,null,2]
["Regent 500 Gm",null,40,6,34,"REGENT (T) SC50 20X500ML BOT IN",null,null,null,"REGENT (T) SC50 20X250ML BOT IN",21,40,36,25]
["Regent 5kg",60,null,21,39,"REGENT GR0 3 4X5KG BAG IN",null,null,null,"REGENT (T) SC50 20X500ML BOT IN",null,40,6,34]
["Regent Gold 100ml",null,null,null,null,"REGENT GOLD SC200 50X100ML BOT IN",null,null,null,"REGENT (T) SC50 50X100ML BOT IN",26,50,37,39]
["Regent Gold 250ml",null,null,null,null,"REGENT GOLD SC200 40X250ML BOT IN",null,null,null,"REGENT GOLD SC200 40X250ML BOT IN"]
["Regent Ultra 4kg",null,null,null,null,"REGENT ULTRA GR0 6 5X4KG BAG IN",null,null,null,"REGENT GOLD SC200 50X100ML BOT IN"]
["Roundup 250ml",122,null,74,48,"ROUNDUP 41% SL (IN) 40X250 ML",null,null,null,"REGENT GR0 3 4X5KG BAG IN",60,null,21,39]
["Sectin 100gm",1,null,1,null,"SECTIN WG60 50X100GR BAG IN",null,null,null,"REGENT ULTRA GR0 6 5X4KG BAG IN"]
["Sectin 1kg",null,null,null,null,"SECTIN WG60 10X1KG BAG IN",null,null,null,"ROUNDUP 41% SL (IN) 40X250 ML",122,null,74,48]
["Sectin 600gm",3,null,3,null,"SECTIN WG60 20X600GR BAG IN",null,null,null,"SECTIN WG60 10X1KG BAG IN"]
["Sencor 100gm",65,null,65,null,"SENCOR WP70 60X100GR BAG IN",null,null,null,"SECTIN WG60 20X600GR BAG IN",3,null,3]
["Sencor 500gm",262,null,262,null,"SENCOR WP70 20X500GR BOX IN",null,null,null,"SECTIN WG60 50X100GR BAG IN",1,null,1]
["Solomon 100ml",11,600,212,399,"SOLOMON OD300 50X100ML BOT IN",null,null,null,"SENCOR WP70 20X500GR BOX IN",262,null,262]
["Solomon 1lit",17,100,86,31,"SOLOMON OD300 10X1L BOT IN",null,null,null,"SENCOR WP70 60X100GR BAG IN",65,null,65]
["Solomon 250ml",65,400,388,77,"SOLOMON OD300 40X250ML BOT IN",null,null,null,"SOLOMON OD300 10X1L BOT IN",17,100,86,31]
["Solomon 500ml",27,500,303,224,"SOLOMON OD300 20X500ML BOT IN",null,null,null,"SOLOMON OD300 20X500ML BOT IN",27,500,303,224]
["Super Confidor 100ml",25,100,50,75,"CONFIDOR SUPER (T) SC350 50X100ML BOT IN",null,null,null,"SOLOMON OD300 40X250ML BOT IN",65,400,388,77]
["Super Confidor 250ml",null,40,null,40,"CONFIDOR SUPER (T) SC350 20X250ML BOT IN",null,null,null,"SOLOMON OD300 50X100ML BOT IN",11,600,212,399]
["Super Confidor 50ml",null,150,92,58,"CONFIDOR SUPER (T) SC350 50X50ML BOT IN",null,null,null,"SURPASS SUPERB BG2 20X450G BAG IN"]
["Topstar 100gm",null,null,null,null,"TOPSTAR (T) WP80 4X(10X100GR) BOX IN",null,null,null,"TOPSTAR (T) WP80 4X(10X100GR) BOX IN"]
["Velum Prime 500ml",3,20,12,11,"VELUM PRIME SC400 20X500ML BOT IN",null,null,null,"VELUM PRIME SC400 20X500ML BOT IN",3,20,12,11]
[null,null,null,null,null,null,null,null,null,"Grand Total",2025,12311,7444,6892]

{"sheet":"Master","index":3,"n_rows":99,"n_cols":2,"rows_kept":99,"cut":false,"hidden":false,"merged":[]}
["Item Details","Master Name"]
["Admire 150gm","ADMIRE (T) WG70 30X150GR BOT IN"]
["Admire 2gm","ADMIRE WG70 125X(8X2GR) BAG IN"]
["Admire 30gm","ADMIRE (T) WG70 150X30GR BOT IN"]
["Admire 75gm","ADMIRE (T) WG70 60X75GR BOT IN"]
["Aliette 100gm","ALIETTE WP80 40X100GR BAG IN"]
["Aliette 1Kg","ALIETTE WP80 10X1KG BAG IN"]
["Aliette 250gm","ALIETTE WP80 20X250GR BAG IN"]
["Aliette 500Gm","ALIETTE WP80 20X500GR BAG IN"]
["Ambition 1ltr","AMBITION 10X1L BOT IN"]
["Ambition 250ml","AMBITION 40X250ML BOT IN"]
["Ambition 500ml","AMBITION 20X500ML BOT IN"]
["Antracol 100gm","ANTRACOL (T) WP70 50X100GR BAG IN"]
["Antracol 1kg","ANTRACOL (T) WP70 10X1KG BAG IN"]
["Antracol 250gm","ANTRACOL (T) WP70 40X250GR BAG IN"]
["Antracol 500gm","ANTRACOL (T) WP70 20X500GR BAG IN"]
["Belt Expert 100ml","BELT EXPERT SC480 50X100ML BOT IN"]
["Bt Cotton Surpass Firstclass 7149 BG II 450gm","DISCOUNTINUE PRODUCT"]
["Bt Cotton Surpass Superb BG II 450gm","SURPASS SUPERB BG2 20X450G BAG IN"]
["Confidor 100ml","CONFIDOR (T) SL200 50X100ML BOT IN"]
["Confidor 250ml","CONFIDOR (T) SL200 20X250ML BOT IN"]
["Confidor 500ml","CONFIDOR (T) SL200 20X500ML BOT IN"]
["Confidor 50ml","CONFIDOR (T) SL200 100X50ML BOT IN"]
["Decis 100  100ml","DECIS EC101-2 50X100ML BOX IN"]
["Decis 100 250ml","DECIS EC 28 40X250ML BOT IN"]
["Ethrel 100ml","ETHREL SL39 50X100ML BOT IN"]
["Ethrel 500ml","ETHREL SL39 20X500ML BOT IN"]
["Evergol Xtend 100ml","EVERGOL XTEND FS308 50X100ML BOT IN"]
["Evergol Xtend 40ml","EVERGOL XTEND FS308 100X40ML BOT IN"]
["Fame 100ml","FAME (T) SC480 20X100ML BOT IN"]
["Fame 10ml","FAME (T) SC480 10X(20X10ML) BOT IN"]
["Fame 250ml","FAME (T) SC480 8X250ML BOT IN"]
["Fame 50 Ml","FAME (T) SC480 40X50ML BOT IN"]
["Fenos Quick 100ml","FENOS QUICK SC150 50X100ML BOT IN"]
["Folicur 100ml","FOLICUR (T) EC250 50X100ML BOT IN"]
["Folicur 250ml","FOLICUR (T) EC250 40X250ML BOT IN"]
["Folicur 500 Ml","FOLICUR (T) EC250 20X500ML BOT IN"]
["Gaucho 100 Ml","GAUCHO FS600 50X100ML BOT IN"]
["Gaucho 250ml","GAUCHO FS600 40X250ML BOT IN"]
["Gaucho 50ml","DISCOUNTINUE PRODUCT"]
["Gaucho 9ml","GAUCHO FS600 5X(20X9)ML BOT IN"]
["Infinito 100ml","INFINITO SC687 5 50X100ML BOT IN"]
["Infinito 500ml","INFINITO SC687 5 20X500ML BOT IN"]
["Jump 2gm","JUMP WG80 160X(10X2GR) BAG IN"]
["Larvin 250gm","LARVIN (T) WP75 20X250GR BAG IN"]
["Laudis 115ml","LAUDIS SC630 8X115ML BOT IN"]
["Lesenta 100gm","LESENTA WG80 50X100GR BAG IN"]
["Luna Experience 100ml","LUNA EXPERIENCE SC400 50X100ML BOT IN"]
["Luna Experience 1li","LUNA EXPERIENCE SC400 10X1L BOT IN"]
["Luna Experience 250ml","LUNA EXPERIENCE SC400 40X250ML BOT IN"]
["Melody Duo 400gm","MELODY DUO WP66 8 10X400GR BAG IN"]
["Melody Duo 800gm","MELODY DUO WP66 8 10X800G BAG IN"]
["Movento Energy 100ml","MOVENTO ENERGY SC240 50X100ML BOT IN"]
["Movento Energy 250ml","MOVENTO ENERGY SC240 40X250ML BOT IN"]
["Nativo 100gm","NATIVO WG75 50X100GR BAG IN"]
["Nativo 10gm","NATIVO WG75 20X(10X10GR) BAG IN"]
["Nativo 250 Gm","NATIVO WG75 40X250GR BAG IN"]
["Nativo 50gm","NATIVO WG75 100X50GR BAG IN"]
["Oberon 100ml","OBERON (T) SC240 50X100ML BOT IN"]
["Oberon 200ml","OBERON (T) SC240 40X200ML BOT IN"]
["Planofix 100ml","PLANOFIX SL4 5 50X100ML BOT IN"]
["Planofix 250ml","PLANOFIX SL4 5 40X250ML BOT IN"]
["Regent 100 Gm","REGENT (T) SC50 50X100ML BOT IN"]
["Regent 1kg","REGENT (T) SC50 10X1L BOT IN"]
["Regent 250 Gm","REGENT (T) SC50 20X250ML BOT IN"]
["Regent 500 Gm","REGENT (T) SC50 20X500ML BOT IN"]
["Regent 5kg","REGENT GR0 3 4X5KG BAG IN"]
["Regent Gold 100ml","REGENT GOLD SC200 50X100ML BOT IN"]
["Regent Gold 250ml","REGENT GOLD SC200 40X250ML BOT IN"]
["Regent Ultra 4kg","REGENT ULTRA GR0 6 5X4KG BAG IN"]
["Roundup 250ml","ROUNDUP 41% SL (IN) 40X250 ML"]
["Sectin 100gm","SECTIN WG60 50X100GR BAG IN"]
["Sectin 1kg","SECTIN WG60 10X1KG BAG IN"]
["Sectin 600gm","SECTIN WG60 20X600GR BAG IN"]
["Sencor 100gm","SENCOR WP70 60X100GR BAG IN"]
["Sencor 500gm","SENCOR WP70 20X500GR BOX IN"]
["Solomon 100ml","SOLOMON OD300 50X100ML BOT IN"]
["Solomon 1lit","SOLOMON OD300 10X1L BOT IN"]
["Solomon 250ml","SOLOMON OD300 40X250ML BOT IN"]
["Solomon 500ml","SOLOMON OD300 20X500ML BOT IN"]
["Super Confidor 100ml","CONFIDOR SUPER (T) SC350 50X100ML BOT IN"]
["Super Confidor 250ml","CONFIDOR SUPER (T) SC350 20X250ML BOT IN"]
["Super Confidor 50ml","CONFIDOR SUPER (T) SC350 50X50ML BOT IN"]
["Topstar 100gm","TOPSTAR (T) WP80 4X(10X100GR) BOX IN"]
["Velum Prime 500ml","VELUM PRIME SC400 20X500ML BOT IN"]
["BAYER SEED","DISCOUNTINUE PRODUCT"]
["Cucumber US 800(1000 Seeds) Bayer","DISCOUNTINUE PRODUCT"]
["Hy Bhendi Samrat 1400sds","DISCOUNTINUE PRODUCT"]
["Hy Bhendi Shakti 1400sds","DISCOUNTINUE PRODUCT"]
["Hy Bhendi Shakti (3500seeds)","DISCOUNTINUE PRODUCT"]
["Hy Bhendi Singham 1400 Seeds","DISCOUNTINUE PRODUCT"]
["Hy Bhendi Singham 3500 Seed","DISCOUNTINUE PRODUCT"]
["Hy Bitter Gourd Us 33 250 Seed","DISCOUNTINUE PRODUCT"]
["Hy Bitter Gourd Us33 500 Seed","DISCOUNTINUE PRODUCT"]
["Hy Ridge Gourd Us6001 250seed","DISCOUNTINUE PRODUCT"]
["Hy Ridge Gourd US 6001  500 Seeds","DISCOUNTINUE PRODUCT"]
["Hy Tomato Us 440 3000sds","DISCOUNTINUE PRODUCT"]
["Hy Watermelon Maxx 10000 Seeds","DISCOUNTINUE PRODUCT"]
["Hy Watermelon Maxx 1000 Seed","DISCOUNTINUE PRODUCT"]

{"sheet":"Final Dealer Work","index":4,"n_rows":86,"n_cols":14,"rows_kept":86,"cut":false,"hidden":false,"merged":[]}
[]
[null,"PRODUCT","ITEMALIAS","Bpc","Volume","Opening Qty","Purchase Qty","Purchase Return Qty","Sales Qty","Sales Return Qty","Transfer Qty","Consignment Qty","Adjustment Qty","CLSG"]
[null,"ADMIRE (T) WG70 150X30GR BOT IN",null,null,null,0,150,0,131,0,0,0,0,19]
[null,"ADMIRE (T) WG70 30X150GR BOT IN",null,null,null,0,0,0,0,0,0,0,0,0]
[null,"ADMIRE (T) WG70 60X75GR BOT IN",null,null,null,0,60,0,2,0,0,0,0,58]
[null,"ADMIRE WG70 125X(8X2GR) BAG IN",null,null,null,103,1000,0,732,0,0,0,0,371]
[null,"ALIETTE WP80 10X1KG BAG IN",null,null,null,4,20,0,21,0,0,0,0,3]
[null,"ALIETTE WP80 20X250GR BAG IN",null,null,null,30,0,0,24,0,0,0,0,6]
[null,"ALIETTE WP80 20X500GR BAG IN",null,null,null,14,20,0,30,0,0,0,0,4]
[null,"ALIETTE WP80 40X100GR BAG IN",null,null,null,61,0,0,61,0,0,0,0,0]
[null,"AMBITION 10X1L BOT IN",null,null,null,0,50,0,48,0,0,0,0,2]
[null,"AMBITION 20X500ML BOT IN",null,null,null,0,100,0,59,0,0,0,0,41]
[null,"AMBITION 40X250ML BOT IN",null,null,null,0,320,0,41,0,0,0,0,279]
[null,"ANTRACOL (T) WP70 10X1KG BAG IN",null,null,null,0,0,0,0,0,0,0,0,0]
[null,"ANTRACOL (T) WP70 20X500GR BAG IN",null,null,null,1,120,0,116,0,0,0,0,5]
[null,"ANTRACOL (T) WP70 40X250GR BAG IN",null,null,null,44,240,0,155,0,0,0,0,129]
[null,"ANTRACOL (T) WP70 50X100GR BAG IN",null,null,null,23,150,0,50,0,0,0,0,123]
[null,"BELT EXPERT SC480 50X100ML BOT IN",null,null,null,13,0,0,13,0,0,0,0,0]
[null,"CONFIDOR (T) SL200 100X50ML BOT IN",null,null,null,0,100,0,51,0,0,0,0,49]
[null,"CONFIDOR (T) SL200 20X250ML BOT IN",null,null,null,8,40,0,18,0,0,0,0,30]
[null,"CONFIDOR (T) SL200 20X500ML BOT IN",null,null,null,0,20,0,6,0,0,0,0,14]
[null,"CONFIDOR (T) SL200 50X100ML BOT IN",null,null,null,0,150,0,42,0,0,0,0,108]
[null,"CONFIDOR SUPER (T) SC350 20X250ML BOT IN",null,null,null,0,40,0,0,0,0,0,0,40]
[null,"CONFIDOR SUPER (T) SC350 50X100ML BOT IN",null,null,null,25,100,0,50,0,0,0,0,75]
[null,"CONFIDOR SUPER (T) SC350 50X50ML BOT IN",null,null,null,0,150,0,92,0,0,0,0,58]
[null,"DECIS EC 28 40X250ML BOT IN",null,null,null,24,0,0,17,0,0,0,0,7]
[null,"DECIS EC101-2 50X100ML BOX IN",null,null,null,0,0,0,0,0,0,0,0,0]
[null,"DISCOUNTINUE PRODUCT",null,null,null,140,2500,0,1125,0,0,0,0,1515]
[null,"ETHREL SL39 20X500ML BOT IN",null,null,null,0,0,0,0,0,0,0,0,0]
[null,"ETHREL SL39 50X100ML BOT IN",null,null,null,0,50,0,11,0,0,0,0,39]
[null,"EVERGOL XTEND FS308 100X40ML BOT IN",null,null,null,46,500,0,128,0,0,0,0,418]
[null,"EVERGOL XTEND FS308 50X100ML BOT IN",null,null,null,4,250,0,126,0,0,0,0,128]
[null,"FAME (T) SC480 10X(20X10ML) BOT IN",null,null,null,0,0,0,0,0,0,0,0,0]
[null,"FAME (T) SC480 20X100ML BOT IN",null,null,null,0,0,0,0,0,0,0,0,0]
[null,"FAME (T) SC480 40X50ML BOT IN",null,null,null,0,0,0,0,0,0,0,0,0]
[null,"FAME (T) SC480 8X250ML BOT IN",null,null,null,1,0,0,1,0,0,0,0,0]
[null,"FENOS QUICK SC150 50X100ML BOT IN",null,null,null,99,250,0,16,0,0,0,0,333]
[null,"FOLICUR (T) EC250 20X500ML BOT IN",null,null,null,0,0,0,0,0,0,0,0,0]
[null,"FOLICUR (T) EC250 40X250ML BOT IN",null,null,null,20,40,0,33,0,0,0,0,27]
[null,"FOLICUR (T) EC250 50X100ML BOT IN",null,null,null,12,150,0,102,0,0,0,0,60]
[null,"GAUCHO FS600 40X250ML BOT IN",null,null,null,0,40,0,40,0,0,0,0,0]
[null,"GAUCHO FS600 50X100ML BOT IN",null,null,null,273,750,0,809,0,0,0,0,214]
[null,"GAUCHO FS600 5X(20X9)ML BOT IN",null,null,null,0,500,0,107,0,0,0,0,393]
[null,"INFINITO SC687 5 20X500ML BOT IN",null,null,null,6,0,0,3,0,0,0,0,3]
[null,"INFINITO SC687 5 50X100ML BOT IN",null,null,null,5,0,0,3,0,0,0,0,2]
[null,"JUMP WG80 160X(10X2GR) BAG IN",null,null,null,0,1600,0,684,0,0,0,0,916]
[null,"LARVIN (T) WP75 20X250GR BAG IN",null,null,null,0,0,0,0,0,0,0,0,0]
[null,"LAUDIS SC630 8X115ML BOT IN",null,null,null,1,0,0,0,0,0,0,0,1]
[null,"LESENTA WG80 50X100GR BAG IN",null,null,null,29,0,0,8,0,0,0,0,21]
[null,"LUNA EXPERIENCE SC400 10X1L BOT IN",null,null,null,0,10,0,0,0,0,0,0,10]
[null,"LUNA EXPERIENCE SC400 40X250ML BOT IN",null,null,null,0,201,0,91,0,0,0,0,110]
[null,"LUNA EXPERIENCE SC400 50X100ML BOT IN",null,null,null,0,250,0,167,0,0,0,0,83]
[null,"MELODY DUO WP66 8 10X400GR BAG IN",null,null,null,6,0,0,0,0,0,0,0,6]
[null,"MELODY DUO WP66 8 10X800G BAG IN",null,null,null,0,0,0,0,0,0,0,0,0]
[null,"MOVENTO ENERGY SC240 40X250ML BOT IN",null,null,null,0,0,0,0,0,0,0,0,0]
[null,"MOVENTO ENERGY SC240 50X100ML BOT IN",null,null,null,13,0,0,13,0,0,0,0,0]
[null,"NATIVO WG75 100X50GR BAG IN",null,null,null,41,200,0,213,0,0,0,0,28]
[null,"NATIVO WG75 20X(10X10GR) BAG IN",null,null,null,144,200,0,286,0,0,0,0,58]
[null,"NATIVO WG75 40X250GR BAG IN",null,null,null,26,0,0,18,0,0,0,0,8]
[null,"NATIVO WG75 50X100GR BAG IN",null,null,null,3,150,0,128,0,0,0,0,25]
[null,"OBERON (T) SC240 40X200ML BOT IN",null,null,null,40,0,0,6,0,0,0,0,34]
[null,"OBERON (T) SC240 50X100ML BOT IN",null,null,null,50,0,0,32,0,0,0,0,18]
[null,"PLANOFIX SL4 5 40X250ML BOT IN",null,null,null,10,40,0,9,0,0,0,0,41]
[null,"PLANOFIX SL4 5 50X100ML BOT IN",null,null,null,21,50,0,18,0,0,0,0,53]
[null,"REGENT (T) SC50 10X1L BOT IN",null,null,null,2,0,0,2,0,0,0,0,0]
[null,"REGENT (T) SC50 20X250ML BOT IN",null,null,null,21,40,0,36,0,0,0,0,25]
[null,"REGENT (T) SC50 20X500ML BOT IN",null,null,null,0,40,0,6,0,0,0,0,34]
[null,"REGENT (T) SC50 50X100ML BOT IN",null,null,null,26,50,0,37,0,0,0,0,39]
[null,"REGENT GOLD SC200 40X250ML BOT IN",null,null,null,0,0,0,0,0,0,0,0,0]
[null,"REGENT GOLD SC200 50X100ML BOT IN",null,null,null,0,0,0,0,0,0,0,0,0]
[null,"REGENT GR0 3 4X5KG BAG IN",null,null,null,60,0,0,21,0,0,0,0,39]
[null,"REGENT ULTRA GR0 6 5X4KG BAG IN",null,null,null,0,0,0,0,0,0,0,0,0]
[null,"ROUNDUP 41% SL (IN) 40X250 ML",null,null,null,122,0,0,74,0,0,0,0,48]
[null,"SECTIN WG60 10X1KG BAG IN",null,null,null,0,0,0,0,0,0,0,0,0]
[null,"SECTIN WG60 20X600GR BAG IN",null,null,null,3,0,0,3,0,0,0,0,0]
[null,"SECTIN WG60 50X100GR BAG IN",null,null,null,1,0,0,1,0,0,0,0,0]
[null,"SENCOR WP70 20X500GR BOX IN",null,null,null,262,0,0,262,0,0,0,0,0]
[null,"SENCOR WP70 60X100GR BAG IN",null,null,null,65,0,0,65,0,0,0,0,0]
[null,"SOLOMON OD300 10X1L BOT IN",null,null,null,17,100,0,86,0,0,0,0,31]
[null,"SOLOMON OD300 20X500ML BOT IN",null,null,null,27,500,0,303,0,0,0,0,224]
[null,"SOLOMON OD300 40X250ML BOT IN",null,null,null,65,400,0,388,0,0,0,0,77]
[null,"SOLOMON OD300 50X100ML BOT IN",null,null,null,11,600,0,212,0,0,0,0,399]
[null,"SURPASS SUPERB BG2 20X450G BAG IN",null,null,null,0,0,0,0,0,0,0,0,0]
[null,"TOPSTAR (T) WP80 4X(10X100GR) BOX IN",null,null,null,0,0,0,0,0,0,0,0,0]
[null,"VELUM PRIME SC400 20X500ML BOT IN",null,null,null,3,20,0,12,0,0,0,0,11]
[null,"Grand Total",null,null,null,2025,12311,0,7444,0,0,0,0,6892]

{"sheet":"Zylem SNS Report","index":5,"n_rows":74,"n_cols":13,"rows_kept":74,"cut":false,"hidden":false,"merged":[[1,0,1,12],[3,0,3,12],[4,0,4,12],[5,0,5,12],[6,0,6,12]]}
[]
["Company Name:-BAYER"]
["Stock and Sales FOR THE PERIOD 01-Apr-2021 TO 31-Jul-2021"]
["Generated on 8/19/2021 5:43:42 AM"]
["DISTRIBUTOR PRODUCTWISE"]
["OUTPUT IN : PIC,DETAILS AS : Column,CONSIDER : Voucher Date,INCLUDE VALIDATION : False"]
["DISTRIBUTOR:Shetkari Krushi Seva Kendra,"]
["DISTRIBUTOR","SAPCODE","PRODUCT","ITEMALIAS","Opening Qty","Purchase Qty","Purchase Return Qty","Sales Qty","Sales Return Qty","Transfer Qty","Consignment Qty","Adjustment Qty","CLSG"]
["Shetkari Krushi Seva Kendra",4068242,"ADMIRE (T) WG70 150X30GR BOT IN",79234988,0,150,0,133,0,0,0,0,17]
["Shetkari Krushi Seva Kendra",4068242,"ADMIRE (T) WG70 60X75GR BOT IN",79297696,0,60,0,2,0,0,0,0,58]
["Shetkari Krushi Seva Kendra",4068242,"ADMIRE WG70 125X(8X2GR) BAG IN",6101665,103,1000,0,732,0,0,0,0,371]
["Shetkari Krushi Seva Kendra",4068242,"ALIETTE WP80 10X1KG BAG IN",3822323,4,20,0,21,0,0,0,0,3]
["Shetkari Krushi Seva Kendra",4068242,"ALIETTE WP80 20X250GR BAG IN",3822358,30,0,0,24,0,0,0,0,6]
["Shetkari Krushi Seva Kendra",4068242,"ALIETTE WP80 20X500GR BAG IN",3822366,14,20,0,30,0,0,0,0,4]
["Shetkari Krushi Seva Kendra",4068242,"ALIETTE WP80 40X100GR BAG IN",3822331,61,0,0,61,0,0,0,0,0]
["Shetkari Krushi Seva Kendra",4068242,"AMBITION 10X1L BOT IN",86212544,0,50,0,49,0,0,0,0,1]
["Shetkari Krushi Seva Kendra",4068242,"AMBITION 20X500ML BOT IN",86228564,0,100,0,59,0,0,0,0,41]
["Shetkari Krushi Seva Kendra",4068242,"AMBITION 40X250ML BOT IN",86232308,0,320,0,41,0,0,0,0,279]
["Shetkari Krushi Seva Kendra",4068242,"ANTRACOL (T) WP70 20X500GR BAG IN",5999978,1,120,0,116,0,0,0,0,5]
["Shetkari Krushi Seva Kendra",4068242,"ANTRACOL (T) WP70 40X250GR BAG IN",6112179,44,240,0,155,0,0,0,0,129]
["Shetkari Krushi Seva Kendra",4068242,"ANTRACOL (T) WP70 50X100GR BAG IN",6113191,23,150,0,50,0,0,0,0,123]
["Shetkari Krushi Seva Kendra",4068242,"BELT EXPERT SC480 50X100ML BOT IN",79722869,13,0,0,13,0,0,0,0,0]
["Shetkari Krushi Seva Kendra",4068242,"CONFIDOR (T) SL200 100X50ML BOT IN",5708361,0,100,0,51,0,0,0,0,49]
["Shetkari Krushi Seva Kendra",4068242,"CONFIDOR (T) SL200 20X250ML BOT IN",5699494,8,40,0,18,0,0,0,0,30]
["Shetkari Krushi Seva Kendra",4068242,"CONFIDOR (T) SL200 20X500ML BOT IN",5704439,0,20,0,6,0,0,0,0,14]
["Shetkari Krushi Seva Kendra",4068242,"CONFIDOR (T) SL200 50X100ML BOT IN",5703475,0,150,0,42,0,0,0,0,108]
["Shetkari Krushi Seva Kendra",4068242,"CONFIDOR SUPER (T) SC350 20X250ML BOT IN",79710852,0,40,0,0,0,0,0,0,40]
["Shetkari Krushi Seva Kendra",4068242,"CONFIDOR SUPER (T) SC350 50X100ML BOT IN",79735219,25,100,0,50,0,0,0,0,75]
["Shetkari Krushi Seva Kendra",4068242,"CONFIDOR SUPER (T) SC350 50X50ML BOT IN",79985169,0,150,0,93,0,0,0,0,57]
["Shetkari Krushi Seva Kendra",4068242,"DECIS EC 28 40X250ML BOT IN",3823346,24,0,0,17,0,0,0,0,7]
["Shetkari Krushi Seva Kendra",4068242,"ETHREL SL39 50X100ML BOT IN",4299026,0,50,0,11,0,0,0,0,39]
["Shetkari Krushi Seva Kendra",4068242,"EVERGOL XTEND FS308 100X40ML BOT IN",85402838,46,500,0,129,0,0,0,0,417]
["Shetkari Krushi Seva Kendra",4068242,"EVERGOL XTEND FS308 50X100ML BOT IN",84065757,4,250,0,126,0,0,0,0,128]
["Shetkari Krushi Seva Kendra",4068242,"FAME (T) SC480 8X250ML BOT IN",80183291,1,0,0,1,0,0,0,0,0]
["Shetkari Krushi Seva Kendra",4068242,"FENOS QUICK SC150 50X100ML BOT IN",80942990,99,250,0,16,0,0,0,0,333]
["Shetkari Krushi Seva Kendra",4068242,"FOLICUR (T) EC250 40X250ML BOT IN",79682271,20,40,0,33,0,0,0,0,27]
["Shetkari Krushi Seva Kendra",4068242,"FOLICUR (T) EC250 50X100ML BOT IN",79629125,12,150,0,102,0,0,0,0,60]
["Shetkari Krushi Seva Kendra",4068242,"GAUCHO FS600 40X250ML BOT IN",84995681,0,40,0,40,0,0,0,0,0]
["Shetkari Krushi Seva Kendra",4068242,"GAUCHO FS600 50X100ML BOT IN",79664141,273,750,0,811,0,0,0,0,212]
["Shetkari Krushi Seva Kendra",4068242,"GAUCHO FS600 5X(20X9)ML BOT IN",85824333,0,500,0,107,0,0,0,0,393]
["Shetkari Krushi Seva Kendra",4068242,"INFINITO SC687 5 20X500ML BOT IN",79641176,6,0,0,3,0,0,0,0,3]
["Shetkari Krushi Seva Kendra",4068242,"INFINITO SC687 5 50X100ML BOT IN",79632487,5,0,0,4,0,0,0,0,1]
["Shetkari Krushi Seva Kendra",4068242,"JUMP WG80 160X(10X2GR) BAG IN",79215304,0,1600,0,684,0,0,0,0,916]
["Shetkari Krushi Seva Kendra",4068242,"LAUDIS SC630 8X115ML BOT IN",80491085,1,0,0,0,0,0,0,0,1]
["Shetkari Krushi Seva Kendra",4068242,"LESENTA WG80 50X100GR BAG IN",80503385,29,0,0,8,0,0,0,0,21]
["Shetkari Krushi Seva Kendra",4068242,"LUNA EXPERIENCE SC400 10X1L BOT IN",80251904,0,10,0,0,0,0,0,0,10]
["Shetkari Krushi Seva Kendra",4068242,"LUNA EXPERIENCE SC400 40X250ML BOT IN",80549652,0,201,0,91,0,0,0,0,110]
["Shetkari Krushi Seva Kendra",4068242,"LUNA EXPERIENCE SC400 50X100ML BOT IN",80199414,0,250,0,167,0,0,0,0,83]
["Shetkari Krushi Seva Kendra",4068242,"MELODY DUO WP66 8 10X400GR BAG IN",80994974,6,0,0,0,0,0,0,0,6]
["Shetkari Krushi Seva Kendra",4068242,"MOVENTO ENERGY SC240 50X100ML BOT IN",79722605,13,0,0,13,0,0,0,0,0]
["Shetkari Krushi Seva Kendra",4068242,"NATIVO WG75 100X50GR BAG IN",80580061,41,200,0,213,0,0,0,0,28]
["Shetkari Krushi Seva Kendra",4068242,"NATIVO WG75 20X(10X10GR) BAG IN",80899920,144,200,0,286,0,0,0,0,58]
["Shetkari Krushi Seva Kendra",4068242,"NATIVO WG75 40X250GR BAG IN",79237790,26,0,0,18,0,0,0,0,8]
["Shetkari Krushi Seva Kendra",4068242,"NATIVO WG75 50X100GR BAG IN",79304102,3,150,0,128,0,0,0,0,25]
["Shetkari Krushi Seva Kendra",4068242,"OBERON (T) SC240 40X200ML BOT IN",79971362,40,0,0,6,0,0,0,0,34]
["Shetkari Krushi Seva Kendra",4068242,"OBERON (T) SC240 50X100ML BOT IN",79998538,50,0,0,32,0,0,0,0,18]
["Shetkari Krushi Seva Kendra",4068242,"PLANOFIX SL4 5 40X250ML BOT IN",3825128,10,40,0,9,0,0,0,0,41]
["Shetkari Krushi Seva Kendra",4068242,"PLANOFIX SL4 5 50X100ML BOT IN",3825098,21,50,0,18,0,0,0,0,53]
["Shetkari Krushi Seva Kendra",4068242,"REGENT (T) SC50 20X250ML BOT IN",5976951,21,40,0,36,0,0,0,0,25]
["Shetkari Krushi Seva Kendra",4068242,"REGENT (T) SC50 20X500ML BOT IN",5987678,0,40,0,6,0,0,0,0,34]
["Shetkari Krushi Seva Kendra",4068242,"REGENT (T) SC50 50X100ML BOT IN",5975343,26,50,0,37,0,0,0,0,39]
["Shetkari Krushi Seva Kendra",4068242,"REGENT GR0 3 4X5KG BAG IN",80018703,60,0,0,21,0,0,0,0,39]
["Shetkari Krushi Seva Kendra",4068242,"SECTIN WG60 50X100GR BAG IN",5950812,1,0,0,1,0,0,0,0,0]
["Shetkari Krushi Seva Kendra",4068242,"SENCOR WP70 20X500GR BOX IN",79052375,262,0,0,264,0,0,0,0,-2]
["Shetkari Krushi Seva Kendra",4068242,"SENCOR WP70 60X100GR BAG IN",3825578,65,0,0,65,0,0,0,0,0]
["Shetkari Krushi Seva Kendra",4068242,"SOLOMON OD300 10X1L BOT IN",79637365,17,100,0,87,0,0,0,0,30]
["Shetkari Krushi Seva Kendra",4068242,"SOLOMON OD300 20X500ML BOT IN",79987870,27,500,0,303,0,0,0,0,224]
["Shetkari Krushi Seva Kendra",4068242,"SOLOMON OD300 40X250ML BOT IN",79706723,65,400,0,388,0,0,0,0,77]
["Shetkari Krushi Seva Kendra",4068242,"SOLOMON OD300 50X100ML BOT IN",79641931,11,600,0,213,0,0,0,0,398]
["Shetkari Krushi Seva Kendra",4068242,"VELUM PRIME SC400 20X500ML BOT IN",84407038,3,20,0,12,0,0,0,0,11]
["Shetkari Krushi Seva Kendra",4068242,"ROUNDUP 41% SL (IN) 40X250 ML",10173671,122,0,0,74,0,0,0,0,48]
["Shetkari Krushi Seva Kendra",4068242,"SECTIN WG60 20X600GR BAG IN",6000664,3,0,0,3,0,0,0,0,0]
["Shetkari Krushi Seva Kendra",4068242,"REGENT (T) SC50 10X1L BOT IN",5962667,2,0,0,2,0,0,0,0,0]
["GRANDTOTAL",null,null,null,1885,9811,0,6331,0,0,0,0,5365]

{"sheet":"OPG","index":6,"n_rows":82,"n_cols":3,"rows_kept":82,"cut":false,"hidden":false,"merged":[]}
["ADMIRE (T) WG70 150X30GR BOT IN",{"$f":"VLOOKUP(A1,'[2]Product Master Sheet'!$B$2:$F$1506,5,0)","v":13},0]
["ADMIRE (T) WG70 60X75GR BOT IN",{"$f":"VLOOKUP(A2,'[2]Product Master Sheet'!$B$2:$F$1506,5,0)","v":15},0]
["ADMIRE WG70 125X(8X2GR) BAG IN",{"$f":"VLOOKUP(A3,'[2]Product Master Sheet'!$B$2:$F$1506,5,0)","v":16},103]
["ALIETTE WP80 10X1KG BAG IN",{"$f":"VLOOKUP(A4,'[2]Product Master Sheet'!$B$2:$F$1506,5,0)","v":31},4]
["ALIETTE WP80 20X250GR BAG IN",{"$f":"VLOOKUP(A5,'[2]Product Master Sheet'!$B$2:$F$1506,5,0)","v":33},30]
["ALIETTE WP80 20X500GR BAG IN",{"$f":"VLOOKUP(A6,'[2]Product Master Sheet'!$B$2:$F$1506,5,0)","v":34},14]
["ALIETTE WP80 40X100GR BAG IN",{"$f":"VLOOKUP(A7,'[2]Product Master Sheet'!$B$2:$F$1506,5,0)","v":35},61]
["AMBITION 10X1L BOT IN",{"$f":"VLOOKUP(A8,'[2]Product Master Sheet'!$B$2:$F$1506,5,0)","v":39},0]
["AMBITION 20X500ML BOT IN",{"$f":"VLOOKUP(A9,'[2]Product Master Sheet'!$B$2:$F$1506,5,0)","v":40},0]
["AMBITION 40X250ML BOT IN",{"$f":"VLOOKUP(A10,'[2]Product Master Sheet'!$B$2:$F$1506,5,0)","v":41},0]
["ANTRACOL (T) WP70 20X500GR BAG IN",{"$f":"VLOOKUP(A11,'[2]Product Master Sheet'!$B$2:$F$1506,5,0)","v":43},1]
["ANTRACOL (T) WP70 40X250GR BAG IN",{"$f":"VLOOKUP(A12,'[2]Product Master Sheet'!$B$2:$F$1506,5,0)","v":44},44]
["ANTRACOL (T) WP70 50X100GR BAG IN",{"$f":"VLOOKUP(A13,'[2]Product Master Sheet'!$B$2:$F$1506,5,0)","v":45},23]
["BELT EXPERT SC480 50X100ML BOT IN",{"$f":"VLOOKUP(A14,'[2]Product Master Sheet'!$B$2:$F$1506,5,0)","v":111},13]
["CONFIDOR (T) SL200 100X50ML BOT IN",{"$f":"VLOOKUP(A15,'[2]Product Master Sheet'!$B$2:$F$1506,5,0)","v":112},0]
["CONFIDOR (T) SL200 20X250ML BOT IN",{"$f":"VLOOKUP(A16,'[2]Product Master Sheet'!$B$2:$F$1506,5,0)","v":114},8]
["CONFIDOR (T) SL200 20X500ML BOT IN",{"$f":"VLOOKUP(A17,'[2]Product Master Sheet'!$B$2:$F$1506,5,0)","v":115},0]
["CONFIDOR (T) SL200 50X100ML BOT IN",{"$f":"VLOOKUP(A18,'[2]Product Master Sheet'!$B$2:$F$1506,5,0)","v":116},0]
["CONFIDOR SUPER (T) SC350 20X250ML BOT IN",{"$f":"VLOOKUP(A19,'[2]Product Master Sheet'!$B$2:$F$1506,5,0)","v":118},0]
["CONFIDOR SUPER (T) SC350 50X100ML BOT IN",{"$f":"VLOOKUP(A20,'[2]Product Master Sheet'!$B$2:$F$1506,5,0)","v":120},25]
["CONFIDOR SUPER (T) SC350 50X50ML BOT IN",{"$f":"VLOOKUP(A21,'[2]Product Master Sheet'!$B$2:$F$1506,5,0)","v":121},0]
["DECIS EC 28 40X250ML BOT IN",{"$f":"VLOOKUP(A22,'[2]Product Master Sheet'!$B$2:$F$1506,5,0)","v":126},24]
["ETHREL SL39 50X100ML BOT IN",{"$f":"VLOOKUP(A23,'[2]Product Master Sheet'!$B$2:$F$1506,5,0)","v":138},0]
["EVERGOL XTEND FS308 100X40ML BOT IN",{"$f":"VLOOKUP(A24,'[2]Product Master Sheet'!$B$2:$F$1506,5,0)","v":139},46]
["EVERGOL XTEND FS308 50X100ML BOT IN",{"$f":"VLOOKUP(A25,'[2]Product Master Sheet'!$B$2:$F$1506,5,0)","v":143},4]
["FAME (T) SC480 8X250ML BOT IN",{"$f":"VLOOKUP(A26,'[2]Product Master Sheet'!$B$2:$F$1506,5,0)","v":148},1]
["FENOS QUICK SC150 50X100ML BOT IN",{"$f":"VLOOKUP(A27,'[2]Product Master Sheet'!$B$2:$F$1506,5,0)","v":152},99]
["FOLICUR (T) EC250 40X250ML BOT IN",{"$f":"VLOOKUP(A28,'[2]Product Master Sheet'!$B$2:$F$1506,5,0)","v":164},20]
["FOLICUR (T) EC250 50X100ML BOT IN",{"$f":"VLOOKUP(A29,'[2]Product Master Sheet'!$B$2:$F$1506,5,0)","v":165},12]
["GAUCHO FS600 40X250ML BOT IN",{"$f":"VLOOKUP(A30,'[2]Product Master Sheet'!$B$2:$F$1506,5,0)","v":181},0]
["GAUCHO FS600 50X100ML BOT IN",{"$f":"VLOOKUP(A31,'[2]Product Master Sheet'!$B$2:$F$1506,5,0)","v":182},273]
["GAUCHO FS600 5X(20X9)ML BOT IN",{"$f":"VLOOKUP(A32,'[2]Product Master Sheet'!$B$2:$F$1506,5,0)","v":183},0]
["INFINITO SC687 5 20X500ML BOT IN",{"$f":"VLOOKUP(A33,'[2]Product Master Sheet'!$B$2:$F$1506,5,0)","v":195},6]
["INFINITO SC687 5 50X100ML BOT IN",{"$f":"VLOOKUP(A34,'[2]Product Master Sheet'!$B$2:$F$1506,5,0)","v":197},5]
["JUMP WG80 160X(10X2GR) BAG IN",{"$f":"VLOOKUP(A35,'[2]Product Master Sheet'!$B$2:$F$1506,5,0)","v":199},0]
["LAUDIS SC630 8X115ML BOT IN",{"$f":"VLOOKUP(A36,'[2]Product Master Sheet'!$B$2:$F$1506,5,0)","v":212},1]
["LESENTA WG80 50X100GR BAG IN",{"$f":"VLOOKUP(A37,'[2]Product Master Sheet'!$B$2:$F$1506,5,0)","v":219},29]
["LUNA EXPERIENCE SC400 10X1L BOT IN",{"$f":"VLOOKUP(A38,'[2]Product Master Sheet'!$B$2:$F$1506,5,0)","v":223},0]
["LUNA EXPERIENCE SC400 40X250ML BOT IN",{"$f":"VLOOKUP(A39,'[2]Product Master Sheet'!$B$2:$F$1506,5,0)","v":225},0]
["LUNA EXPERIENCE SC400 50X100ML BOT IN",{"$f":"VLOOKUP(A40,'[2]Product Master Sheet'!$B$2:$F$1506,5,0)","v":226},0]
["MELODY DUO WP66 8 10X400GR BAG IN",{"$f":"VLOOKUP(A41,'[2]Product Master Sheet'!$B$2:$F$1506,5,0)","v":228},6]
["MOVENTO ENERGY SC240 50X100ML BOT IN",{"$f":"VLOOKUP(A42,'[2]Product Master Sheet'!$B$2:$F$1506,5,0)","v":274},13]
["NATIVO WG75 100X50GR BAG IN",{"$f":"VLOOKUP(A43,'[2]Product Master Sheet'!$B$2:$F$1506,5,0)","v":289},41]
["NATIVO WG75 20X(10X10GR) BAG IN",{"$f":"VLOOKUP(A44,'[2]Product Master Sheet'!$B$2:$F$1506,5,0)","v":291},144]
["NATIVO WG75 40X250GR BAG IN",{"$f":"VLOOKUP(A45,'[2]Product Master Sheet'!$B$2:$F$1506,5,0)","v":293},26]
["NATIVO WG75 50X100GR BAG IN",{"$f":"VLOOKUP(A46,'[2]Product Master Sheet'!$B$2:$F$1506,5,0)","v":294},3]
["OBERON (T) SC240 40X200ML BOT IN",{"$f":"VLOOKUP(A47,'[2]Product Master Sheet'!$B$2:$F$1506,5,0)","v":299},40]
["OBERON (T) SC240 50X100ML BOT IN",{"$f":"VLOOKUP(A48,'[2]Product Master Sheet'!$B$2:$F$1506,5,0)","v":300},50]
["PLANOFIX SL4 5 40X250ML BOT IN",{"$f":"VLOOKUP(A49,'[2]Product Master Sheet'!$B$2:$F$1506,5,0)","v":306},10]
["PLANOFIX SL4 5 50X100ML BOT IN",{"$f":"VLOOKUP(A50,'[2]Product Master Sheet'!$B$2:$F$1506,5,0)","v":307},21]
["REGENT (T) SC50 20X250ML BOT IN",{"$f":"VLOOKUP(A51,'[2]Product Master Sheet'!$B$2:$F$1506,5,0)","v":325},21]
["REGENT (T) SC50 20X500ML BOT IN",{"$f":"VLOOKUP(A52,'[2]Product Master Sheet'!$B$2:$F$1506,5,0)","v":326},0]
["REGENT (T) SC50 50X100ML BOT IN",{"$f":"VLOOKUP(A53,'[2]Product Master Sheet'!$B$2:$F$1506,5,0)","v":327},26]
["REGENT GR0 3 4X5KG BAG IN",{"$f":"VLOOKUP(A54,'[2]Product Master Sheet'!$B$2:$F$1506,5,0)","v":336},60]
["SECTIN WG60 50X100GR BAG IN",{"$f":"VLOOKUP(A55,'[2]Product Master Sheet'!$B$2:$F$1506,5,0)","v":346},1]
["SENCOR WP70 20X500GR BOX IN",{"$f":"VLOOKUP(A56,'[2]Product Master Sheet'!$B$2:$F$1506,5,0)","v":350},262]
["SENCOR WP70 60X100GR BAG IN",{"$f":"VLOOKUP(A57,'[2]Product Master Sheet'!$B$2:$F$1506,5,0)","v":353},65]
["SOLOMON OD300 10X1L BOT IN",{"$f":"VLOOKUP(A58,'[2]Product Master Sheet'!$B$2:$F$1506,5,0)","v":365},17]
["SOLOMON OD300 20X500ML BOT IN",{"$f":"VLOOKUP(A59,'[2]Product Master Sheet'!$B$2:$F$1506,5,0)","v":366},27]
["SOLOMON OD300 40X250ML BOT IN",{"$f":"VLOOKUP(A60,'[2]Product Master Sheet'!$B$2:$F$1506,5,0)","v":368},65]
["SOLOMON OD300 50X100ML BOT IN",{"$f":"VLOOKUP(A61,'[2]Product Master Sheet'!$B$2:$F$1506,5,0)","v":370},11]
["VELUM PRIME SC400 20X500ML BOT IN",{"$f":"VLOOKUP(A62,'[2]Product Master Sheet'!$B$2:$F$1506,5,0)","v":400},3]
["ROUNDUP 41% SL (IN) 40X250 ML",{"$f":"VLOOKUP(A63,'[2]Product Master Sheet'!$B$2:$F$1506,5,0)","v":991},122]
["SECTIN WG60 20X600GR BAG IN",{"$f":"VLOOKUP(A64,'[2]Product Master Sheet'!$B$2:$F$1506,5,0)","v":345},3]
["REGENT (T) SC50 10X1L BOT IN",{"$f":"VLOOKUP(A65,'[2]Product Master Sheet'!$B$2:$F$1506,5,0)","v":324},2]
["ADMIRE (T) WG70 30X150GR BOT IN",{"$f":"VLOOKUP(A66,'[2]Product Master Sheet'!$B$2:$F$1506,5,0)","v":14},0]
["ANTRACOL (T) WP70 10X1KG BAG IN",{"$f":"VLOOKUP(A67,'[2]Product Master Sheet'!$B$2:$F$1506,5,0)","v":42},0]
["DECIS EC101-2 50X100ML BOX IN",{"$f":"VLOOKUP(A68,'[2]Product Master Sheet'!$B$2:$F$1506,5,0)","v":924},0]
["ETHREL SL39 20X500ML BOT IN",{"$f":"VLOOKUP(A69,'[2]Product Master Sheet'!$B$2:$F$1506,5,0)","v":137},0]
["FAME (T) SC480 10X(20X10ML) BOT IN",{"$f":"VLOOKUP(A70,'[2]Product Master Sheet'!$B$2:$F$1506,5,0)","v":144},0]
["FAME (T) SC480 20X100ML BOT IN",{"$f":"VLOOKUP(A71,'[2]Product Master Sheet'!$B$2:$F$1506,5,0)","v":145},0]
["FAME (T) SC480 40X50ML BOT IN",{"$f":"VLOOKUP(A72,'[2]Product Master Sheet'!$B$2:$F$1506,5,0)","v":146},0]
["FOLICUR (T) EC250 20X500ML BOT IN",{"$f":"VLOOKUP(A73,'[2]Product Master Sheet'!$B$2:$F$1506,5,0)","v":163},0]
["LARVIN (T) WP75 20X250GR BAG IN",{"$f":"VLOOKUP(A74,'[2]Product Master Sheet'!$B$2:$F$1506,5,0)","v":205},0]
["MELODY DUO WP66 8 10X800G BAG IN",{"$f":"VLOOKUP(A75,'[2]Product Master Sheet'!$B$2:$F$1506,5,0)","v":230},0]
["MOVENTO ENERGY SC240 40X250ML BOT IN",{"$f":"VLOOKUP(A76,'[2]Product Master Sheet'!$B$2:$F$1506,5,0)","v":273},0]
["REGENT GOLD SC200 40X250ML BOT IN",{"$f":"VLOOKUP(A77,'[2]Product Master Sheet'!$B$2:$F$1506,5,0)","v":331},0]
["REGENT GOLD SC200 50X100ML BOT IN",{"$f":"VLOOKUP(A78,'[2]Product Master Sheet'!$B$2:$F$1506,5,0)","v":332},0]
["REGENT ULTRA GR0 6 5X4KG BAG IN",{"$f":"VLOOKUP(A79,'[2]Product Master Sheet'!$B$2:$F$1506,5,0)","v":339},0]
["SECTIN WG60 10X1KG BAG IN",{"$f":"VLOOKUP(A80,'[2]Product Master Sheet'!$B$2:$F$1506,5,0)","v":344},0]
["SURPASS SUPERB BG2 20X450G BAG IN",{"$f":"VLOOKUP(A81,'[2]Product Master Sheet'!$B$2:$F$1506,5,0)","v":394},0]
["TOPSTAR (T) WP80 4X(10X100GR) BOX IN",{"$f":"VLOOKUP(A82,'[2]Product Master Sheet'!$B$2:$F$1506,5,0)","v":396},0]

{"sheet":"Reco","index":7,"n_rows":86,"n_cols":29,"rows_kept":86,"cut":false,"hidden":false,"merged":[[0,1,0,9],[0,10,0,18],[0,19,0,27]]}
[null,"Zylem Report -01-Apr-2021 TO 31-Jul-2021",null,null,null,null,null,null,null,null,"Dealer Report -01-Apr-2021 TO 31-Jul-2021",null,null,null,null,null,null,null,null,"Difference (+/-)"]
[]
["DEALER CODE","Opening Qty","Purchase Qty","Purchase Return Qty","Sales Qty","Sales Return Qty","Transfer Qty","Consignment Qty","Adjustment Qty","CLSG","Opening Qty","Purchase Qty","Purchase Return Qty","Sales Qty","Sales Return Qty","Transfer Qty","Consignment Qty","Adjustment Qty","CLSG","Opening Stock Qty","Purchase Qty","Purchase Return Qty","Sales Qty","Sales Return Qty","Transfer Qty","Consignment Qty","Adjustments Qty","CLSG","Remark"]
["ADMIRE (T) WG70 150X30GR BOT IN",0,150,0,133,0,0,0,0,17,0,150,0,131,0,0,0,0,19,0,0,0,2,0,0,0,0,-2,"CHECKED IN TALLY FOUND THAT SAPL SALES QTY SHOWING CORRECT. ON REPORT SHOWING WRONG."]
["ADMIRE (T) WG70 60X75GR BOT IN",0,60,0,2,0,0,0,0,58,0,60,0,2,0,0,0,0,58,0,0,0,0,0,0,0,0,0,"Ok"]
["ADMIRE WG70 125X(8X2GR) BAG IN",103,1000,0,732,0,0,0,0,371,103,1000,0,732,0,0,0,0,371,0,0,0,0,0,0,0,0,0,"Ok"]
["ALIETTE WP80 10X1KG BAG IN",4,20,0,21,0,0,0,0,3,4,20,0,21,0,0,0,0,3,0,0,0,0,0,0,0,0,0,"Ok"]
["ALIETTE WP80 20X250GR BAG IN",30,0,0,24,0,0,0,0,6,30,0,0,24,0,0,0,0,6,0,0,0,0,0,0,0,0,0,"Ok"]
["ALIETTE WP80 20X500GR BAG IN",14,20,0,30,0,0,0,0,4,14,20,0,30,0,0,0,0,4,0,0,0,0,0,0,0,0,0,"Ok"]
["ALIETTE WP80 40X100GR BAG IN",61,0,0,61,0,0,0,0,0,61,0,0,61,0,0,0,0,0,0,0,0,0,0,0,0,0,0,"Ok"]
["AMBITION 10X1L BOT IN",0,50,0,49,0,0,0,0,1,0,50,0,48,0,0,0,0,2,0,0,0,1,0,0,0,0,-1,"CHECKED IN TALLY FOUND THAT SAPL SALES QTY SHOWING CORRECT. ON REPORT SHOWING WRONG."]
["AMBITION 20X500ML BOT IN",0,100,0,59,0,0,0,0,41,0,100,0,59,0,0,0,0,41,0,0,0,0,0,0,0,0,0,"Ok"]
["AMBITION 40X250ML BOT IN",0,320,0,41,0,0,0,0,279,0,320,0,41,0,0,0,0,279,0,0,0,0,0,0,0,0,0,"Ok"]
["ANTRACOL (T) WP70 20X500GR BAG IN",1,120,0,116,0,0,0,0,5,1,120,0,116,0,0,0,0,5,0,0,0,0,0,0,0,0,0,"Ok"]
["ANTRACOL (T) WP70 40X250GR BAG IN",44,240,0,155,0,0,0,0,129,44,240,0,155,0,0,0,0,129,0,0,0,0,0,0,0,0,0,"Ok"]
["ANTRACOL (T) WP70 50X100GR BAG IN",23,150,0,50,0,0,0,0,123,23,150,0,50,0,0,0,0,123,0,0,0,0,0,0,0,0,0,"Ok"]
["BELT EXPERT SC480 50X100ML BOT IN",13,0,0,13,0,0,0,0,0,13,0,0,13,0,0,0,0,0,0,0,0,0,0,0,0,0,0,"Ok"]
["CONFIDOR (T) SL200 100X50ML BOT IN",0,100,0,51,0,0,0,0,49,0,100,0,51,0,0,0,0,49,0,0,0,0,0,0,0,0,0,"Ok"]
["CONFIDOR (T) SL200 20X250ML BOT IN",8,40,0,18,0,0,0,0,30,8,40,0,18,0,0,0,0,30,0,0,0,0,0,0,0,0,0,"Ok"]
["CONFIDOR (T) SL200 20X500ML BOT IN",0,20,0,6,0,0,0,0,14,0,20,0,6,0,0,0,0,14,0,0,0,0,0,0,0,0,0,"Ok"]
["CONFIDOR (T) SL200 50X100ML BOT IN",0,150,0,42,0,0,0,0,108,0,150,0,42,0,0,0,0,108,0,0,0,0,0,0,0,0,0,"Ok"]
["CONFIDOR SUPER (T) SC350 20X250ML BOT IN",0,40,0,0,0,0,0,0,40,0,40,0,0,0,0,0,0,40,0,0,0,0,0,0,0,0,0,"Ok"]
["CONFIDOR SUPER (T) SC350 50X100ML BOT IN",25,100,0,50,0,0,0,0,75,25,100,0,50,0,0,0,0,75,0,0,0,0,0,0,0,0,0,"Ok"]
["CONFIDOR SUPER (T) SC350 50X50ML BOT IN",0,150,0,93,0,0,0,0,57,0,150,0,92,0,0,0,0,58,0,0,0,1,0,0,0,0,-1,"CHECKED IN TALLY FOUND THAT SAPL SALES QTY SHOWING CORRECT. ON REPORT SHOWING WRONG."]
["DECIS EC 28 40X250ML BOT IN",24,0,0,17,0,0,0,0,7,24,0,0,17,0,0,0,0,7,0,0,0,0,0,0,0,0,0,"Ok"]
["ETHREL SL39 50X100ML BOT IN",0,50,0,11,0,0,0,0,39,0,50,0,11,0,0,0,0,39,0,0,0,0,0,0,0,0,0,"Ok"]
["EVERGOL XTEND FS308 100X40ML BOT IN",46,500,0,129,0,0,0,0,417,46,500,0,128,0,0,0,0,418,0,0,0,1,0,0,0,0,-1,"CHECKED IN TALLY FOUND THAT SAPL SALES QTY SHOWING CORRECT. ON REPORT SHOWING WRONG."]
["EVERGOL XTEND FS308 50X100ML BOT IN",4,250,0,126,0,0,0,0,128,4,250,0,126,0,0,0,0,128,0,0,0,0,0,0,0,0,0,"Ok"]
["FAME (T) SC480 8X250ML BOT IN",1,0,0,1,0,0,0,0,0,1,0,0,1,0,0,0,0,0,0,0,0,0,0,0,0,0,0,"Ok"]
["FENOS QUICK SC150 50X100ML BOT IN",99,250,0,16,0,0,0,0,333,99,250,0,16,0,0,0,0,333,0,0,0,0,0,0,0,0,0,"Ok"]
["FOLICUR (T) EC250 40X250ML BOT IN",20,40,0,33,0,0,0,0,27,20,40,0,33,0,0,0,0,27,0,0,0,0,0,0,0,0,0,"Ok"]
["FOLICUR (T) EC250 50X100ML BOT IN",12,150,0,102,0,0,0,0,60,12,150,0,102,0,0,0,0,60,0,0,0,0,0,0,0,0,0,"Ok"]
["GAUCHO FS600 40X250ML BOT IN",0,40,0,40,0,0,0,0,0,0,40,0,40,0,0,0,0,0,0,0,0,0,0,0,0,0,0,"Ok"]
["GAUCHO FS600 50X100ML BOT IN",273,750,0,811,0,0,0,0,212,273,750,0,809,0,0,0,0,214,0,0,0,2,0,0,0,0,-2,"CHECKED IN TALLY FOUND THAT SAPL SALES QTY SHOWING CORRECT. ON REPORT SHOWING WRONG."]
["GAUCHO FS600 5X(20X9)ML BOT IN",0,500,0,107,0,0,0,0,393,0,500,0,107,0,0,0,0,393,0,0,0,0,0,0,0,0,0,"Ok"]
["INFINITO SC687 5 20X500ML BOT IN",6,0,0,3,0,0,0,0,3,6,0,0,3,0,0,0,0,3,0,0,0,0,0,0,0,0,0,"Ok"]
["INFINITO SC687 5 50X100ML BOT IN",5,0,0,4,0,0,0,0,1,5,0,0,3,0,0,0,0,2,0,0,0,1,0,0,0,0,-1,"CHECKED IN TALLY FOUND THAT SAPL SALES QTY SHOWING CORRECT. ON REPORT SHOWING WRONG."]
["JUMP WG80 160X(10X2GR) BAG IN",0,1600,0,684,0,0,0,0,916,0,1600,0,684,0,0,0,0,916,0,0,0,0,0,0,0,0,0,"Ok"]
["LAUDIS SC630 8X115ML BOT IN",1,0,0,0,0,0,0,0,1,1,0,0,0,0,0,0,0,1,0,0,0,0,0,0,0,0,0,"Ok"]
["LESENTA WG80 50X100GR BAG IN",29,0,0,8,0,0,0,0,21,29,0,0,8,0,0,0,0,21,0,0,0,0,0,0,0,0,0,"Ok"]
["LUNA EXPERIENCE SC400 10X1L BOT IN",0,10,0,0,0,0,0,0,10,0,10,0,0,0,0,0,0,10,0,0,0,0,0,0,0,0,0,"Ok"]
["LUNA EXPERIENCE SC400 40X250ML BOT IN",0,201,0,91,0,0,0,0,110,0,201,0,91,0,0,0,0,110,0,0,0,0,0,0,0,0,0,"Ok"]
["LUNA EXPERIENCE SC400 50X100ML BOT IN",0,250,0,167,0,0,0,0,83,0,250,0,167,0,0,0,0,83,0,0,0,0,0,0,0,0,0,"Ok"]
["MELODY DUO WP66 8 10X400GR BAG IN",6,0,0,0,0,0,0,0,6,6,0,0,0,0,0,0,0,6,0,0,0,0,0,0,0,0,0,"Ok"]
["MOVENTO ENERGY SC240 50X100ML BOT IN",13,0,0,13,0,0,0,0,0,13,0,0,13,0,0,0,0,0,0,0,0,0,0,0,0,0,0,"Ok"]
["NATIVO WG75 100X50GR BAG IN",41,200,0,213,0,0,0,0,28,41,200,0,213,0,0,0,0,28,0,0,0,0,0,0,0,0,0,"Ok"]
["NATIVO WG75 20X(10X10GR) BAG IN",144,200,0,286,0,0,0,0,58,144,200,0,286,0,0,0,0,58,0,0,0,0,0,0,0,0,0,"Ok"]
["NATIVO WG75 40X250GR BAG IN",26,0,0,18,0,0,0,0,8,26,0,0,18,0,0,0,0,8,0,0,0,0,0,0,0,0,0,"Ok"]
["NATIVO WG75 50X100GR BAG IN",3,150,0,128,0,0,0,0,25,3,150,0,128,0,0,0,0,25,0,0,0,0,0,0,0,0,0,"Ok"]
["OBERON (T) SC240 40X200ML BOT IN",40,0,0,6,0,0,0,0,34,40,0,0,6,0,0,0,0,34,0,0,0,0,0,0,0,0,0,"Ok"]
["OBERON (T) SC240 50X100ML BOT IN",50,0,0,32,0,0,0,0,18,50,0,0,32,0,0,0,0,18,0,0,0,0,0,0,0,0,0,"Ok"]
["PLANOFIX SL4 5 40X250ML BOT IN",10,40,0,9,0,0,0,0,41,10,40,0,9,0,0,0,0,41,0,0,0,0,0,0,0,0,0,"Ok"]
["PLANOFIX SL4 5 50X100ML BOT IN",21,50,0,18,0,0,0,0,53,21,50,0,18,0,0,0,0,53,0,0,0,0,0,0,0,0,0,"Ok"]
["REGENT (T) SC50 20X250ML BOT IN",21,40,0,36,0,0,0,0,25,21,40,0,36,0,0,0,0,25,0,0,0,0,0,0,0,0,0,"Ok"]
["REGENT (T) SC50 20X500ML BOT IN",0,40,0,6,0,0,0,0,34,0,40,0,6,0,0,0,0,34,0,0,0,0,0,0,0,0,0,"Ok"]
["REGENT (T) SC50 50X100ML BOT IN",26,50,0,37,0,0,0,0,39,26,50,0,37,0,0,0,0,39,0,0,0,0,0,0,0,0,0,"Ok"]
["REGENT GR0 3 4X5KG BAG IN",60,0,0,21,0,0,0,0,39,60,0,0,21,0,0,0,0,39,0,0,0,0,0,0,0,0,0,"Ok"]
["SECTIN WG60 50X100GR BAG IN",1,0,0,1,0,0,0,0,0,1,0,0,1,0,0,0,0,0,0,0,0,0,0,0,0,0,0,"Ok"]
["SENCOR WP70 20X500GR BOX IN",262,0,0,264,0,0,0,0,-2,262,0,0,262,0,0,0,0,0,0,0,0,2,0,0,0,0,-2,"CHECKED IN TALLY FOUND THAT SAPL SALES QTY SHOWING CORRECT. ON REPORT SHOWING WRONG."]
["SENCOR WP70 60X100GR BAG IN",65,0,0,65,0,0,0,0,0,65,0,0,65,0,0,0,0,0,0,0,0,0,0,0,0,0,0,"Ok"]
["SOLOMON OD300 10X1L BOT IN",17,100,0,87,0,0,0,0,30,17,100,0,86,0,0,0,0,31,0,0,0,1,0,0,0,0,-1,"CHECKED IN TALLY FOUND THAT SAPL SALES QTY SHOWING CORRECT. ON REPORT SHOWING WRONG."]
["SOLOMON OD300 20X500ML BOT IN",27,500,0,303,0,0,0,0,224,27,500,0,303,0,0,0,0,224,0,0,0,0,0,0,0,0,0,"Ok"]
["SOLOMON OD300 40X250ML BOT IN",65,400,0,388,0,0,0,0,77,65,400,0,388,0,0,0,0,77,0,0,0,0,0,0,0,0,0,"Ok"]
["SOLOMON OD300 50X100ML BOT IN",11,600,0,213,0,0,0,0,398,11,600,0,212,0,0,0,0,399,0,0,0,1,0,0,0,0,-1,"CHECKED IN TALLY FOUND THAT SAPL SALES QTY SHOWING CORRECT. ON REPORT SHOWING WRONG."]
["VELUM PRIME SC400 20X500ML BOT IN",3,20,0,12,0,0,0,0,11,3,20,0,12,0,0,0,0,11,0,0,0,0,0,0,0,0,0,"Ok"]
["ROUNDUP 41% SL (IN) 40X250 ML",122,0,0,74,0,0,0,0,48,122,0,0,74,0,0,0,0,48,0,0,0,0,0,0,0,0,0,"Ok"]
["SECTIN WG60 20X600GR BAG IN",3,0,0,3,0,0,0,0,0,3,0,0,3,0,0,0,0,0,0,0,0,0,0,0,0,0,0,"Ok"]
["REGENT (T) SC50 10X1L BOT IN",2,0,0,2,0,0,0,0,0,2,0,0,2,0,0,0,0,0,0,0,0,0,0,0,0,0,0,"Ok"]
["ADMIRE (T) WG70 30X150GR BOT IN",0,0,0,0,0,0,0,0,0,0,0,0,0,0,0,0,0,0,0,0,0,0,0,0,0,0,0,"Ok"]
["ANTRACOL (T) WP70 10X1KG BAG IN",0,0,0,0,0,0,0,0,0,0,0,0,0,0,0,0,0,0,0,0,0,0,0,0,0,0,0,"Ok"]
["DECIS EC101-2 50X100ML BOX IN",0,0,0,0,0,0,0,0,0,0,0,0,0,0,0,0,0,0,0,0,0,0,0,0,0,0,0,"Ok"]
["ETHREL SL39 20X500ML BOT IN",0,0,0,0,0,0,0,0,0,0,0,0,0,0,0,0,0,0,0,0,0,0,0,0,0,0,0,"Ok"]
["FAME (T) SC480 10X(20X10ML) BOT IN",0,0,0,0,0,0,0,0,0,0,0,0,0,0,0,0,0,0,0,0,0,0,0,0,0,0,0,"Ok"]
["FAME (T) SC480 20X100ML BOT IN",0,0,0,0,0,0,0,0,0,0,0,0,0,0,0,0,0,0,0,0,0,0,0,0,0,0,0,"Ok"]
["FAME (T) SC480 40X50ML BOT IN",0,0,0,0,0,0,0,0,0,0,0,0,0,0,0,0,0,0,0,0,0,0,0,0,0,0,0,"Ok"]
["FOLICUR (T) EC250 20X500ML BOT IN",0,0,0,0,0,0,0,0,0,0,0,0,0,0,0,0,0,0,0,0,0,0,0,0,0,0,0,"Ok"]
["LARVIN (T) WP75 20X250GR BAG IN",0,0,0,0,0,0,0,0,0,0,0,0,0,0,0,0,0,0,0,0,0,0,0,0,0,0,0,"Ok"]
["MELODY DUO WP66 8 10X800G BAG IN",0,0,0,0,0,0,0,0,0,0,0,0,0,0,0,0,0,0,0,0,0,0,0,0,0,0,0,"Ok"]
["MOVENTO ENERGY SC240 40X250ML BOT IN",0,0,0,0,0,0,0,0,0,0,0,0,0,0,0,0,0,0,0,0,0,0,0,0,0,0,0,"Ok"]
["REGENT GOLD SC200 40X250ML BOT IN",0,0,0,0,0,0,0,0,0,0,0,0,0,0,0,0,0,0,0,0,0,0,0,0,0,0,0,"Ok"]
["REGENT GOLD SC200 50X100ML BOT IN",0,0,0,0,0,0,0,0,0,0,0,0,0,0,0,0,0,0,0,0,0,0,0,0,0,0,0,"Ok"]
["REGENT ULTRA GR0 6 5X4KG BAG IN",0,0,0,0,0,0,0,0,0,0,0,0,0,0,0,0,0,0,0,0,0,0,0,0,0,0,0,"Ok"]
["SECTIN WG60 10X1KG BAG IN",0,0,0,0,0,0,0,0,0,0,0,0,0,0,0,0,0,0,0,0,0,0,0,0,0,0,0,"Ok"]
["SURPASS SUPERB BG2 20X450G BAG IN",0,0,0,0,0,0,0,0,0,0,0,0,0,0,0,0,0,0,0,0,0,0,0,0,0,0,0,"Ok"]
["TOPSTAR (T) WP80 4X(10X100GR) BOX IN",0,0,0,0,0,0,0,0,0,0,0,0,0,0,0,0,0,0,0,0,0,0,0,0,0,0,0,"Ok"]
["Total",{"$f":"SUM(B4:B85)","v":1885},{"$f":"SUM(C4:C85)","v":9811},0,6331,0,0,0,0,5365,1885,9811,0,6319,0,0,0,0,5377,0,0,0,12,0,0,0,0,-12]