{"text_format":"1","workbook":"xlsx","n_sheets":8,"sheets":["Navigation","Dealer Report","Dealer Report working","Master","Final Dealer Work","Zylem SNS Report","OPG","Reco"],"not_rendered":{"charts":0,"images":0,"macros":1,"external_links":2,"defined_names":11,"comments":0,"pivot_tables":1},"unopened":[],"bounds":{"document_bytes":16777216,"sheet_cells":100000,"rows_first":2000,"rows_last":500,"rows_between":2000,"halvings":0,"cell_chars":16384,"cell_head_chars":4096},"cells_cut":0,"cells_raw":0,"read":"whole","date_system":"1900"}

{"sheet":"Navigation","index":0,"n_rows":8,"n_cols":12,"rows_kept":8,"cut":false,"hidden":false,"merged":[]}
[]
[]
[]
[]
[]
[]
[null,null,null,null,null,null,null,null,null,null,"Shreeji Agro"]
[null,null,null,null,null,null,null,null,null,null,null,"Stock and Sales FOR THE PERIOD 01-Apr-2021 TO 31-Jul-2021"]

{"sheet":"Dealer Report","index":1,"n_rows":70,"n_cols":5,"rows_kept":70,"cut":false,"hidden":false,"merged":[]}
["Shreeji Agro 2021-2022"]
["At, Post Kothamba"]
["Bayer 18%"]
["Stock Group Summary"]
["1-Apr-21 to 31-Jul-21"]
["","Bayer 18%"]
["","Shreeji Agro 2021-2022"]
["Particulars","1-Apr-21 to 31-Jul-21"]
["","Opening Balance","Inwards","Outwards","Closing Balance"]
["","Quantity","Quantity","Quantity","Quantity"]
["Admire Wg 70 150*30gr",0,0,0,0]
["Adora 50ml",65,0,40,25]
["Adue  40gm",4,0,4,0]
["Antracol 100ml",112,500,25,587]
["Antracol 250ml",75,280,0,355]
["ANTRACOL 500ML",0,0,0,0]
["Cipel 4kg",0,1050,162,888]
["Confidor 100 Ml T",45,0,10,35]
["CONFIDOR 250ML",10,0,0,10]
["COUNCIL ACTIV 45 GM",0,640,0,640]
["COUNCIL ACTIV 90GM",0,540,0,540]
["DANITOL 100 ML",100,0,0,100]
["FENOS QUICK 100ML",132,0,4,128]
["Follcur 250 Ml",0,0,0,0]
["FOOST 250ML",0,400,54,346]
["Foost  500ml",0,360,120,240]
["GAUCHO 100ML",34,0,0,34]
["Gaucho  50ml",0,200,0,200]
["GAUCHO .9ML",120,300,0,420]
["LARVIN 100GM",0,0,0,0]
["Larvin 250gm",40,0,0,40]
["LARVIN 500GM",0,0,0,0]
["LAUDIS 115ML",0,200,120,80]
["Laudis  57.5  Ml",101,400,290,211]
["LUCIFER 160GM",18,0,0,18]
["Nativo 10gm",0,0,0,0]
["NATIVO 50GR",3,0,3,0]
["OBERON   100ML",0,50,20,30]
["OBERON 1LT",0,0,0,0]
["Regent 0.3Gr 1",452,0,420,32]
["Regent 0.3gr 5kg",205,0,100,105]
["Regent250ml",14,0,0,14]
["Regent  500ml",50,0,0,50]
["Regent 5sc 100g",0,50,0,50]
["Regent S C  1 Lt",19,0,0,19]
["REGENT ULTRA 1KG",0,1300,160,1140]
["REGENT ULTRA 4KG",98,650,90,658]
["ROUNDUP  1LT",42,50,50,42]
["ROUNDUP 500ML",0,0,0,0]
["Solomon  100 Ml",0,100,20,80]
["SOLOMON 250ML",0,51,5,46]
["Solomon 500ml",1,0,0,1]
["VELUM  PRIME 250ML",0,0,0,0]
["Whipsuper  100 Ml",59,100,15,144]
["Whipsuper 250ml",47,0,5,42]
["WHIPSUPER 500ML",0,0,0,0]
["6201  1 K G",0,22350,21380,970]
["6444 Paddy  1 Kg",0,2790,2426,364]
["6444 Paddy 3kg",0,15940,14619,1321]
["Arize 6453 1kg",0,0,0,0]
["BAJRI  9461",-2,0,0,-2]
["Bold  3kg",0,0,0,0]
["MAIZE PRABEL",0,0,0,0]
["MONSENTO MAIZE 8144",0,14,0,14]
["MONSENTO MAIZE ALL",0,18,0,18]
["Paddy 6129  1kg",0,1260,331,929]
["Paddy 6129  3kg",0,720,159,561]
["PADDY 8433DT",0,1610,516,1094]
["Surpass Superb  Bt",0,300,273,27]
["Total",{"$f":"SUM(B11:B69)","v":1844},52223,41421,12646]

{"sheet":"Dealer Report working","index":2,"n_rows":60,"n_cols":14,"rows_kept":60,"cut":false,"hidden":false,"merged":[]}
["Particulars","Opening Qty","Purchase Qty","Sales Qty","CLSG","Master Name",null,null,null,null,"Values"]
["Admire Wg 70 150*30gr",0,0,0,0,"ADMIRE (T) WG70 150X30GR BOT IN",null,null,null,"Row Labels","Sum of Opening Qty","Sum of Purchase Qty","Sum of Sales Qty","Sum of CLSG"]
["Adora 50ml",65,0,40,25,"ADORA (T) SC100 50X50ML BOT IN",null,null,null,"ADMIRE (T) WG70 150X30GR BOT IN",0,0,0,0]
["Adue  40gm",4,0,4,0,"ADUE WG70 15X40G BOT IN",null,null,null,"ADORA (T) SC100 50X50ML BOT IN",65,0,40,25]
["Antracol 100ml",112,500,25,587,"ANTRACOL (T) WP70 50X100GR BAG IN",null,null,null,"ADUE WG70 15X40G BOT IN",4,0,4,0]
["Antracol 250ml",75,280,0,355,"ANTRACOL (T) WP70 40X250GR BAG IN",null,null,null,"ANTRACOL (T) WP70 20X500GR BAG IN",0,0,0,0]
["ANTRACOL 500ML",0,0,0,0,"ANTRACOL (T) WP70 20X500GR BAG IN",null,null,null,"ANTRACOL (T) WP70 40X250GR BAG IN",75,280,0,355]
["Cipel 4kg",0,1050,162,888,"CIPEL GR0 41 6X4KG BAG IN",null,null,null,"ANTRACOL (T) WP70 50X100GR BAG IN",112,500,25,587]
["Confidor 100 Ml T",45,0,10,35,"CONFIDOR (T) SL200 50X100ML BOT IN",null,null,null,"ARIZE 6129 LOC 10X3KG BAG IN",0,720,159,561]
["CONFIDOR 250ML",10,0,0,10,"CONFIDOR (T) SL200 20X250ML BOT IN",null,null,null,"ARIZE 6129 LOC 30X1KG BAG IN",0,1260,331,929]
["COUNCIL ACTIV 45 GM",0,640,0,640,"COUNCIL ACTIV WG30 8X(10X45GR) BOX IN",null,null,null,"ARIZE 6201 LOC 30X1KG BAG IN",0,22350,21380,970]
["COUNCIL ACTIV 90GM",0,540,0,540,"COUNCIL ACTIV WG30 12X(5X90GR) BOX IN",null,null,null,"ARIZE 6444 LOC 10X3KG BAG IN",0,15940,14619,1321]
["DANITOL 100 ML",100,0,0,100,"DISCOUNTINUE PRODUCT",null,null,null,"ARIZE 6444 LOC 30X1KG BAG IN",0,2790,2426,364]
["FENOS QUICK 100ML",132,0,4,128,"FENOS QUICK SC150 50X100ML BOT IN",null,null,null,"ARIZE AZ 6453 LOC 30X1KG BAG IN",0,0,0,0]
["Follcur 250 Ml",0,0,0,0,"FOLICUR (T) EC250 40X250ML BOT IN",null,null,null,"ARIZE AZ 8433 DT LOC 30X1KG BAG IN",0,1610,516,1094]
["FOOST 250ML",0,400,54,346,"FOOST WP50 20X250G BAG IN",null,null,null,"ARIZE BOLD LOC 10X3KG BAG IN",0,0,0,0]
["Foost  500ml",0,360,120,240,"FOOST WP50 24X500G BAG IN",null,null,null,"C DK DKC8144 4KG IN",0,14,0,14]
["GAUCHO 100ML",34,0,0,34,"GAUCHO FS600 50X100ML BOT IN",null,null,null,"C DK PRABAL 4KG IN",0,0,0,0]
["Gaucho  50ml",0,200,0,200,"DISCOUNTINUE PRODUCT",null,null,null,"CIPEL GR0 41 6X4KG BAG IN",0,1050,162,888]
["GAUCHO .9ML",120,300,0,420,"GAUCHO FS600 5X(20X9)ML BOT IN",null,null,null,"CONFIDOR (T) SL200 20X250ML BOT IN",10,0,0,10]
["LARVIN 100GM",0,0,0,0,"LARVIN (T) WP75 40X100GR BAG IN",null,null,null,"CONFIDOR (T) SL200 50X100ML BOT IN",45,0,10,35]
["Larvin 250gm",40,0,0,40,"LARVIN (T) WP75 20X250GR BAG IN",null,null,null,"COUNCIL ACTIV WG30 12X(5X90GR) BOX IN",0,540,0,540]
["LARVIN 500GM",0,0,0,0,"LARVIN (T) WP75 20X500GR BAG IN",null,null,null,"COUNCIL ACTIV WG30 8X(10X45GR) BOX IN",0,640,0,640]
["LAUDIS 115ML",0,200,120,80,"LAUDIS SC630 8X115ML BOT IN",null,null,null,"DISCOUNTINUE PRODUCT",100,218,0,318]
["Laudis  57.5  Ml",101,400,290,211,"LAUDIS SC630 10X57.5ML BOT IN",null,null,null,"FENOS QUICK SC150 50X100ML BOT IN",132,0,4,128]
["LUCIFER 160GM",18,0,0,18,"LUCIFER (T) WP15 25X160GR BAG IN",null,null,null,"FOLICUR (T) EC250 40X250ML BOT IN",0,0,0,0]
["Nativo 10gm",0,0,0,0,"NATIVO WG75 20X(10X10GR) BAG IN",null,null,null,"FOOST WP50 20X250G BAG IN",0,400,54,346]
["NATIVO 50GR",3,0,3,0,"NATIVO WG75 100X50GR BAG IN",null,null,null,"FOOST WP50 24X500G BAG IN",0,360,120,240]
["OBERON   100ML",0,50,20,30,"OBERON (T) SC240 50X100ML BOT IN",null,null,null,"GAUCHO FS600 50X100ML BOT IN",34,0,0,34]
["OBERON 1LT",0,0,0,0,"OBERON (T) SC240 10X1L BOT IN",null,null,null,"GAUCHO FS600 5X(20X9)ML BOT IN",120,300,0,420]
["Regent 0.3Gr 1",452,0,420,32,"REGENT GR0 3 20X1KG BAG IN",null,null,null,"LARVIN (T) WP75 20X250GR BAG IN",40,0,0,40]
["Regent 0.3gr 5kg",205,0,100,105,"REGENT GR0 3 4X5KG BAG IN",null,null,null,"LARVIN (T) WP75 20X500GR BAG IN",0,0,0,0]
["Regent250ml",14,0,0,14,"REGENT (T) SC50 20X250ML BOT IN",null,null,null,"LARVIN (T) WP75 40X100GR BAG IN",0,0,0,0]
["Regent  500ml",50,0,0,50,"REGENT (T) SC50 20X500ML BOT IN",null,null,null,"LAUDIS SC630 10X57.5ML BOT IN",101,400,290,211]
["Regent 5sc 100g",0,50,0,50,"REGENT (T) SC50 50X100ML BOT IN",null,null,null,"LAUDIS SC630 8X115ML BOT IN",0,200,120,80]
["Regent S C  1 Lt",19,0,0,19,"REGENT (T) SC50 10X1L BOT IN",null,null,null,"LUCIFER (T) WP15 25X160GR BAG IN",18,0,0,18]
["REGENT ULTRA 1KG",0,1300,160,1140,"REGENT ULTRA GR0 6 20X1KG BAG IN",null,null,null,"MILLET HYBRID 9461 20X1.5KG BAG IN",-2,0,0,-2]
["REGENT ULTRA 4KG",98,650,90,658,"REGENT ULTRA GR0 6 5X4KG BAG IN",null,null,null,"NATIVO WG75 100X50GR BAG IN",3,0,3,0]
["ROUNDUP  1LT",42,50,50,42,"ROUNDUP 41% SL (IN) 10X1 LTR",null,null,null,"NATIVO WG75 20X(10X10GR) BAG IN",0,0,0,0]
["ROUNDUP 500ML",0,0,0,0,"ROUNDUP 41% SL (IN) 20X500 ML",null,null,null,"OBERON (T) SC240 10X1L BOT IN",0,0,0,0]
["Solomon  100 Ml",0,100,20,80,"SOLOMON OD300 50X100ML BOT IN",null,null,null,"OBERON (T) SC240 50X100ML BOT IN",0,50,20,30]
["SOLOMON 250ML",0,51,5,46,"SOLOMON OD300 40X250ML BOT IN",null,null,null,"REGENT (T) SC50 10X1L BOT IN",19,0,0,19]
["Solomon 500ml",1,0,0,1,"SOLOMON OD300 20X500ML BOT IN",null,null,null,"REGENT (T) SC50 20X250ML BOT IN",14,0,0,14]
["VELUM  PRIME 250ML",0,0,0,0,"VELUM PRIME SC400 40X250ML BOT IN",null,null,null,"REGENT (T) SC50 20X500ML BOT IN",50,0,0,50]
["Whipsuper  100 Ml",59,100,15,144,"WHIPSUPER (T) EC90 50X100ML BOT IN",null,null,null,"REGENT (T) SC50 50X100ML BOT IN",0,50,0,50]
["Whipsuper 250ml",47,0,5,42,"WHIPSUPER (T) EC90 40X250ML BOT IN",null,null,null,"REGENT GR0 3 20X1KG BAG IN",452,0,420,32]
["WHIPSUPER 500ML",0,0,0,0,"WHIPSUPER (T) EC90 20X500ML BOT IN",null,null,null,"REGENT GR0 3 4X5KG BAG IN",205,0,100,105]
["6201  1 K G",0,22350,21380,970,"ARIZE 6201 LOC 30X1KG BAG IN",null,null,null,"REGENT ULTRA GR0 6 20X1KG BAG IN",0,1300,160,1140]
["6444 Paddy  1 Kg",0,2790,2426,364,"ARIZE 6444 LOC 30X1KG BAG IN",null,null,null,"REGENT ULTRA GR0 6 5X4KG BAG IN",98,650,90,658]
["6444 Paddy 3kg",0,15940,14619,1321,"ARIZE 6444 LOC 10X3KG BAG IN",null,null,null,"ROUNDUP 41% SL (IN) 10X1 LTR",42,50,50,42]
["Arize 6453 1kg",0,0,0,0,"ARIZE AZ 6453 LOC 30X1KG BAG IN",null,null,null,"ROUNDUP 41% SL (IN) 20X500 ML",0,0,0,0]
["BAJRI  9461",-2,0,0,-2,"MILLET HYBRID 9461 20X1.5KG BAG IN",null,null,null,"SOLOMON OD300 20X500ML BOT IN",1,0,0,1]
["Bold  3kg",0,0,0,0,"ARIZE BOLD LOC 10X3KG BAG IN",null,null,null,"SOLOMON OD300 40X250ML BOT IN",0,51,5,46]
["MAIZE PRABEL",0,0,0,0,"C DK PRABAL 4KG IN",null,null,null,"SOLOMON OD300 50X100ML BOT IN",0,100,20,80]
["MONSENTO MAIZE 8144",0,14,0,14,"C DK DKC8144 4KG IN",null,null,null,"SURPASS SUPERB BG2 20X450G BAG IN",0,300,273,27]
["MONSENTO MAIZE ALL",0,18,0,18,"DISCOUNTINUE PRODUCT",null,null,null,"VELUM PRIME SC400 40X250ML BOT IN",0,0,0,0]
["Paddy 6129  1kg",0,1260,331,929,"ARIZE 6129 LOC 30X1KG BAG IN",null,null,null,"WHIPSUPER (T) EC90 20X500ML BOT IN",0,0,0,0]
["Paddy 6129  3kg",0,720,159,561,"ARIZE 6129 LOC 10X3KG BAG IN",null,null,null,"WHIPSUPER (T) EC90 40X250ML BOT IN",47,0,5,42]
["PADDY 8433DT",0,1610,516,1094,"ARIZE AZ 8433 DT LOC 30X1KG BAG IN",null,null,null,"WHIPSUPER (T) EC90 50X100ML BOT IN",59,100,15,144]
["Surpass Superb  Bt",0,300,273,27,"SURPASS SUPERB BG2 20X450G BAG IN",null,null,null,"Grand Total",1844,52223,41421,12646]

{"sheet":"Master","index":3,"n_rows":60,"n_cols":2,"rows_kept":60,"cut":false,"hidden":false,"merged":[]}
["Item Details","Master Name"]
["Admire Wg 70 150*30gr","ADMIRE (T) WG70 150X30GR BOT IN"]
["Adora 50ml","ADORA (T) SC100 50X50ML BOT IN"]
["Adue  40gm","ADUE WG70 15X40G BOT IN"]
["Antracol 100ml","ANTRACOL (T) WP70 50X100GR BAG IN"]
["Antracol 250ml","ANTRACOL (T) WP70 40X250GR BAG IN"]
["ANTRACOL 500ML","ANTRACOL (T) WP70 20X500GR BAG IN"]
["Cipel 4kg","CIPEL GR0 41 6X4KG BAG IN"]
["Confidor 100 Ml T","CONFIDOR (T) SL200 50X100ML BOT IN"]
["CONFIDOR 250ML","CONFIDOR (T) SL200 20X250ML BOT IN"]
["COUNCIL ACTIV 45 GM","COUNCIL ACTIV WG30 8X(10X45GR) BOX IN"]
["COUNCIL ACTIV 90GM","COUNCIL ACTIV WG30 12X(5X90GR) BOX IN"]
["DANITOL 100 ML","DISCOUNTINUE PRODUCT"]
["FENOS QUICK 100ML","FENOS QUICK SC150 50X100ML BOT IN"]
["Follcur 250 Ml","FOLICUR (T) EC250 40X250ML BOT IN"]
["FOOST 250ML","FOOST WP50 20X250G BAG IN"]
["Foost  500ml","FOOST WP50 24X500G BAG IN"]
["GAUCHO 100ML","GAUCHO FS600 50X100ML BOT IN"]
["Gaucho  50ml","DISCOUNTINUE PRODUCT"]
["GAUCHO .9ML","GAUCHO FS600 5X(20X9)ML BOT IN"]
["LARVIN 100GM","LARVIN (T) WP75 40X100GR BAG IN"]
["Larvin 250gm","LARVIN (T) WP75 20X250GR BAG IN"]
["LARVIN 500GM","LARVIN (T) WP75 20X500GR BAG IN"]
["LAUDIS 115ML","LAUDIS SC630 8X115ML BOT IN"]
["Laudis  57.5  Ml","LAUDIS SC630 10X57.5ML BOT IN"]
["LUCIFER 160GM","LUCIFER (T) WP15 25X160GR BAG IN"]
["Nativo 10gm","NATIVO WG75 20X(10X10GR) BAG IN"]
["NATIVO 50GR","NATIVO WG75 100X50GR BAG IN"]
["OBERON   100ML","OBERON (T) SC240 50X100ML BOT IN"]
["OBERON 1LT","OBERON (T) SC240 10X1L BOT IN"]
["Regent 0.3Gr 1","REGENT GR0 3 20X1KG BAG IN"]
["Regent 0.3gr 5kg","REGENT GR0 3 4X5KG BAG IN"]
["Regent250ml","REGENT (T) SC50 20X250ML BOT IN"]
["Regent  500ml","REGENT (T) SC50 20X500ML BOT IN"]
["Regent 5sc 100g","REGENT (T) SC50 50X100ML BOT IN"]
["Regent S C  1 Lt","REGENT (T) SC50 10X1L BOT IN"]
["REGENT ULTRA 1KG","REGENT ULTRA GR0 6 20X1KG BAG IN"]
["REGENT ULTRA 4KG","REGENT ULTRA GR0 6 5X4KG BAG IN"]
["ROUNDUP  1LT","ROUNDUP 41% SL (IN) 10X1 LTR"]
["ROUNDUP 500ML","ROUNDUP 41% SL (IN) 20X500 ML"]
["Solomon  100 Ml","SOLOMON OD300 50X100ML BOT IN"]
["SOLOMON 250ML","SOLOMON OD300 40X250ML BOT IN"]
["Solomon 500ml","SOLOMON OD300 20X500ML BOT IN"]
["VELUM  PRIME 250ML","VELUM PRIME SC400 40X250ML BOT IN"]
["Whipsuper  100 Ml","WHIPSUPER (T) EC90 50X100ML BOT IN"]
["Whipsuper 250ml","WHIPSUPER (T) EC90 40X250ML BOT IN"]
["WHIPSUPER 500ML","WHIPSUPER (T) EC90 20X500ML BOT IN"]
["6201  1 K G","ARIZE 6201 LOC 30X1KG BAG IN"]
["6444 Paddy  1 Kg","ARIZE 6444 LOC 30X1KG BAG IN"]
["6444 Paddy 3kg","ARIZE 6444 LOC 10X3KG BAG IN"]
["Arize 6453 1kg","ARIZE AZ 6453 LOC 30X1KG BAG IN"]
["BAJRI  9461","MILLET HYBRID 9461 20X1.5KG BAG IN"]
["Bold  3kg","ARIZE BOLD LOC 10X3KG BAG IN"]
["MAIZE PRABEL","C DK PRABAL 4KG IN"]
["MONSENTO MAIZE 8144","C DK DKC8144 4KG IN"]
["MONSENTO MAIZE ALL","DISCOUNTINUE PRODUCT"]
["Paddy 6129  1kg","ARIZE 6129 LOC 30X1KG BAG IN"]
["Paddy 6129  3kg","ARIZE 6129 LOC 10X3KG BAG IN"]
["PADDY 8433DT","ARIZE AZ 8433 DT LOC 30X1KG BAG IN"]
["Surpass Superb  Bt","SURPASS SUPERB BG2 20X450G BAG IN"]

{"sheet":"Final Dealer Work","index":4,"n_rows":60,"n_cols":14,"rows_kept":60,"cut":false,"hidden":false,"merged":[]}
[]
[null,"PRODUCT","ITEMALIAS","Bpc","Volume","Opening Qty","Purchase Qty","Purchase Return Qty","Sales Qty","Sales Return Qty","Transfer Qty","Consignment Qty","Adjustment Qty","CLSG"]
[null,"ADMIRE (T) WG70 150X30GR BOT IN",null,null,null,0,0,0,0,0,0,0,0,0]
[null,"ADORA (T) SC100 50X50ML BOT IN",null,null,null,65,0,0,40,0,0,0,0,25]
[null,"ADUE WG70 15X40G BOT IN",null,null,null,4,0,0,4,0,0,0,0,0]
[null,"ANTRACOL (T) WP70 20X500GR BAG IN",null,null,null,0,0,0,0,0,0,0,0,0]
[null,"ANTRACOL (T) WP70 40X250GR BAG IN",null,null,null,75,280,0,0,0,0,0,0,355]
[null,"ANTRACOL (T) WP70 50X100GR BAG IN",null,null,null,112,500,0,25,0,0,0,0,587]
[null,"ARIZE 6129 LOC 10X3KG BAG IN",null,null,null,0,720,0,159,0,0,0,0,561]
[null,"ARIZE 6129 LOC 30X1KG BAG IN",null,null,null,0,1260,0,331,0,0,0,0,929]
[null,"ARIZE 6201 LOC 30X1KG BAG IN",null,null,null,0,22350,0,21380,0,0,0,0,970]
[null,"ARIZE 6444 LOC 10X3KG BAG IN",null,null,null,0,15940,0,14619,0,0,0,0,1321]
[null,"ARIZE 6444 LOC 30X1KG BAG IN",null,null,null,0,2790,0,2426,0,0,0,0,364]
[null,"ARIZE AZ 6453 LOC 30X1KG BAG IN",null,null,null,0,0,0,0,0,0,0,0,0]
[null,"ARIZE AZ 8433 DT LOC 30X1KG BAG IN",null,null,null,0,1610,0,516,0,0,0,0,1094]
[null,"ARIZE BOLD LOC 10X3KG BAG IN",null,null,null,0,0,0,0,0,0,0,0,0]
[null,"C DK DKC8144 4KG IN",null,null,null,0,14,0,0,0,0,0,0,14]
[null,"C DK PRABAL 4KG IN",null,null,null,0,0,0,0,0,0,0,0,0]
[null,"CIPEL GR0 41 6X4KG BAG IN",null,null,null,0,1050,0,162,0,0,0,0,888]
[null,"CONFIDOR (T) SL200 20X250ML BOT IN",null,null,null,10,0,0,0,0,0,0,0,10]
[null,"CONFIDOR (T) SL200 50X100ML BOT IN",null,null,null,45,0,0,10,0,0,0,0,35]
[null,"COUNCIL ACTIV WG30 12X(5X90GR) BOX IN",null,null,null,0,540,0,0,0,0,0,0,540]
[null,"COUNCIL ACTIV WG30 8X(10X45GR) BOX IN",null,null,null,0,640,0,0,0,0,0,0,640]
[null,"DISCOUNTINUE PRODUCT",null,null,null,100,218,0,0,0,0,0,0,318]
[null,"FENOS QUICK SC150 50X100ML BOT IN",null,null,null,132,0,0,4,0,0,0,0,128]
[null,"FOLICUR (T) EC250 40X250ML BOT IN",null,null,null,0,0,0,0,0,0,0,0,0]
[null,"FOOST WP50 20X250G BAG IN",null,null,null,0,400,0,54,0,0,0,0,346]
[null,"FOOST WP50 24X500G BAG IN",null,null,null,0,360,0,120,0,0,0,0,240]
[null,"GAUCHO FS600 50X100ML BOT IN",null,null,null,34,0,0,0,0,0,0,0,34]
[null,"GAUCHO FS600 5X(20X9)ML BOT IN",null,null,null,120,300,0,0,0,0,0,0,420]
[null,"LARVIN (T) WP75 20X250GR BAG IN",null,null,null,40,0,0,0,0,0,0,0,40]
[null,"LARVIN (T) WP75 20X500GR BAG IN",null,null,null,0,0,0,0,0,0,0,0,0]
[null,"LARVIN (T) WP75 40X100GR BAG IN",null,null,null,0,0,0,0,0,0,0,0,0]
[null,"LAUDIS SC630 10X57.5ML BOT IN",null,null,null,101,400,0,290,0,0,0,0,211]
[null,"LAUDIS SC630 8X115ML BOT IN",null,null,null,0,200,0,120,0,0,0,0,80]
[null,"LUCIFER (T) WP15 25X160GR BAG IN",null,null,null,18,0,0,0,0,0,0,0,18]
[null,"MILLET HYBRID 9461 20X1.5KG BAG IN",null,null,null,-2,0,0,0,0,0,0,0,-2]
[null,"NATIVO WG75 100X50GR BAG IN",null,null,null,3,0,0,3,0,0,0,0,0]
[null,"NATIVO WG75 20X(10X10GR) BAG IN",null,null,null,0,0,0,0,0,0,0,0,0]
[null,"OBERON (T) SC240 10X1L BOT IN",null,null,null,0,0,0,0,0,0,0,0,0]
[null,"OBERON (T) SC240 50X100ML BOT IN",null,null,null,0,50,0,20,0,0,0,0,30]
[null,"REGENT (T) SC50 10X1L BOT IN",null,null,null,19,0,0,0,0,0,0,0,19]
[null,"REGENT (T) SC50 20X250ML BOT IN",null,null,null,14,0,0,0,0,0,0,0,14]
[null,"REGENT (T) SC50 20X500ML BOT IN",null,null,null,50,0,0,0,0,0,0,0,50]
[null,"REGENT (T) SC50 50X100ML BOT IN",null,null,null,0,50,0,0,0,0,0,0,50]
[null,"REGENT GR0 3 20X1KG BAG IN",null,null,null,452,0,0,420,0,0,0,0,32]
[null,"REGENT GR0 3 4X5KG BAG IN",null,null,null,205,0,0,100,0,0,0,0,105]
[null,"REGENT ULTRA GR0 6 20X1KG BAG IN",null,null,null,0,1300,0,160,0,0,0,0,1140]
[null,"REGENT ULTRA GR0 6 5X4KG BAG IN",null,null,null,98,650,0,90,0,0,0,0,658]
[null,"ROUNDUP 41% SL (IN) 10X1 LTR",null,null,null,42,50,0,50,0,0,0,0,42]
[null,"ROUNDUP 41% SL (IN) 20X500 ML",null,null,null,0,0,0,0,0,0,0,0,0]
[null,"SOLOMON OD300 20X500ML BOT IN",null,null,null,1,0,0,0,0,0,0,0,1]
[null,"SOLOMON OD300 40X250ML BOT IN",null,null,null,0,51,0,5,0,0,0,0,46]
[null,"SOLOMON OD300 50X100ML BOT IN",null,null,null,0,100,0,20,0,0,0,0,80]
[null,"SURPASS SUPERB BG2 20X450G BAG IN",null,null,null,0,300,0,273,0,0,0,0,27]
[null,"VELUM PRIME SC400 40X250ML BOT IN",null,null,null,0,0,0,0,0,0,0,0,0]
[null,"WHIPSUPER (T) EC90 20X500ML BOT IN",null,null,null,0,0,0,0,0,0,0,0,0]
[null,"WHIPSUPER (T) EC90 40X250ML BOT IN",null,null,null,47,0,0,5,0,0,0,0,42]
[null,"WHIPSUPER (T) EC90 50X100ML BOT IN",null,null,null,59,100,0,15,0,0,0,0,144]
[null,"Grand Total",null,null,null,1844,52223,0,41421,0,0,0,0,12646]

{"sheet":"Zylem SNS Report","index":5,"n_rows":53,"n_cols":13,"rows_kept":53,"cut":false,"hidden":false,"merged":[[6,0,6,12],[1,0,1,12],[3,0,3,12],[4,0,4,12],[5,0,5,12]]}
[]
["Company Name:-BAYER"]
["Stock and Sales FOR THE PERIOD 01-Apr-2021 TO 31-Jul-2021"]
["Generated on 9/8/2021 6:43:26 AM"]
["DISTRIBUTOR PRODUCTWISE"]
["OUTPUT IN : PIC,DETAILS AS : Column,CONSIDER : Voucher Date,INCLUDE VALIDATION : False"]
["DISTRIBUTOR:Shreeji Agro,"]
["DISTRIBUTOR","SAPCODE","PRODUCT","ITEMALIAS","Opening Qty","Purchase Qty","Purchase Return Qty","Sales Qty","Sales Return Qty","Transfer Qty","Consignment Qty","Adjustment Qty","CLSG"]
["Shreeji Agro",9060403,"ADORA (T) SC100 50X50ML BOT IN",84483869,65,0,0,40,0,0,0,0,25]
["Shreeji Agro",9060403,"ADUE WG70 15X40G BOT IN",80924100,4,0,0,4,0,0,0,0,0]
["Shreeji Agro",9060403,"ANTRACOL (T) WP70 40X250GR BAG IN",6112179,75,280,0,0,0,0,0,0,355]
["Shreeji Agro",9060403,"ANTRACOL (T) WP70 50X100GR BAG IN",6113191,112,500,0,25,0,0,0,0,587]
["Shreeji Agro",9060403,"ARIZE 6129 LOC 10X3KG BAG IN",56000694,0,720,0,740,581,0,0,0,561]
["Shreeji Agro",9060403,"ARIZE 6129 LOC 30X1KG BAG IN",56000686,0,1260,0,930,599,0,0,0,929]
["Shreeji Agro",9060403,"ARIZE 6201 LOC 30X1KG BAG IN",56000619,0,22350,0,24197,2817,0,0,0,970]
["Shreeji Agro",9060403,"ARIZE 6444 LOC 10X3KG BAG IN",56000643,0,16090,150,16831,2212,0,0,0,1321]
["Shreeji Agro",9060403,"ARIZE 6444 LOC 30X1KG BAG IN",56000635,0,2790,0,3117,691,0,0,0,364]
["Shreeji Agro",9060403,"ARIZE AZ 8433 DT LOC 30X1KG BAG IN",85397273,0,1610,0,1080,564,0,0,0,1094]
["Shreeji Agro",9060403,"CONFIDOR (T) SL200 20X250ML BOT IN",5699494,10,0,0,0,0,0,0,0,10]
["Shreeji Agro",9060403,"CONFIDOR (T) SL200 50X100ML BOT IN",5703475,45,0,0,10,0,0,0,0,35]
["Shreeji Agro",9060403,"COUNCIL ACTIV WG30 12X(5X90GR) BOX IN",80882629,0,540,0,0,0,0,0,0,540]
["Shreeji Agro",9060403,"COUNCIL ACTIV WG30 8X(10X45GR) BOX IN",80861729,0,640,0,0,0,0,0,0,640]
["Shreeji Agro",9060403,"FENOS QUICK SC150 50X100ML BOT IN",80942990,132,0,0,4,0,0,0,0,128]
["Shreeji Agro",9060403,"FOOST WP50 20X250G BAG IN",85760270,0,400,0,54,0,0,0,0,346]
["Shreeji Agro",9060403,"FOOST WP50 24X500G BAG IN",85811770,0,360,0,120,0,0,0,0,240]
["Shreeji Agro",9060403,"GAUCHO FS600 50X100ML BOT IN",79664141,34,0,0,0,0,0,0,0,34]
["Shreeji Agro",9060403,"GAUCHO FS600 5X(20X9)ML BOT IN",85824333,120,300,0,0,0,0,0,0,420]
["Shreeji Agro",9060403,"LARVIN (T) WP75 20X250GR BAG IN",6003167,40,0,0,0,0,0,0,0,40]
["Shreeji Agro",9060403,"LAUDIS SC630 10X57.5ML BOT IN",84470481,101,400,0,290,0,0,0,0,211]
["Shreeji Agro",9060403,"LAUDIS SC630 8X115ML BOT IN",80491085,0,200,0,120,0,0,0,0,80]
["Shreeji Agro",9060403,"LUCIFER (T) WP15 25X160GR BAG IN",79383789,18,0,0,0,0,0,0,0,18]
["Shreeji Agro",9060403,"MILLET HYBRID 9461 20X1.5KG BAG IN",85365827,-2,0,0,0,0,0,0,0,-2]
["Shreeji Agro",9060403,"NATIVO WG75 100X50GR BAG IN",80580061,3,0,0,3,0,0,0,0,0]
["Shreeji Agro",9060403,"OBERON (T) SC240 50X100ML BOT IN",79998538,0,50,0,20,0,0,0,0,30]
["Shreeji Agro",9060403,"REGENT (T) SC50 20X250ML BOT IN",5976951,14,0,0,0,0,0,0,0,14]
["Shreeji Agro",9060403,"REGENT (T) SC50 20X500ML BOT IN",5987678,50,0,0,0,0,0,0,0,50]
["Shreeji Agro",9060403,"REGENT (T) SC50 50X100ML BOT IN",5975343,0,50,0,0,0,0,0,0,50]
["Shreeji Agro",9060403,"REGENT GR0 3 20X1KG BAG IN",79667140,452,0,0,420,0,0,0,0,32]
["Shreeji Agro",9060403,"REGENT GR0 3 4X5KG BAG IN",80018703,205,0,0,100,0,0,0,0,105]
["Shreeji Agro",9060403,"REGENT ULTRA GR0 6 20X1KG BAG IN",84120863,0,1300,0,160,0,0,0,0,1140]
["Shreeji Agro",9060403,"REGENT ULTRA GR0 6 5X4KG BAG IN",84093394,98,650,0,90,0,0,0,0,658]
["Shreeji Agro",9060403,"SOLOMON OD300 20X500ML BOT IN",79987870,1,0,0,0,0,0,0,0,1]
["Shreeji Agro",9060403,"SOLOMON OD300 40X250ML BOT IN",79706723,0,51,0,5,0,0,0,0,46]
["Shreeji Agro",9060403,"SOLOMON OD300 50X100ML BOT IN",79641931,0,100,0,20,0,0,0,0,80]
["Shreeji Agro",9060403,"SURPASS SUPERB BG2 20X450G BAG IN",84950246,0,300,0,292,19,0,0,0,27]
["Shreeji Agro",9060403,"WHIPSUPER (T) EC90 40X250ML BOT IN",5966131,47,0,0,5,0,0,0,0,42]
["Shreeji Agro",9060403,"WHIPSUPER (T) EC90 50X100ML BOT IN",5994151,59,100,0,15,0,0,0,0,144]
["Shreeji Agro",9060403,"C DK DKC8144 4KG IN",12258743,0,14,0,0,0,0,0,0,14]
["Shreeji Agro",9060403,"ROUNDUP 41% SL (IN) 10X1 LTR",10173667,42,0,0,0,0,0,0,0,42]
["Shreeji Agro",9060403,"REGENT (T) SC50 10X1L BOT IN",5962667,19,0,0,0,0,0,0,0,19]
["Shreeji Agro",9060403,"NEWPRODUCT_9060403",9060403,0,250,0,50,0,0,0,0,200]
["Shreeji Agro",9060403,"CIPEL GR0 41 6X4KG BAG IN",86807777,0,1050,0,162,0,0,0,0,888]
["GRANDTOTAL",null,null,null,1744,52355,150,48904,7483,0,0,0,12528]

{"sheet":"OPG","index":6,"n_rows":57,"n_cols":3,"rows_kept":57,"cut":false,"hidden":false,"merged":[]}
["ADORA (T) SC100 50X50ML BOT IN",{"$f":"VLOOKUP(A1,'[2]Product Master Sheet'!$B$2:$F$1506,5,0)","v":22},65]
["ANTRACOL (T) WP70 40X250GR BAG IN",{"$f":"VLOOKUP(A2,'[2]Product Master Sheet'!$B$2:$F$1506,5,0)","v":44},75]
["ANTRACOL (T) WP70 50X100GR BAG IN",{"$f":"VLOOKUP(A3,'[2]Product Master Sheet'!$B$2:$F$1506,5,0)","v":45},112]
["ARIZE 6129 LOC 10X3KG BAG IN",{"$f":"VLOOKUP(A4,'[2]Product Master Sheet'!$B$2:$F$1506,5,0)","v":53},0]
["ARIZE 6129 LOC 30X1KG BAG IN",{"$f":"VLOOKUP(A5,'[2]Product Master Sheet'!$B$2:$F$1506,5,0)","v":54},0]
["ARIZE 6444 LOC 10X3KG BAG IN",{"$f":"VLOOKUP(A6,'[2]Product Master Sheet'!$B$2:$F$1506,5,0)","v":62},0]
["ARIZE AZ 8433 DT LOC 30X1KG BAG IN",{"$f":"VLOOKUP(A7,'[2]Product Master Sheet'!$B$2:$F$1506,5,0)","v":77},0]
["CONFIDOR (T) SL200 50X100ML BOT IN",{"$f":"VLOOKUP(A8,'[2]Product Master Sheet'!$B$2:$F$1506,5,0)","v":116},45]
["COUNCIL ACTIV WG30 12X(5X90GR) BOX IN",{"$f":"VLOOKUP(A9,'[2]Product Master Sheet'!$B$2:$F$1506,5,0)","v":122},0]
["COUNCIL ACTIV WG30 8X(10X45GR) BOX IN",{"$f":"VLOOKUP(A10,'[2]Product Master Sheet'!$B$2:$F$1506,5,0)","v":123},0]
["FENOS QUICK SC150 50X100ML BOT IN",{"$f":"VLOOKUP(A11,'[2]Product Master Sheet'!$B$2:$F$1506,5,0)","v":152},132]
["FOOST WP50 20X250G BAG IN",{"$f":"VLOOKUP(A12,'[2]Product Master Sheet'!$B$2:$F$1506,5,0)","v":175},0]
["GAUCHO FS600 5X(20X9)ML BOT IN",{"$f":"VLOOKUP(A13,'[2]Product Master Sheet'!$B$2:$F$1506,5,0)","v":183},120]
["LAUDIS SC630 8X115ML BOT IN",{"$f":"VLOOKUP(A14,'[2]Product Master Sheet'!$B$2:$F$1506,5,0)","v":212},0]
["NATIVO WG75 100X50GR BAG IN",{"$f":"VLOOKUP(A15,'[2]Product Master Sheet'!$B$2:$F$1506,5,0)","v":289},3]
["REGENT (T) SC50 50X100ML BOT IN",{"$f":"VLOOKUP(A16,'[2]Product Master Sheet'!$B$2:$F$1506,5,0)","v":327},0]
["REGENT GR0 3 20X1KG BAG IN",{"$f":"VLOOKUP(A17,'[2]Product Master Sheet'!$B$2:$F$1506,5,0)","v":335},452]
["REGENT GR0 3 4X5KG BAG IN",{"$f":"VLOOKUP(A18,'[2]Product Master Sheet'!$B$2:$F$1506,5,0)","v":336},205]
["REGENT ULTRA GR0 6 20X1KG BAG IN",{"$f":"VLOOKUP(A19,'[2]Product Master Sheet'!$B$2:$F$1506,5,0)","v":338},0]
["REGENT ULTRA GR0 6 5X4KG BAG IN",{"$f":"VLOOKUP(A20,'[2]Product Master Sheet'!$B$2:$F$1506,5,0)","v":339},98]
["SOLOMON OD300 40X250ML BOT IN",{"$f":"VLOOKUP(A21,'[2]Product Master Sheet'!$B$2:$F$1506,5,0)","v":368},0]
["SURPASS SUPERB BG2 20X450G BAG IN",{"$f":"VLOOKUP(A22,'[2]Product Master Sheet'!$B$2:$F$1506,5,0)","v":394},0]
["WHIPSUPER (T) EC90 40X250ML BOT IN",{"$f":"VLOOKUP(A23,'[2]Product Master Sheet'!$B$2:$F$1506,5,0)","v":405},47]
["C DK DKC8144 4KG IN",{"$f":"VLOOKUP(A24,'[2]Product Master Sheet'!$B$2:$F$1506,5,0)","v":936},0]
["CIPEL GR0 41 6X4KG BAG IN",{"$f":"VLOOKUP(A25,'[2]Product Master Sheet'!$B$2:$F$1506,5,0)","v":1801},0]
["ADMIRE (T) WG70 150X30GR BOT IN",{"$f":"VLOOKUP(A26,'[2]Product Master Sheet'!$B$2:$F$1506,5,0)","v":13},0]
["ADUE WG70 15X40G BOT IN",{"$f":"VLOOKUP(A27,'[2]Product Master Sheet'!$B$2:$F$1506,5,0)","v":24},4]
["ANTRACOL (T) WP70 20X500GR BAG IN",{"$f":"VLOOKUP(A28,'[2]Product Master Sheet'!$B$2:$F$1506,5,0)","v":43},0]
["ARIZE 6201 LOC 30X1KG BAG IN",{"$f":"VLOOKUP(A29,'[2]Product Master Sheet'!$B$2:$F$1506,5,0)","v":58},0]
["ARIZE 6444 LOC 30X1KG BAG IN",{"$f":"VLOOKUP(A30,'[2]Product Master Sheet'!$B$2:$F$1506,5,0)","v":63},0]
["ARIZE AZ 6453 LOC 30X1KG BAG IN",{"$f":"VLOOKUP(A31,'[2]Product Master Sheet'!$B$2:$F$1506,5,0)","v":65},0]
["ARIZE BOLD LOC 10X3KG BAG IN",{"$f":"VLOOKUP(A32,'[2]Product Master Sheet'!$B$2:$F$1506,5,0)","v":78},0]
["C DK PRABAL 4KG IN",{"$f":"VLOOKUP(A33,'[2]Product Master Sheet'!$B$2:$F$1506,5,0)","v":987},0]
["CONFIDOR (T) SL200 20X250ML BOT IN",{"$f":"VLOOKUP(A34,'[2]Product Master Sheet'!$B$2:$F$1506,5,0)","v":114},10]
["DISCOUNTINUE PRODUCT",{"$f":"VLOOKUP(A35,'[2]Product Master Sheet'!$B$2:$F$1506,5,0)","v":993},100]
["FOLICUR (T) EC250 40X250ML BOT IN",{"$f":"VLOOKUP(A36,'[2]Product Master Sheet'!$B$2:$F$1506,5,0)","v":164},0]
["FOOST WP50 24X500G BAG IN",{"$f":"VLOOKUP(A37,'[2]Product Master Sheet'!$B$2:$F$1506,5,0)","v":177},0]
["GAUCHO FS600 50X100ML BOT IN",{"$f":"VLOOKUP(A38,'[2]Product Master Sheet'!$B$2:$F$1506,5,0)","v":182},34]
["LARVIN (T) WP75 20X250GR BAG IN",{"$f":"VLOOKUP(A39,'[2]Product Master Sheet'!$B$2:$F$1506,5,0)","v":205},40]
["LARVIN (T) WP75 20X500GR BAG IN",{"$f":"VLOOKUP(A40,'[2]Product Master Sheet'!$B$2:$F$1506,5,0)","v":206},0]
["LARVIN (T) WP75 40X100GR BAG IN",{"$f":"VLOOKUP(A41,'[2]Product Master Sheet'!$B$2:$F$1506,5,0)","v":207},0]
["LAUDIS SC630 10X57.5ML BOT IN",{"$f":"VLOOKUP(A42,'[2]Product Master Sheet'!$B$2:$F$1506,5,0)","v":210},101]
["LUCIFER (T) WP15 25X160GR BAG IN",{"$f":"VLOOKUP(A43,'[2]Product Master Sheet'!$B$2:$F$1506,5,0)","v":221},18]
["MILLET HYBRID 9461 20X1.5KG BAG IN",{"$f":"VLOOKUP(A44,'[2]Product Master Sheet'!$B$2:$F$1506,5,0)","v":256},-2]
["NATIVO WG75 20X(10X10GR) BAG IN",{"$f":"VLOOKUP(A45,'[2]Product Master Sheet'!$B$2:$F$1506,5,0)","v":291},0]
["OBERON (T) SC240 10X1L BOT IN",{"$f":"VLOOKUP(A46,'[2]Product Master Sheet'!$B$2:$F$1506,5,0)","v":296},0]
["OBERON (T) SC240 50X100ML BOT IN",{"$f":"VLOOKUP(A47,'[2]Product Master Sheet'!$B$2:$F$1506,5,0)","v":300},0]
["REGENT (T) SC50 10X1L BOT IN",{"$f":"VLOOKUP(A48,'[2]Product Master Sheet'!$B$2:$F$1506,5,0)","v":324},19]
["REGENT (T) SC50 20X250ML BOT IN",{"$f":"VLOOKUP(A49,'[2]Product Master Sheet'!$B$2:$F$1506,5,0)","v":325},14]
["REGENT (T) SC50 20X500ML BOT IN",{"$f":"VLOOKUP(A50,'[2]Product Master Sheet'!$B$2:$F$1506,5,0)","v":326},50]
["ROUNDUP 41% SL (IN) 10X1 LTR",{"$f":"VLOOKUP(A51,'[2]Product Master Sheet'!$B$2:$F$1506,5,0)","v":988},42]
["ROUNDUP 41% SL (IN) 20X500 ML",{"$f":"VLOOKUP(A52,'[2]Product Master Sheet'!$B$2:$F$1506,5,0)","v":989},0]
["SOLOMON OD300 20X500ML BOT IN",{"$f":"VLOOKUP(A53,'[2]Product Master Sheet'!$B$2:$F$1506,5,0)","v":366},1]
["SOLOMON OD300 50X100ML BOT IN",{"$f":"VLOOKUP(A54,'[2]Product Master Sheet'!$B$2:$F$1506,5,0)","v":370},0]
["VELUM PRIME SC400 40X250ML BOT IN",{"$f":"VLOOKUP(A55,'[2]Product Master Sheet'!$B$2:$F$1506,5,0)","v":401},0]
["WHIPSUPER (T) EC90 20X500ML BOT IN",{"$f":"VLOOKUP(A56,'[2]Product Master Sheet'!$B$2:$F$1506,5,0)","v":404},0]
["WHIPSUPER (T) EC90 50X100ML BOT IN",{"$f":"VLOOKUP(A57,'[2]Product Master Sheet'!$B$2:$F$1506,5,0)","v":406},59]

{"sheet":"Reco","index":7,"n_rows":60,"n_cols":29,"rows_kept":60,"cut":false,"hidden":false,"merged":[[0,1,0,9],[0,10,0,18],[0,19,0,27]]}
[null,"Zylem Report -01-Apr-2021 TO 31-Jul-2021",null,null,null,null,null,null,null,null,"Dealer Report - 01-Apr-2021 TO 31-Jul-2021",null,null,null,null,null,null,null,null,"Difference (+/-)"]
[]
["DEALER CODE","Opening Qty","Purchase Qty","Purchase Return Qty","Sales Qty","Sales Return Qty","Transfer Qty","Consignment Qty","Adjustment Qty","CLSG","Opening Qty","Purchase Qty","Purchase Return Qty","Sales Qty","Sales Return Qty","Transfer Qty","Consignment Qty","Adjustment Qty","CLSG","Opening Stock Qty","Purchase Qty","Purchase Return Qty","Sales Qty","Sales Return Qty","Transfer Qty","Consignment Qty","Adjustments Qty","CLSG","Remark"]
["ADORA (T) SC100 50X50ML BOT IN",65,0,0,40,0,0,0,0,25,65,0,0,40,0,0,0,0,25,0,0,0,0,0,0,0,0,0,"Ok"]
["ADUE WG70 15X40G BOT IN",4,0,0,4,0,0,0,0,0,4,0,0,4,0,0,0,0,0,0,0,0,0,0,0,0,0,0,"Ok"]
["ANTRACOL (T) WP70 40X250GR BAG IN",75,280,0,0,0,0,0,0,355,75,280,0,0,0,0,0,0,355,0,0,0,0,0,0,0,0,0,"Ok"]
["ANTRACOL (T) WP70 50X100GR BAG IN",112,500,0,25,0,0,0,0,587,112,500,0,25,0,0,0,0,587,0,0,0,0,0,0,0,0,0,"Ok"]
["ARIZE 6129 LOC 10X3KG BAG IN",0,720,0,740,581,0,0,0,561,0,720,0,159,0,0,0,0,561,0,0,0,581,581,0,0,0,0,"Ok"]
["ARIZE 6129 LOC 30X1KG BAG IN",0,1260,0,930,599,0,0,0,929,0,1260,0,331,0,0,0,0,929,0,0,0,599,599,0,0,0,0,"Ok"]
["ARIZE 6201 LOC 30X1KG BAG IN",0,22350,0,24197,2817,0,0,0,970,0,22350,0,21380,0,0,0,0,970,0,0,0,2817,2817,0,0,0,0,"Ok"]
["ARIZE 6444 LOC 10X3KG BAG IN",0,16090,150,16831,2212,0,0,0,1321,0,15940,0,14619,0,0,0,0,1321,0,150,150,2212,2212,0,0,0,0,"Ok"]
["ARIZE 6444 LOC 30X1KG BAG IN",0,2790,0,3117,691,0,0,0,364,0,2790,0,2426,0,0,0,0,364,0,0,0,691,691,0,0,0,0,"Ok"]
["ARIZE AZ 8433 DT LOC 30X1KG BAG IN",0,1610,0,1080,564,0,0,0,1094,0,1610,0,516,0,0,0,0,1094,0,0,0,564,564,0,0,0,0,"Ok"]
["CONFIDOR (T) SL200 20X250ML BOT IN",10,0,0,0,0,0,0,0,10,10,0,0,0,0,0,0,0,10,0,0,0,0,0,0,0,0,0,"Ok"]
["CONFIDOR (T) SL200 50X100ML BOT IN",45,0,0,10,0,0,0,0,35,45,0,0,10,0,0,0,0,35,0,0,0,0,0,0,0,0,0,"Ok"]
["COUNCIL ACTIV WG30 12X(5X90GR) BOX IN",0,540,0,0,0,0,0,0,540,0,540,0,0,0,0,0,0,540,0,0,0,0,0,0,0,0,0,"Ok"]
["COUNCIL ACTIV WG30 8X(10X45GR) BOX IN",0,640,0,0,0,0,0,0,640,0,640,0,0,0,0,0,0,640,0,0,0,0,0,0,0,0,0,"Ok"]
["FENOS QUICK SC150 50X100ML BOT IN",132,0,0,4,0,0,0,0,128,132,0,0,4,0,0,0,0,128,0,0,0,0,0,0,0,0,0,"Ok"]
["FOOST WP50 20X250G BAG IN",0,400,0,54,0,0,0,0,346,0,400,0,54,0,0,0,0,346,0,0,0,0,0,0,0,0,0,"Ok"]
["FOOST WP50 24X500G BAG IN",0,360,0,120,0,0,0,0,240,0,360,0,120,0,0,0,0,240,0,0,0,0,0,0,0,0,0,"Ok"]
["GAUCHO FS600 50X100ML BOT IN",34,0,0,0,0,0,0,0,34,34,0,0,0,0,0,0,0,34,0,0,0,0,0,0,0,0,0,"Ok"]
["GAUCHO FS600 5X(20X9)ML BOT IN",120,300,0,0,0,0,0,0,420,120,300,0,0,0,0,0,0,420,0,0,0,0,0,0,0,0,0,"Ok"]
["LARVIN (T) WP75 20X250GR BAG IN",40,0,0,0,0,0,0,0,40,40,0,0,0,0,0,0,0,40,0,0,0,0,0,0,0,0,0,"Ok"]
["LAUDIS SC630 10X57.5ML BOT IN",101,400,0,290,0,0,0,0,211,101,400,0,290,0,0,0,0,211,0,0,0,0,0,0,0,0,0,"Ok"]
["LAUDIS SC630 8X115ML BOT IN",0,200,0,120,0,0,0,0,80,0,200,0,120,0,0,0,0,80,0,0,0,0,0,0,0,0,0,"Ok"]
["LUCIFER (T) WP15 25X160GR BAG IN",18,0,0,0,0,0,0,0,18,18,0,0,0,0,0,0,0,18,0,0,0,0,0,0,0,0,0,"Ok"]
["MILLET HYBRID 9461 20X1.5KG BAG IN",-2,0,0,0,0,0,0,0,-2,-2,0,0,0,0,0,0,0,-2,0,0,0,0,0,0,0,0,0,"Ok"]
["NATIVO WG75 100X50GR BAG IN",3,0,0,3,0,0,0,0,0,3,0,0,3,0,0,0,0,0,0,0,0,0,0,0,0,0,0,"Ok"]
["OBERON (T) SC240 50X100ML BOT IN",0,50,0,20,0,0,0,0,30,0,50,0,20,0,0,0,0,30,0,0,0,0,0,0,0,0,0,"Ok"]
["REGENT (T) SC50 20X250ML BOT IN",14,0,0,0,0,0,0,0,14,14,0,0,0,0,0,0,0,14,0,0,0,0,0,0,0,0,0,"Ok"]
["REGENT (T) SC50 20X500ML BOT IN",50,0,0,0,0,0,0,0,50,50,0,0,0,0,0,0,0,50,0,0,0,0,0,0,0,0,0,"Ok"]
["REGENT (T) SC50 50X100ML BOT IN",0,50,0,0,0,0,0,0,50,0,50,0,0,0,0,0,0,50,0,0,0,0,0,0,0,0,0,"Ok"]
["REGENT GR0 3 20X1KG BAG IN",452,0,0,420,0,0,0,0,32,452,0,0,420,0,0,0,0,32,0,0,0,0,0,0,0,0,0,"Ok"]
["REGENT GR0 3 4X5KG BAG IN",205,0,0,100,0,0,0,0,105,205,0,0,100,0,0,0,0,105,0,0,0,0,0,0,0,0,0,"Ok"]
["REGENT ULTRA GR0 6 20X1KG BAG IN",0,1300,0,160,0,0,0,0,1140,0,1300,0,160,0,0,0,0,1140,0,0,0,0,0,0,0,0,0,"Ok"]
["REGENT ULTRA GR0 6 5X4KG BAG IN",98,650,0,90,0,0,0,0,658,98,650,0,90,0,0,0,0,658,0,0,0,0,0,0,0,0,0,"Ok"]
["SOLOMON OD300 20X500ML BOT IN",1,0,0,0,0,0,0,0,1,1,0,0,0,0,0,0,0,1,0,0,0,0,0,0,0,0,0,"Ok"]
["SOLOMON OD300 40X250ML BOT IN",0,51,0,5,0,0,0,0,46,0,51,0,5,0,0,0,0,46,0,0,0,0,0,0,0,0,0,"Ok"]
["SOLOMON OD300 50X100ML BOT IN",0,100,0,20,0,0,0,0,80,0,100,0,20,0,0,0,0,80,0,0,0,0,0,0,0,0,0,"Ok"]
["SURPASS SUPERB BG2 20X450G BAG IN",0,300,0,292,19,0,0,0,27,0,300,0,273,0,0,0,0,27,0,0,0,19,19,0,0,0,0,"Ok"]
["WHIPSUPER (T) EC90 40X250ML BOT IN",47,0,0,5,0,0,0,0,42,47,0,0,5,0,0,0,0,42,0,0,0,0,0,0,0,0,0,"Ok"]
["WHIPSUPER (T) EC90 50X100ML BOT IN",59,100,0,15,0,0,0,0,144,59,100,0,15,0,0,0,0,144,0,0,0,0,0,0,0,0,0,"Ok"]
["C DK DKC8144 4KG IN",0,14,0,0,0,0,0,0,14,0,14,0,0,0,0,0,0,14,0,0,0,0,0,0,0,0,0,"Ok"]
["ROUNDUP 41% SL (IN) 10X1 LTR",42,0,0,0,0,0,0,0,42,42,50,0,50,0,0,0,0,42,0,-50,0,-50,0,0,0,0,0,"Ok"]
["REGENT (T) SC50 10X1L BOT IN",19,0,0,0,0,0,0,0,19,19,0,0,0,0,0,0,0,19,0,0,0,0,0,0,0,0,0,"Ok"]
["CIPEL GR0 41 6X4KG BAG IN",0,1050,0,162,0,0,0,0,888,0,1050,0,162,0,0,0,0,888,0,0,0,0,0,0,0,0,0,"Ok"]
["ADMIRE (T) WG70 150X30GR BOT IN",0,0,0,0,0,0,0,0,0,0,0,0,0,0,0,0,0,0,0,0,0,0,0,0,0,0,0,"Ok"]
["ANTRACOL (T) WP70 20X500GR BAG IN",0,0,0,0,0,0,0,0,0,0,0,0,0,0,0,0,0,0,0,0,0,0,0,0,0,0,0,"Ok"]
["ARIZE AZ 6453 LOC 30X1KG BAG IN",0,0,0,0,0,0,0,0,0,0,0,0,0,0,0,0,0,0,0,0,0,0,0,0,0,0,0,"Ok"]
["ARIZE BOLD LOC 10X3KG BAG IN",0,0,0,0,0,0,0,0,0,0,0,0,0,0,0,0,0,0,0,0,0,0,0,0,0,0,0,"Ok"]
["C DK PRABAL 4KG IN",0,0,0,0,0,0,0,0,0,0,0,0,0,0,0,0,0,0,0,0,0,0,0,0,0,0,0,"Ok"]
["FOLICUR (T) EC250 40X250ML BOT IN",0,0,0,0,0,0,0,0,0,0,0,0,0,0,0,0,0,0,0,0,0,0,0,0,0,0,0,"Ok"]
["LARVIN (T) WP75 20X500GR BAG IN",0,0,0,0,0,0,0,0,0,0,0,0,0,0,0,0,0,0,0,0,0,0,0,0,0,0,0,"Ok"]
["LARVIN (T) WP75 40X100GR BAG IN",0,0,0,0,0,0,0,0,0,0,0,0,0,0,0,0,0,0,0,0,0,0,0,0,0,0,0,"Ok"]
["NATIVO WG75 20X(10X10GR) BAG IN",0,0,0,0,0,0,0,0,0,0,0,0,0,0,0,0,0,0,0,0,0,0,0,0,0,0,0,"Ok"]
["OBERON (T) SC240 10X1L BOT IN",0,0,0,0,0,0,0,0,0,0,0,0,0,0,0,0,0,0,0,0,0,0,0,0,0,0,0,"Ok"]
["ROUNDUP 41% SL (IN) 20X500 ML",0,0,0,0,0,0,0,0,0,0,0,0,0,0,0,0,0,0,0,0,0,0,0,0,0,0,0,"Ok"]
["VELUM PRIME SC400 40X250ML BOT IN",0,0,0,0,0,0,0,0,0,0,0,0,0,0,0,0,0,0,0,0,0,0,0,0,0,0,0,"Ok"]
["WHIPSUPER (T) EC90 20X500ML BOT IN",0,0,0,0,0,0,0,0,0,0,0,0,0,0,0,0,0,0,0,0,0,0,0,0,0,0,0,"Ok"]
["Total",{"$f":"SUM(B4:B59)","v":1744},{"$f":"SUM(C4:C59)","v":52105},150,48854,7483,0,0,0,12328,1744,52005,0,41421,0,0,0,0,12328,0,100,150,7433,7483,0,0,0,0]