{"text_format":"1","workbook":"xlsx","n_sheets":8,"sheets":["Navigation","Dealer Report","Dealer Report working","Master","Final Dealer Work","Zylem SNS Report","OPG","Reco"],"not_rendered":{"charts":0,"images":0,"macros":1,"external_links":2,"defined_names":11,"comments":0,"pivot_tables":1},"unopened":[],"bounds":{"document_bytes":16777216,"sheet_cells":100000,"rows_first":2000,"rows_last":500,"rows_between":2000,"halvings":0,"cell_chars":16384,"cell_head_chars":4096},"cells_cut":0,"cells_raw":0,"read":"whole","date_system":"1900"}

{"sheet":"Navigation","index":0,"n_rows":8,"n_cols":12,"rows_kept":8,"cut":false,"hidden":false,"merged":[]}
[]
[]
[]
[]
[]
[]
[null,null,null,null,null,null,null,null,null,null,"Sarla Beej Bhandar - Mahrendergarh"]
[null,null,null,null,null,null,null,null,null,null,null,"Stock and Sales FOR THE PERIOD 01-Apr-2021 TO 30-Apr-2021"]

{"sheet":"Dealer Report","index":1,"n_rows":65,"n_cols":5,"rows_kept":65,"cut":false,"hidden":false,"merged":[]}
["SARLA BEEJ BHANDAR"]
["Cinema Road, Mahendergarh"]
["SEED LIC. NO-1165,PESTICIDE Lic No.264"]
["Fertiliser Lic No-1715(R)"]
["BAYER"]
["Stock Summary"]
["1-Apr-2021 to 30-Apr-2021"]
["","BAYER"]
["","SARLA BEEJ BHANDAR"]
["Particulars","1-Apr-2021 to 30-Apr-2021"]
["","Opening Balance","Inwards","Outwards","Closing Balance"]
["","Quantity","Quantity","Quantity","Quantity"]
["ADMIRE(T)WG70-30GM"]
["ADMIRE WG70-2 GM",null,1000,695,305]
["ANTRACOL(T)WP70-1 KG",20,null,null,20]
["ANTRACOL(T)WP70-250 GM",80,null,null,80]
["ANTRACOL(T)WP70-500 Gm",60,null,20,40]
["BELT EXPERT-100 ML"]
["BUONOS-500ML",20,null,null,20]
["BUONOS SC-250 ML",40,null,null,40]
["CONFIDORE-100ML"]
["CONFIDORE  1LTR"]
["CONFIDORE 250ML"]
["CONFIDORE 500 ML."]
["CONFIDORE -50 ML"]
["DECIS-100 ML",50,null,null,50]
["DECIS-1 LTR",10,null,10]
["DECIS EC28 250 ML",40,null,null,40]
["DECIS EC28 500ML",20,null,null,20]
["Fame-10 ML"]
["FOLECUSE 100 ML"]
["FOLECUSE 250ML"]
["FOOST-24 X 500 GM"]
["GAUCHO-50 ML"]
["GAUCHO-5 Ltr"]
["INFINITO SC6875 100ML"]
["INFINITO SC6875 500ML",null,20,null,20]
["LAUDIS SC630-57.5 ML"]
["MELODY DUO WP66.8 100GM"]
["MELODY DUO WP66.8 400 GM"]
["MOVENTO ENERGY-250 ML",10,null,null,10]
["MUSTARD-5222-1 KG"]
["MUSTARD PA 5210-1 KG"]
["MUSTARD PA 5232- 1 KG"]
["NATIVO WG75-100GM",50,null,24,26]
["OBERON-250 ML"]
["OBERON SC-100 ML"]
["OBERON(T)-200 ML"]
["PLANOFIX SL4.5  100 ML",110,null,null,110]
["PROAGRO 9001-1.5 Kg"]
["PROAGRO 9180-1.5 Kg"]
["PROAGRO 9444-1.5 Kg"]
["PROAGRO 9444 GOLD-1.5 Kg"]
["PROAGRO 9450-1.5 Kg"]
["REGENT GR-1KG",20,null,null,20]
["REGENT GR-5KG",16,null,8,8]
["REGENT SC 100 ML",100,null,null,100]
["REGENT SC 250 ML",720,null,null,720]
["REGENT SC 500ML",400,null,null,400]
["REGENT ULTRA-5 KG"]
["SOLOMON 100 ML"]
["SOLOMON 250 ML"]
["SOLOMON-500 ML"]
["SURPASS 7172 BG II",240,400,470,170]
["Grand Total",{"$f":"SUM(B13:B64)","v":2006},1420,1227,2199]

{"sheet":"Dealer Report working","index":2,"n_rows":53,"n_cols":14,"rows_kept":53,"cut":false,"hidden":false,"merged":[]}
["Particulars","Opening Qty","Purchase Qty","Sales Qty","CLSG","Master Name",null,null,null,null,"Values"]
["ADMIRE(T)WG70-30GM",null,null,null,null,"ADMIRE (T) WG70 150X30GR BOT IN",null,null,null,"Row Labels","Sum of Opening Qty","Sum of Purchase Qty","Sum of Sales Qty","Sum of CLSG"]
["ADMIRE WG70-2 GM",null,1000,695,305,"ADMIRE WG70 125X(8X2GR) BAG IN",null,null,null,"ADMIRE (T) WG70 150X30GR BOT IN"]
["ANTRACOL(T)WP70-1 KG",20,null,null,20,"ANTRACOL (T) WP70 10X1KG BAG IN",null,null,null,"ADMIRE WG70 125X(8X2GR) BAG IN",null,1000,695,305]
["ANTRACOL(T)WP70-250 GM",80,null,null,80,"ANTRACOL (T) WP70 40X250GR BAG IN",null,null,null,"ANTRACOL (T) WP70 10X1KG BAG IN",20,null,null,20]
["ANTRACOL(T)WP70-500 Gm",60,null,20,40,"ANTRACOL (T) WP70 20X500GR BAG IN",null,null,null,"ANTRACOL (T) WP70 20X500GR BAG IN",60,null,20,40]
["BELT EXPERT-100 ML",null,null,null,null,"BELT EXPERT SC480 50X100ML BOT IN",null,null,null,"ANTRACOL (T) WP70 40X250GR BAG IN",80,null,null,80]
["BUONOS-500ML",20,null,null,20,"BUONOS SC430 20X500ML BOT IN",null,null,null,"BELT EXPERT SC480 50X100ML BOT IN"]
["BUONOS SC-250 ML",40,null,null,40,"BUONOS SC430 40X250ML BOT IN",null,null,null,"BUONOS SC430 20X500ML BOT IN",20,null,null,20]
["CONFIDORE-100ML",null,null,null,null,"CONFIDOR (T) SL200 50X100ML BOT IN",null,null,null,"BUONOS SC430 40X250ML BOT IN",40,null,null,40]
["CONFIDORE  1LTR",null,null,null,null,"CONFIDOR (T) SL200 10X1L BOT IN",null,null,null,"CONFIDOR (T) SL200 100X50ML BOT IN"]
["CONFIDORE 250ML",null,null,null,null,"CONFIDOR (T) SL200 20X250ML BOT IN",null,null,null,"CONFIDOR (T) SL200 10X1L BOT IN"]
["CONFIDORE 500 ML.",null,null,null,null,"CONFIDOR (T) SL200 20X500ML BOT IN",null,null,null,"CONFIDOR (T) SL200 20X250ML BOT IN"]
["CONFIDORE -50 ML",null,null,null,null,"CONFIDOR (T) SL200 100X50ML BOT IN",null,null,null,"CONFIDOR (T) SL200 20X500ML BOT IN"]
["DECIS-100 ML",50,null,null,50,"DECIS EC 28 50X100ML BOT IN",null,null,null,"CONFIDOR (T) SL200 50X100ML BOT IN"]
["DECIS-1 LTR",10,null,10,null,"DECIS EC 28 10X1L BOT IN",null,null,null,"DECIS EC 28 10X1L BOT IN",10,null,10]
["DECIS EC28 250 ML",40,null,null,40,"DECIS EC 28 40X250ML BOT IN",null,null,null,"DECIS EC 28 20X500ML BOT IN",20,null,null,20]
["DECIS EC28 500ML",20,null,null,20,"DECIS EC 28 20X500ML BOT IN",null,null,null,"DECIS EC 28 40X250ML BOT IN",40,null,null,40]
["Fame-10 ML",null,null,null,null,"FAME (T) SC480 10X(20X10ML) BOT IN",null,null,null,"DECIS EC 28 50X100ML BOT IN",50,null,null,50]
["FOLECUSE 100 ML",null,null,null,null,"FOLICUR (T) EC250 50X100ML BOT IN",null,null,null,"FAME (T) SC480 10X(20X10ML) BOT IN"]
["FOLECUSE 250ML",null,null,null,null,"FOLICUR (T) EC250 40X250ML BOT IN",null,null,null,"FOLICUR (T) EC250 40X250ML BOT IN"]
["FOOST-24 X 500 GM",null,null,null,null,"FOOST WP50 24X500G BAG IN",null,null,null,"FOLICUR (T) EC250 50X100ML BOT IN"]
["GAUCHO-50 ML",null,null,null,null,"GAUCHO FS600 100X50ML BOT IN",null,null,null,"FOOST WP50 24X500G BAG IN"]
["GAUCHO-5 Ltr",null,null,null,null,"GAUCHO FS600 2X5L BOT IN",null,null,null,"GAUCHO FS600 100X50ML BOT IN"]
["INFINITO SC6875 100ML",null,null,null,null,"INFINITO SC687 5 50X100ML BOT IN",null,null,null,"GAUCHO FS600 2X5L BOT IN"]
["INFINITO SC6875 500ML",null,20,null,20,"INFINITO SC687 5 20X500ML BOT IN",null,null,null,"INFINITO SC687 5 20X500ML BOT IN",null,20,null,20]
["LAUDIS SC630-57.5 ML",null,null,null,null,"LAUDIS SC630 10X57.5ML BOT IN",null,null,null,"INFINITO SC687 5 50X100ML BOT IN"]
["MELODY DUO WP66.8 100GM",null,null,null,null,"MELODY DUO WP66 8 50X100GR BAG IN",null,null,null,"LAUDIS SC630 10X57.5ML BOT IN"]
["MELODY DUO WP66.8 400 GM",null,null,null,null,"MELODY DUO WP66 8 10X400GR BAG IN",null,null,null,"MELODY DUO WP66 8 10X400GR BAG IN"]
["MOVENTO ENERGY-250 ML",10,null,null,10,"MOVENTO ENERGY SC240 40X250ML BOT IN",null,null,null,"MELODY DUO WP66 8 50X100GR BAG IN"]
["MUSTARD-5222-1 KG",null,null,null,null,"MUSTARD 5222 30X1KG BAG IN",null,null,null,"MILLET HYBRID 9001 20X1.5 BAG IN"]
["MUSTARD PA 5210-1 KG",null,null,null,null,"MUSTARD PA 5210 (LOC) 30X1KG BAG IN",null,null,null,"MILLET HYBRID 9444 20X1.5KG BAG IN"]
["MUSTARD PA 5232- 1 KG",null,null,null,null,"MUSTARD PA 5232 (LOC) 30X1KG BAG IN",null,null,null,"MILLET HYBRID 9444 GOLD 20X1.50KG BAG IN"]
["NATIVO WG75-100GM",50,null,24,26,"NATIVO WG75 50X100GR BAG IN",null,null,null,"MILLET HYBRID 9450 20X1 5KG BAG IN"]
["OBERON-250 ML",null,null,null,null,"OBERON (T) SC240 40X200ML BOT IN",null,null,null,"MILLET PA 9180 (LOC) 20X1.50KG BAG IN"]
["OBERON SC-100 ML",null,null,null,null,"OBERON (T) SC240 50X100ML BOT IN",null,null,null,"MOVENTO ENERGY SC240 40X250ML BOT IN",10,null,null,10]
["OBERON(T)-200 ML",null,null,null,null,"OBERON (T) SC240 40X200ML BOT IN",null,null,null,"MUSTARD 5222 30X1KG BAG IN"]
["PLANOFIX SL4.5  100 ML",110,null,null,110,"PLANOFIX SL4 5 50X100ML BOT IN",null,null,null,"MUSTARD PA 5210 (LOC) 30X1KG BAG IN"]
["PROAGRO 9001-1.5 Kg",null,null,null,null,"MILLET HYBRID 9001 20X1.5 BAG IN",null,null,null,"MUSTARD PA 5232 (LOC) 30X1KG BAG IN"]
["PROAGRO 9180-1.5 Kg",null,null,null,null,"MILLET PA 9180 (LOC) 20X1.50KG BAG IN",null,null,null,"NATIVO WG75 50X100GR BAG IN",50,null,24,26]
["PROAGRO 9444-1.5 Kg",null,null,null,null,"MILLET HYBRID 9444 20X1.5KG BAG IN",null,null,null,"OBERON (T) SC240 40X200ML BOT IN"]
["PROAGRO 9444 GOLD-1.5 Kg",null,null,null,null,"MILLET HYBRID 9444 GOLD 20X1.50KG BAG IN",null,null,null,"OBERON (T) SC240 50X100ML BOT IN"]
["PROAGRO 9450-1.5 Kg",null,null,null,null,"MILLET HYBRID 9450 20X1 5KG BAG IN",null,null,null,"PLANOFIX SL4 5 50X100ML BOT IN",110,null,null,110]
["REGENT GR-1KG",20,null,null,20,"REGENT GR0 3 20X1KG BAG IN",null,null,null,"REGENT (T) SC50 20X250ML BOT IN",720,null,null,720]
["REGENT GR-5KG",16,null,8,8,"REGENT GR0 3 4X5KG BAG IN",null,null,null,"REGENT (T) SC50 20X500ML BOT IN",400,null,null,400]
["REGENT SC 100 ML",100,null,null,100,"REGENT (T) SC50 50X100ML BOT IN",null,null,null,"REGENT (T) SC50 50X100ML BOT IN",100,null,null,100]
["REGENT SC 250 ML",720,null,null,720,"REGENT (T) SC50 20X250ML BOT IN",null,null,null,"REGENT GR0 3 20X1KG BAG IN",20,null,null,20]
["REGENT SC 500ML",400,null,null,400,"REGENT (T) SC50 20X500ML BOT IN",null,null,null,"REGENT GR0 3 4X5KG BAG IN",16,null,8,8]
["REGENT ULTRA-5 KG",null,null,null,null,"REGENT GR0 3 4X5KG BAG IN",null,null,null,"SOLOMON OD300 20X500ML BOT IN"]
["SOLOMON 100 ML",null,null,null,null,"SOLOMON OD300 50X100ML BOT IN",null,null,null,"SOLOMON OD300 40X250ML BOT IN"]
["SOLOMON 250 ML",null,null,null,null,"SOLOMON OD300 40X250ML BOT IN",null,null,null,"SOLOMON OD300 50X100ML BOT IN"]
["SOLOMON-500 ML",null,null,null,null,"SOLOMON OD300 20X500ML BOT IN",null,null,null,"SURPASS 7172 BG2 20X450GR BAG IN",240,400,470,170]
["SURPASS 7172 BG II",240,400,470,170,"SURPASS 7172 BG2 20X450GR BAG IN",null,null,null,"Grand Total",2006,1420,1227,2199]

{"sheet":"Master","index":3,"n_rows":53,"n_cols":2,"rows_kept":53,"cut":false,"hidden":false,"merged":[]}
["Item Details","Master Name"]
["ADMIRE(T)WG70-30GM","ADMIRE (T) WG70 150X30GR BOT IN"]
["ADMIRE WG70-2 GM","ADMIRE WG70 125X(8X2GR) BAG IN"]
["ANTRACOL(T)WP70-1 KG","ANTRACOL (T) WP70 10X1KG BAG IN"]
["ANTRACOL(T)WP70-250 GM","ANTRACOL (T) WP70 40X250GR BAG IN"]
["ANTRACOL(T)WP70-500 Gm","ANTRACOL (T) WP70 20X500GR BAG IN"]
["BELT EXPERT-100 ML","BELT EXPERT SC480 50X100ML BOT IN"]
["BUONOS-500ML","BUONOS SC430 20X500ML BOT IN"]
["BUONOS SC-250 ML","BUONOS SC430 40X250ML BOT IN"]
["CONFIDORE-100ML","CONFIDOR (T) SL200 50X100ML BOT IN"]
["CONFIDORE  1LTR","CONFIDOR (T) SL200 10X1L BOT IN"]
["CONFIDORE 250ML","CONFIDOR (T) SL200 20X250ML BOT IN"]
["CONFIDORE 500 ML.","CONFIDOR (T) SL200 20X500ML BOT IN"]
["CONFIDORE -50 ML","CONFIDOR (T) SL200 100X50ML BOT IN"]
["DECIS-100 ML","DECIS EC 28 50X100ML BOT IN"]
["DECIS-1 LTR","DECIS EC 28 10X1L BOT IN"]
["DECIS EC28 250 ML","DECIS EC 28 40X250ML BOT IN"]
["DECIS EC28 500ML","DECIS EC 28 20X500ML BOT IN"]
["Fame-10 ML","FAME (T) SC480 10X(20X10ML) BOT IN"]
["FOLECUSE 100 ML","FOLICUR (T) EC250 50X100ML BOT IN"]
["FOLECUSE 250ML","FOLICUR (T) EC250 40X250ML BOT IN"]
["FOOST-24 X 500 GM","FOOST WP50 24X500G BAG IN"]
["GAUCHO-50 ML","GAUCHO FS600 100X50ML BOT IN"]
["GAUCHO-5 Ltr","GAUCHO FS600 2X5L BOT IN"]
["INFINITO SC6875 100ML","INFINITO SC687 5 50X100ML BOT IN"]
["INFINITO SC6875 500ML","INFINITO SC687 5 20X500ML BOT IN"]
["LAUDIS SC630-57.5 ML","LAUDIS SC630 10X57.5ML BOT IN"]
["MELODY DUO WP66.8 100GM","MELODY DUO WP66 8 50X100GR BAG IN"]
["MELODY DUO WP66.8 400 GM","MELODY DUO WP66 8 10X400GR BAG IN"]
["MOVENTO ENERGY-250 ML","MOVENTO ENERGY SC240 40X250ML BOT IN"]
["MUSTARD-5222-1 KG","MUSTARD 5222 30X1KG BAG IN"]
["MUSTARD PA 5210-1 KG","MUSTARD PA 5210 (LOC) 30X1KG BAG IN"]
["MUSTARD PA 5232- 1 KG","MUSTARD PA 5232 (LOC) 30X1KG BAG IN"]
["NATIVO WG75-100GM","NATIVO WG75 50X100GR BAG IN"]
["OBERON-250 ML","OBERON (T) SC240 40X200ML BOT IN"]
["OBERON SC-100 ML","OBERON (T) SC240 50X100ML BOT IN"]
["OBERON(T)-200 ML","OBERON (T) SC240 40X200ML BOT IN"]
["PLANOFIX SL4.5  100 ML","PLANOFIX SL4 5 50X100ML BOT IN"]
["PROAGRO 9001-1.5 Kg","MILLET HYBRID 9001 20X1.5 BAG IN"]
["PROAGRO 9180-1.5 Kg","MILLET PA 9180 (LOC) 20X1.50KG BAG IN"]
["PROAGRO 9444-1.5 Kg","MILLET HYBRID 9444 20X1.5KG BAG IN"]
["PROAGRO 9444 GOLD-1.5 Kg","MILLET HYBRID 9444 GOLD 20X1.50KG BAG IN"]
["PROAGRO 9450-1.5 Kg","MILLET HYBRID 9450 20X1 5KG BAG IN"]
["REGENT GR-1KG","REGENT GR0 3 20X1KG BAG IN"]
["REGENT GR-5KG","REGENT GR0 3 4X5KG BAG IN"]
["REGENT SC 100 ML","REGENT (T) SC50 50X100ML BOT IN"]
["REGENT SC 250 ML","REGENT (T) SC50 20X250ML BOT IN"]
["REGENT SC 500ML","REGENT (T) SC50 20X500ML BOT IN"]
["REGENT ULTRA-5 KG","REGENT GR0 3 4X5KG BAG IN"]
["SOLOMON 100 ML","SOLOMON OD300 50X100ML BOT IN"]
["SOLOMON 250 ML","SOLOMON OD300 40X250ML BOT IN"]
["SOLOMON-500 ML","SOLOMON OD300 20X500ML BOT IN"]
["SURPASS 7172 BG II","SURPASS 7172 BG2 20X450GR BAG IN"]

{"sheet":"Final Dealer Work","index":4,"n_rows":53,"n_cols":14,"rows_kept":53,"cut":false,"hidden":false,"merged":[]}
[]
[null,"PRODUCT","ITEMALIAS","Bpc","Volume","Opening Qty","Purchase Qty","Purchase Return Qty","Sales Qty","Sales Return Qty","Transfer Qty","Consignment Qty","Adjustment Qty","CLSG"]
[null,"ADMIRE (T) WG70 150X30GR BOT IN",null,null,null,0,0,0,0,0,0,0,0,0]
[null,"ADMIRE WG70 125X(8X2GR) BAG IN",null,null,null,0,1000,0,695,0,0,0,0,305]
[null,"ANTRACOL (T) WP70 10X1KG BAG IN",null,null,null,20,0,0,0,0,0,0,0,20]
[null,"ANTRACOL (T) WP70 20X500GR BAG IN",null,null,null,60,0,0,20,0,0,0,0,40]
[null,"ANTRACOL (T) WP70 40X250GR BAG IN",null,null,null,80,0,0,0,0,0,0,0,80]
[null,"BELT EXPERT SC480 50X100ML BOT IN",null,null,null,0,0,0,0,0,0,0,0,0]
[null,"BUONOS SC430 20X500ML BOT IN",null,null,null,20,0,0,0,0,0,0,0,20]
[null,"BUONOS SC430 40X250ML BOT IN",null,null,null,40,0,0,0,0,0,0,0,40]
[null,"CONFIDOR (T) SL200 100X50ML BOT IN",null,null,null,0,0,0,0,0,0,0,0,0]
[null,"CONFIDOR (T) SL200 10X1L BOT IN",null,null,null,0,0,0,0,0,0,0,0,0]
[null,"CONFIDOR (T) SL200 20X250ML BOT IN",null,null,null,0,0,0,0,0,0,0,0,0]
[null,"CONFIDOR (T) SL200 20X500ML BOT IN",null,null,null,0,0,0,0,0,0,0,0,0]
[null,"CONFIDOR (T) SL200 50X100ML BOT IN",null,null,null,0,0,0,0,0,0,0,0,0]
[null,"DECIS EC 28 10X1L BOT IN",null,null,null,10,0,0,10,0,0,0,0,0]
[null,"DECIS EC 28 20X500ML BOT IN",null,null,null,20,0,0,0,0,0,0,0,20]
[null,"DECIS EC 28 40X250ML BOT IN",null,null,null,40,0,0,0,0,0,0,0,40]
[null,"DECIS EC 28 50X100ML BOT IN",null,null,null,50,0,0,0,0,0,0,0,50]
[null,"FAME (T) SC480 10X(20X10ML) BOT IN",null,null,null,0,0,0,0,0,0,0,0,0]
[null,"FOLICUR (T) EC250 40X250ML BOT IN",null,null,null,0,0,0,0,0,0,0,0,0]
[null,"FOLICUR (T) EC250 50X100ML BOT IN",null,null,null,0,0,0,0,0,0,0,0,0]
[null,"FOOST WP50 24X500G BAG IN",null,null,null,0,0,0,0,0,0,0,0,0]
[null,"GAUCHO FS600 100X50ML BOT IN",null,null,null,0,0,0,0,0,0,0,0,0]
[null,"GAUCHO FS600 2X5L BOT IN",null,null,null,0,0,0,0,0,0,0,0,0]
[null,"INFINITO SC687 5 20X500ML BOT IN",null,null,null,0,20,0,0,0,0,0,0,20]
[null,"INFINITO SC687 5 50X100ML BOT IN",null,null,null,0,0,0,0,0,0,0,0,0]
[null,"LAUDIS SC630 10X57.5ML BOT IN",null,null,null,0,0,0,0,0,0,0,0,0]
[null,"MELODY DUO WP66 8 10X400GR BAG IN",null,null,null,0,0,0,0,0,0,0,0,0]
[null,"MELODY DUO WP66 8 50X100GR BAG IN",null,null,null,0,0,0,0,0,0,0,0,0]
[null,"MILLET HYBRID 9001 20X1.5 BAG IN",null,null,null,0,0,0,0,0,0,0,0,0]
[null,"MILLET HYBRID 9444 20X1.5KG BAG IN",null,null,null,0,0,0,0,0,0,0,0,0]
[null,"MILLET HYBRID 9444 GOLD 20X1.50KG BAG IN",null,null,null,0,0,0,0,0,0,0,0,0]
[null,"MILLET HYBRID 9450 20X1 5KG BAG IN",null,null,null,0,0,0,0,0,0,0,0,0]
[null,"MILLET PA 9180 (LOC) 20X1.50KG BAG IN",null,null,null,0,0,0,0,0,0,0,0,0]
[null,"MOVENTO ENERGY SC240 40X250ML BOT IN",null,null,null,10,0,0,0,0,0,0,0,10]
[null,"MUSTARD 5222 30X1KG BAG IN",null,null,null,0,0,0,0,0,0,0,0,0]
[null,"MUSTARD PA 5210 (LOC) 30X1KG BAG IN",null,null,null,0,0,0,0,0,0,0,0,0]
[null,"MUSTARD PA 5232 (LOC) 30X1KG BAG IN",null,null,null,0,0,0,0,0,0,0,0,0]
[null,"NATIVO WG75 50X100GR BAG IN",null,null,null,50,0,0,24,0,0,0,0,26]
[null,"OBERON (T) SC240 40X200ML BOT IN",null,null,null,0,0,0,0,0,0,0,0,0]
[null,"OBERON (T) SC240 50X100ML BOT IN",null,null,null,0,0,0,0,0,0,0,0,0]
[null,"PLANOFIX SL4 5 50X100ML BOT IN",null,null,null,110,0,0,0,0,0,0,0,110]
[null,"REGENT (T) SC50 20X250ML BOT IN",null,null,null,720,0,0,0,0,0,0,0,720]
[null,"REGENT (T) SC50 20X500ML BOT IN",null,null,null,400,0,0,0,0,0,0,0,400]
[null,"REGENT (T) SC50 50X100ML BOT IN",null,null,null,100,0,0,0,0,0,0,0,100]
[null,"REGENT GR0 3 20X1KG BAG IN",null,null,null,20,0,0,0,0,0,0,0,20]
[null,"REGENT GR0 3 4X5KG BAG IN",null,null,null,16,0,0,8,0,0,0,0,8]
[null,"SOLOMON OD300 20X500ML BOT IN",null,null,null,0,0,0,0,0,0,0,0,0]
[null,"SOLOMON OD300 40X250ML BOT IN",null,null,null,0,0,0,0,0,0,0,0,0]
[null,"SOLOMON OD300 50X100ML BOT IN",null,null,null,0,0,0,0,0,0,0,0,0]
[null,"SURPASS 7172 BG2 20X450GR BAG IN",null,null,null,240,400,0,470,0,0,0,0,170]
[null,"Grand Total",null,null,null,2006,1420,0,1227,0,0,0,0,2199]

{"sheet":"Zylem SNS Report","index":5,"n_rows":58,"n_cols":13,"rows_kept":58,"cut":false,"hidden":false,"merged":[[1,0,1,12],[3,0,3,12],[4,0,4,12],[5,0,5,12],[6,0,6,12]]}
[]
["Company Name:-BAYER"]
["Stock and Sales FOR THE PERIOD 01-Apr-2021 TO 30-Apr-2021"]
["Generated on 6/5/2021 7:19:38 AM"]
["DISTRIBUTOR PRODUCTWISE"]
["OUTPUT IN : PIC,DETAILS AS : Column,CONSIDER : Voucher Date,INCLUDE VALIDATION : False"]
["DISTRIBUTOR:Sarla Beej Bhandar - Mahrendergarh,"]
["DISTRIBUTOR","SAPCODE","PRODUCT","ITEMALIAS","Opening Qty","Purchase Qty","Purchase Return Qty","Sales Qty","Sales Return Qty","Transfer Qty","Consignment Qty","Adjustment Qty","CLSG"]
["Sarla Beej Bhandar - Mahrendergarh",9061991,"ADMIRE (T) WG70 150X30GR BOT IN",79234988,0,0,0,0,0,0,0,0,0]
["Sarla Beej Bhandar - Mahrendergarh",9061991,"ADMIRE WG70 125X(8X2GR) BAG IN",6101665,0,1000,0,695,0,0,0,0,305]
["Sarla Beej Bhandar - Mahrendergarh",9061991,"ANTRACOL (T) WP70 10X1KG BAG IN",6077322,20,0,0,0,0,0,0,0,20]
["Sarla Beej Bhandar - Mahrendergarh",9061991,"ANTRACOL (T) WP70 20X500GR BAG IN",5999978,60,0,0,20,0,0,0,0,40]
["Sarla Beej Bhandar - Mahrendergarh",9061991,"ANTRACOL (T) WP70 40X250GR BAG IN",6112179,80,0,0,0,0,0,0,0,80]
["Sarla Beej Bhandar - Mahrendergarh",9061991,"ANTRACOL (T) WP70 50X100GR BAG IN",6113191,0,0,0,0,0,0,0,0,0]
["Sarla Beej Bhandar - Mahrendergarh",9061991,"BELT EXPERT SC480 50X100ML BOT IN",79722869,0,0,0,0,0,0,0,0,0]
["Sarla Beej Bhandar - Mahrendergarh",9061991,"CONFIDOR (T) SL200 100X50ML BOT IN",5708361,0,0,0,0,0,0,0,0,0]
["Sarla Beej Bhandar - Mahrendergarh",9061991,"CONFIDOR (T) SL200 20X250ML BOT IN",5699494,0,0,0,0,0,0,0,0,0]
["Sarla Beej Bhandar - Mahrendergarh",9061991,"CONFIDOR (T) SL200 20X500ML BOT IN",5704439,0,0,0,0,0,0,0,0,0]
["Sarla Beej Bhandar - Mahrendergarh",9061991,"CONFIDOR (T) SL200 50X100ML BOT IN",5703475,0,0,0,0,0,0,0,0,0]
["Sarla Beej Bhandar - Mahrendergarh",9061991,"DECIS EC 28 10X1L BOT IN",3823303,10,0,0,10,0,0,0,0,0]
["Sarla Beej Bhandar - Mahrendergarh",9061991,"DECIS EC 28 20X500ML BOT IN",3823370,20,0,0,0,0,0,0,0,20]
["Sarla Beej Bhandar - Mahrendergarh",9061991,"DECIS EC 28 40X250ML BOT IN",3823346,40,0,0,0,0,0,0,0,40]
["Sarla Beej Bhandar - Mahrendergarh",9061991,"FAME (T) SC480 10X(20X10ML) BOT IN",79305885,0,0,0,0,0,0,0,0,0]
["Sarla Beej Bhandar - Mahrendergarh",9061991,"FOLICUR (T) EC250 40X250ML BOT IN",79682271,0,0,0,0,0,0,0,0,0]
["Sarla Beej Bhandar - Mahrendergarh",9061991,"FOLICUR (T) EC250 50X100ML BOT IN",79629125,0,0,0,0,0,0,0,0,0]
["Sarla Beej Bhandar - Mahrendergarh",9061991,"FOOST WP50 24X500G BAG IN",85811770,0,0,0,0,0,0,0,0,0]
["Sarla Beej Bhandar - Mahrendergarh",9061991,"GAUCHO FS600 100X50ML BOT IN",80034733,0,0,0,0,0,0,0,0,0]
["Sarla Beej Bhandar - Mahrendergarh",9061991,"GAUCHO FS600 2X5L BOT IN",3823915,0,0,0,0,0,0,0,0,0]
["Sarla Beej Bhandar - Mahrendergarh",9061991,"INFINITO SC687 5 20X500ML BOT IN",79641176,0,20,0,0,0,0,0,0,20]
["Sarla Beej Bhandar - Mahrendergarh",9061991,"INFINITO SC687 5 50X100ML BOT IN",79632487,0,0,0,0,0,0,0,0,0]
["Sarla Beej Bhandar - Mahrendergarh",9061991,"LAUDIS SC630 10X57.5ML BOT IN",84470481,0,0,0,0,0,0,0,0,0]
["Sarla Beej Bhandar - Mahrendergarh",9061991,"MELODY DUO WP66 8 10X400GR BAG IN",80994974,0,0,0,0,0,0,0,0,0]
["Sarla Beej Bhandar - Mahrendergarh",9061991,"MILLET HYBRID 9001 20X1.5 BAG IN",84986003,0,0,0,0,0,0,0,0,0]
["Sarla Beej Bhandar - Mahrendergarh",9061991,"MILLET HYBRID 9444 20X1.5KG BAG IN",56000147,0,0,0,0,0,0,0,0,0]
["Sarla Beej Bhandar - Mahrendergarh",9061991,"MILLET HYBRID 9444 GOLD 20X1.50KG BAG IN",80872666,0,0,0,0,0,0,0,0,0]
["Sarla Beej Bhandar - Mahrendergarh",9061991,"MILLET HYBRID 9450 20X1 5KG BAG IN",80228716,0,0,0,0,0,0,0,0,0]
["Sarla Beej Bhandar - Mahrendergarh",9061991,"MOVENTO ENERGY SC240 40X250ML BOT IN",79679505,10,0,0,0,0,0,0,0,10]
["Sarla Beej Bhandar - Mahrendergarh",9061991,"MUSTARD 5222 30X1KG BAG IN",81740844,0,0,0,0,0,0,0,0,0]
["Sarla Beej Bhandar - Mahrendergarh",9061991,"NATIVO WG75 50X100GR BAG IN",79304102,50,0,0,24,0,0,0,0,26]
["Sarla Beej Bhandar - Mahrendergarh",9061991,"OBERON (T) SC240 40X200ML BOT IN",79971362,0,0,0,0,0,0,0,0,0]
["Sarla Beej Bhandar - Mahrendergarh",9061991,"OBERON (T) SC240 50X100ML BOT IN",79998538,0,0,0,0,0,0,0,0,0]
["Sarla Beej Bhandar - Mahrendergarh",9061991,"PLANOFIX SL4 5 50X100ML BOT IN",3825098,110,0,0,0,0,0,0,0,110]
["Sarla Beej Bhandar - Mahrendergarh",9061991,"REGENT (T) SC50 20X250ML BOT IN",5976951,720,0,0,0,0,0,0,0,720]
["Sarla Beej Bhandar - Mahrendergarh",9061991,"REGENT (T) SC50 20X500ML BOT IN",5987678,400,0,0,0,0,0,0,0,400]
["Sarla Beej Bhandar - Mahrendergarh",9061991,"REGENT (T) SC50 50X100ML BOT IN",5975343,100,0,0,0,0,0,0,0,100]
["Sarla Beej Bhandar - Mahrendergarh",9061991,"REGENT GR0 3 20X1KG BAG IN",79667140,20,0,0,0,0,0,0,0,20]
["Sarla Beej Bhandar - Mahrendergarh",9061991,"REGENT GR0 3 4X5KG BAG IN",80018703,16,0,0,8,0,0,0,0,8]
["Sarla Beej Bhandar - Mahrendergarh",9061991,"SOLOMON OD300 40X250ML BOT IN",79706723,0,0,0,0,0,0,0,0,0]
["Sarla Beej Bhandar - Mahrendergarh",9061991,"SOLOMON OD300 50X100ML BOT IN",79641931,0,0,0,0,0,0,0,0,0]
["Sarla Beej Bhandar - Mahrendergarh",9061991,"SURPASS 7172 BG2 20X450GR BAG IN",84456071,240,400,0,450,0,0,0,20,170]
["Sarla Beej Bhandar - Mahrendergarh",9061991,"NEWPRODUCT_9061991",9061991,290,0,0,0,0,0,0,0,290]
["Sarla Beej Bhandar - Mahrendergarh",9061991,"DECIS EC 28 50X100ML BOT IN",3823311,50,0,0,0,0,0,0,0,50]
["Sarla Beej Bhandar - Mahrendergarh",9061991,"MILLET PA 9180 (LOC) 20X1.50KG BAG IN",86706040,0,0,0,0,0,0,0,0,0]
["Sarla Beej Bhandar - Mahrendergarh",9061991,"MUSTARD PA 5210 (LOC) 30X1KG BAG IN",86195089,0,0,0,0,0,0,0,0,0]
["Sarla Beej Bhandar - Mahrendergarh",9061991,"MUSTARD PA 5232 (LOC) 30X1KG BAG IN",86735628,0,0,0,0,0,0,0,0,0]
["Sarla Beej Bhandar - Mahrendergarh",9061991,"BUONOS SC430 40X250ML BOT IN",86224801,40,0,0,0,0,0,0,0,40]
["Sarla Beej Bhandar - Mahrendergarh",9061991,"BUONOS SC430 20X500ML BOT IN",86254468,20,0,0,0,0,0,0,0,20]
["GRANDTOTAL",null,null,null,2296,1420,0,1207,0,0,0,20,2489]

{"sheet":"OPG","index":6,"n_rows":51,"n_cols":3,"rows_kept":51,"cut":false,"hidden":false,"merged":[]}
["ADMIRE (T) WG70 150X30GR BOT IN",{"$f":"VLOOKUP(A1,'[2]Product Master Sheet'!$B$2:$F$506,5,0)","v":13},0]
["ADMIRE WG70 125X(8X2GR) BAG IN",{"$f":"VLOOKUP(A2,'[2]Product Master Sheet'!$B$2:$F$506,5,0)","v":16},0]
["ANTRACOL (T) WP70 10X1KG BAG IN",{"$f":"VLOOKUP(A3,'[2]Product Master Sheet'!$B$2:$F$506,5,0)","v":42},20]
["ANTRACOL (T) WP70 20X500GR BAG IN",{"$f":"VLOOKUP(A4,'[2]Product Master Sheet'!$B$2:$F$506,5,0)","v":43},60]
["ANTRACOL (T) WP70 40X250GR BAG IN",{"$f":"VLOOKUP(A5,'[2]Product Master Sheet'!$B$2:$F$506,5,0)","v":44},80]
["ANTRACOL (T) WP70 50X100GR BAG IN",{"$f":"VLOOKUP(A6,'[2]Product Master Sheet'!$B$2:$F$506,5,0)","v":45},0]
["BELT EXPERT SC480 50X100ML BOT IN",{"$f":"VLOOKUP(A7,'[2]Product Master Sheet'!$B$2:$F$506,5,0)","v":111},0]
["CONFIDOR (T) SL200 100X50ML BOT IN",{"$f":"VLOOKUP(A8,'[2]Product Master Sheet'!$B$2:$F$506,5,0)","v":112},0]
["CONFIDOR (T) SL200 20X250ML BOT IN",{"$f":"VLOOKUP(A9,'[2]Product Master Sheet'!$B$2:$F$506,5,0)","v":114},0]
["CONFIDOR (T) SL200 20X500ML BOT IN",{"$f":"VLOOKUP(A10,'[2]Product Master Sheet'!$B$2:$F$506,5,0)","v":115},0]
["CONFIDOR (T) SL200 50X100ML BOT IN",{"$f":"VLOOKUP(A11,'[2]Product Master Sheet'!$B$2:$F$506,5,0)","v":116},0]
["DECIS EC 28 10X1L BOT IN",{"$f":"VLOOKUP(A12,'[2]Product Master Sheet'!$B$2:$F$506,5,0)","v":124},10]
["DECIS EC 28 40X250ML BOT IN",{"$f":"VLOOKUP(A13,'[2]Product Master Sheet'!$B$2:$F$506,5,0)","v":126},40]
["FAME (T) SC480 10X(20X10ML) BOT IN",{"$f":"VLOOKUP(A14,'[2]Product Master Sheet'!$B$2:$F$506,5,0)","v":144},0]
["FOLICUR (T) EC250 40X250ML BOT IN",{"$f":"VLOOKUP(A15,'[2]Product Master Sheet'!$B$2:$F$506,5,0)","v":164},0]
["FOLICUR (T) EC250 50X100ML BOT IN",{"$f":"VLOOKUP(A16,'[2]Product Master Sheet'!$B$2:$F$506,5,0)","v":165},0]
["FOOST WP50 24X500G BAG IN",{"$f":"VLOOKUP(A17,'[2]Product Master Sheet'!$B$2:$F$506,5,0)","v":177},0]
["GAUCHO FS600 100X50ML BOT IN",{"$f":"VLOOKUP(A18,'[2]Product Master Sheet'!$B$2:$F$506,5,0)","v":179},0]
["GAUCHO FS600 2X5L BOT IN",{"$f":"VLOOKUP(A19,'[2]Product Master Sheet'!$B$2:$F$506,5,0)","v":180},0]
["INFINITO SC687 5 20X500ML BOT IN",{"$f":"VLOOKUP(A20,'[2]Product Master Sheet'!$B$2:$F$506,5,0)","v":195},0]
["INFINITO SC687 5 50X100ML BOT IN",{"$f":"VLOOKUP(A21,'[2]Product Master Sheet'!$B$2:$F$506,5,0)","v":197},0]
["LAUDIS SC630 10X57.5ML BOT IN",{"$f":"VLOOKUP(A22,'[2]Product Master Sheet'!$B$2:$F$506,5,0)","v":210},0]
["MELODY DUO WP66 8 10X400GR BAG IN",{"$f":"VLOOKUP(A23,'[2]Product Master Sheet'!$B$2:$F$506,5,0)","v":228},0]
["MILLET HYBRID 9001 20X1.5 BAG IN",{"$f":"VLOOKUP(A24,'[2]Product Master Sheet'!$B$2:$F$506,5,0)","v":236},0]
["MILLET HYBRID 9444 20X1.5KG BAG IN",{"$f":"VLOOKUP(A25,'[2]Product Master Sheet'!$B$2:$F$506,5,0)","v":243},0]
["MILLET HYBRID 9444 GOLD 20X1.50KG BAG IN",{"$f":"VLOOKUP(A26,'[2]Product Master Sheet'!$B$2:$F$506,5,0)","v":248},0]
["MILLET HYBRID 9450 20X1 5KG BAG IN",{"$f":"VLOOKUP(A27,'[2]Product Master Sheet'!$B$2:$F$506,5,0)","v":251},0]
["MOVENTO ENERGY SC240 40X250ML BOT IN",{"$f":"VLOOKUP(A28,'[2]Product Master Sheet'!$B$2:$F$506,5,0)","v":273},10]
["MUSTARD 5222 30X1KG BAG IN",{"$f":"VLOOKUP(A29,'[2]Product Master Sheet'!$B$2:$F$506,5,0)","v":278},0]
["NATIVO WG75 50X100GR BAG IN",{"$f":"VLOOKUP(A30,'[2]Product Master Sheet'!$B$2:$F$506,5,0)","v":294},50]
["OBERON (T) SC240 40X200ML BOT IN",{"$f":"VLOOKUP(A31,'[2]Product Master Sheet'!$B$2:$F$506,5,0)","v":299},0]
["OBERON (T) SC240 50X100ML BOT IN",{"$f":"VLOOKUP(A32,'[2]Product Master Sheet'!$B$2:$F$506,5,0)","v":300},0]
["REGENT (T) SC50 20X250ML BOT IN",{"$f":"VLOOKUP(A33,'[2]Product Master Sheet'!$B$2:$F$506,5,0)","v":325},720]
["REGENT (T) SC50 20X500ML BOT IN",{"$f":"VLOOKUP(A34,'[2]Product Master Sheet'!$B$2:$F$506,5,0)","v":326},400]
["REGENT (T) SC50 50X100ML BOT IN",{"$f":"VLOOKUP(A35,'[2]Product Master Sheet'!$B$2:$F$506,5,0)","v":327},100]
["REGENT GR0 3 20X1KG BAG IN",{"$f":"VLOOKUP(A36,'[2]Product Master Sheet'!$B$2:$F$506,5,0)","v":335},20]
["REGENT GR0 3 4X5KG BAG IN",{"$f":"VLOOKUP(A37,'[2]Product Master Sheet'!$B$2:$F$506,5,0)","v":336},16]
["SOLOMON OD300 40X250ML BOT IN",{"$f":"VLOOKUP(A38,'[2]Product Master Sheet'!$B$2:$F$506,5,0)","v":368},0]
["SOLOMON OD300 50X100ML BOT IN",{"$f":"VLOOKUP(A39,'[2]Product Master Sheet'!$B$2:$F$506,5,0)","v":370},0]
["SURPASS 7172 BG2 20X450GR BAG IN",{"$f":"VLOOKUP(A40,'[2]Product Master Sheet'!$B$2:$F$506,5,0)","v":382},240]
["DECIS EC 28 50X100ML BOT IN",{"$f":"VLOOKUP(A41,'[2]Product Master Sheet'!$B$2:$F$506,5,0)","v":928},50]
["MILLET PA 9180 (LOC) 20X1.50KG BAG IN",{"$f":"VLOOKUP(A42,'[2]Product Master Sheet'!$B$2:$F$506,5,0)","v":915},0]
["MUSTARD PA 5210 (LOC) 30X1KG BAG IN",{"$f":"VLOOKUP(A43,'[2]Product Master Sheet'!$B$2:$F$506,5,0)","v":911},0]
["MUSTARD PA 5232 (LOC) 30X1KG BAG IN",{"$f":"VLOOKUP(A44,'[2]Product Master Sheet'!$B$2:$F$506,5,0)","v":913},0]
["BUONOS SC430 40X250ML BOT IN",{"$f":"VLOOKUP(A45,'[2]Product Master Sheet'!$B$2:$F$506,5,0)","v":1397},40]
["BUONOS SC430 20X500ML BOT IN",{"$f":"VLOOKUP(A46,'[2]Product Master Sheet'!$B$2:$F$506,5,0)","v":1396},20]
["CONFIDOR (T) SL200 10X1L BOT IN",{"$f":"VLOOKUP(A47,'[2]Product Master Sheet'!$B$2:$F$506,5,0)","v":113},0]
["DECIS EC 28 20X500ML BOT IN",{"$f":"VLOOKUP(A48,'[2]Product Master Sheet'!$B$2:$F$506,5,0)","v":125},20]
["MELODY DUO WP66 8 50X100GR BAG IN",{"$f":"VLOOKUP(A49,'[2]Product Master Sheet'!$B$2:$F$506,5,0)","v":233},0]
["PLANOFIX SL4 5 50X100ML BOT IN",{"$f":"VLOOKUP(A50,'[2]Product Master Sheet'!$B$2:$F$506,5,0)","v":307},110]
["SOLOMON OD300 20X500ML BOT IN",{"$f":"VLOOKUP(A51,'[2]Product Master Sheet'!$B$2:$F$506,5,0)","v":366},0]

{"sheet":"Reco","index":7,"n_rows":55,"n_cols":29,"rows_kept":55,"cut":false,"hidden":false,"merged":[[0,1,0,9],[0,10,0,18],[0,19,0,27]]}
[null,"Zylem Report -01-Apr-2021 TO 30-Apr-2021",null,null,null,null,null,null,null,null,"Dealer Report -01-Apr-2021 TO 30-Apr-2021",null,null,null,null,null,null,null,null,"Difference (+/-)"]
[]
["DEALER CODE","Opening Qty","Purchase Qty","Purchase Return Qty","Sales Qty","Sales Return Qty","Transfer Qty","Consignment Qty","Adjustment Qty","CLSG","Opening Qty","Purchase Qty","Purchase Return Qty","Sales Qty","Sales Return Qty","Transfer Qty","Consignment Qty","Adjustment Qty","CLSG","Opening Stock Qty","Purchase Qty","Purchase Return Qty","Sales Qty","Sales Return Qty","Transfer Qty","Consignment Qty","Adjustments Qty","CLSG","Remark"]
["ADMIRE (T) WG70 150X30GR BOT IN",0,0,0,0,0,0,0,0,0,0,0,0,0,0,0,0,0,0,0,0,0,0,0,0,0,0,0,"Ok"]
["ADMIRE WG70 125X(8X2GR) BAG IN",0,1000,0,695,0,0,0,0,305,0,1000,0,695,0,0,0,0,305,0,0,0,0,0,0,0,0,0,"Ok"]
["ANTRACOL (T) WP70 10X1KG BAG IN",20,0,0,0,0,0,0,0,20,20,0,0,0,0,0,0,0,20,0,0,0,0,0,0,0,0,0,"Ok"]
["ANTRACOL (T) WP70 20X500GR BAG IN",60,0,0,20,0,0,0,0,40,60,0,0,20,0,0,0,0,40,0,0,0,0,0,0,0,0,0,"Ok"]
["ANTRACOL (T) WP70 40X250GR BAG IN",80,0,0,0,0,0,0,0,80,80,0,0,0,0,0,0,0,80,0,0,0,0,0,0,0,0,0,"Ok"]
["ANTRACOL (T) WP70 50X100GR BAG IN",0,0,0,0,0,0,0,0,0,0,0,0,0,0,0,0,0,0,0,0,0,0,0,0,0,0,0,"Ok"]
["BELT EXPERT SC480 50X100ML BOT IN",0,0,0,0,0,0,0,0,0,0,0,0,0,0,0,0,0,0,0,0,0,0,0,0,0,0,0,"Ok"]
["CONFIDOR (T) SL200 100X50ML BOT IN",0,0,0,0,0,0,0,0,0,0,0,0,0,0,0,0,0,0,0,0,0,0,0,0,0,0,0,"Ok"]
["CONFIDOR (T) SL200 20X250ML BOT IN",0,0,0,0,0,0,0,0,0,0,0,0,0,0,0,0,0,0,0,0,0,0,0,0,0,0,0,"Ok"]
["CONFIDOR (T) SL200 20X500ML BOT IN",0,0,0,0,0,0,0,0,0,0,0,0,0,0,0,0,0,0,0,0,0,0,0,0,0,0,0,"Ok"]
["CONFIDOR (T) SL200 50X100ML BOT IN",0,0,0,0,0,0,0,0,0,0,0,0,0,0,0,0,0,0,0,0,0,0,0,0,0,0,0,"Ok"]
["DECIS EC 28 10X1L BOT IN",10,0,0,10,0,0,0,0,0,10,0,0,10,0,0,0,0,0,0,0,0,0,0,0,0,0,0,"Ok"]
["DECIS EC 28 20X500ML BOT IN",20,0,0,0,0,0,0,0,20,20,0,0,0,0,0,0,0,20,0,0,0,0,0,0,0,0,0,"Ok"]
["DECIS EC 28 40X250ML BOT IN",40,0,0,0,0,0,0,0,40,40,0,0,0,0,0,0,0,40,0,0,0,0,0,0,0,0,0,"Ok"]
["FAME (T) SC480 10X(20X10ML) BOT IN",0,0,0,0,0,0,0,0,0,0,0,0,0,0,0,0,0,0,0,0,0,0,0,0,0,0,0,"Ok"]
["FOLICUR (T) EC250 40X250ML BOT IN",0,0,0,0,0,0,0,0,0,0,0,0,0,0,0,0,0,0,0,0,0,0,0,0,0,0,0,"Ok"]
["FOLICUR (T) EC250 50X100ML BOT IN",0,0,0,0,0,0,0,0,0,0,0,0,0,0,0,0,0,0,0,0,0,0,0,0,0,0,0,"Ok"]
["FOOST WP50 24X500G BAG IN",0,0,0,0,0,0,0,0,0,0,0,0,0,0,0,0,0,0,0,0,0,0,0,0,0,0,0,"Ok"]
["GAUCHO FS600 100X50ML BOT IN",0,0,0,0,0,0,0,0,0,0,0,0,0,0,0,0,0,0,0,0,0,0,0,0,0,0,0,"Ok"]
["GAUCHO FS600 2X5L BOT IN",0,0,0,0,0,0,0,0,0,0,0,0,0,0,0,0,0,0,0,0,0,0,0,0,0,0,0,"Ok"]
["INFINITO SC687 5 20X500ML BOT IN",0,20,0,0,0,0,0,0,20,0,20,0,0,0,0,0,0,20,0,0,0,0,0,0,0,0,0,"Ok"]
["INFINITO SC687 5 50X100ML BOT IN",0,0,0,0,0,0,0,0,0,0,0,0,0,0,0,0,0,0,0,0,0,0,0,0,0,0,0,"Ok"]
["LAUDIS SC630 10X57.5ML BOT IN",0,0,0,0,0,0,0,0,0,0,0,0,0,0,0,0,0,0,0,0,0,0,0,0,0,0,0,"Ok"]
["MELODY DUO WP66 8 10X400GR BAG IN",0,0,0,0,0,0,0,0,0,0,0,0,0,0,0,0,0,0,0,0,0,0,0,0,0,0,0,"Ok"]
["MILLET HYBRID 9001 20X1.5 BAG IN",0,0,0,0,0,0,0,0,0,0,0,0,0,0,0,0,0,0,0,0,0,0,0,0,0,0,0,"Ok"]
["MILLET HYBRID 9444 20X1.5KG BAG IN",0,0,0,0,0,0,0,0,0,0,0,0,0,0,0,0,0,0,0,0,0,0,0,0,0,0,0,"Ok"]
["MILLET HYBRID 9444 GOLD 20X1.50KG BAG IN",0,0,0,0,0,0,0,0,0,0,0,0,0,0,0,0,0,0,0,0,0,0,0,0,0,0,0,"Ok"]
["MILLET HYBRID 9450 20X1 5KG BAG IN",0,0,0,0,0,0,0,0,0,0,0,0,0,0,0,0,0,0,0,0,0,0,0,0,0,0,0,"Ok"]
["MOVENTO ENERGY SC240 40X250ML BOT IN",10,0,0,0,0,0,0,0,10,10,0,0,0,0,0,0,0,10,0,0,0,0,0,0,0,0,0,"Ok"]
["MUSTARD 5222 30X1KG BAG IN",0,0,0,0,0,0,0,0,0,0,0,0,0,0,0,0,0,0,0,0,0,0,0,0,0,0,0,"Ok"]
["NATIVO WG75 50X100GR BAG IN",50,0,0,24,0,0,0,0,26,50,0,0,24,0,0,0,0,26,0,0,0,0,0,0,0,0,0,"Ok"]
["OBERON (T) SC240 40X200ML BOT IN",0,0,0,0,0,0,0,0,0,0,0,0,0,0,0,0,0,0,0,0,0,0,0,0,0,0,0,"Ok"]
["OBERON (T) SC240 50X100ML BOT IN",0,0,0,0,0,0,0,0,0,0,0,0,0,0,0,0,0,0,0,0,0,0,0,0,0,0,0,"Ok"]
["PLANOFIX SL4 5 50X100ML BOT IN",110,0,0,0,0,0,0,0,110,110,0,0,0,0,0,0,0,110,0,0,0,0,0,0,0,0,0,"Ok"]
["REGENT (T) SC50 20X250ML BOT IN",720,0,0,0,0,0,0,0,720,720,0,0,0,0,0,0,0,720,0,0,0,0,0,0,0,0,0,"Ok"]
["REGENT (T) SC50 20X500ML BOT IN",400,0,0,0,0,0,0,0,400,400,0,0,0,0,0,0,0,400,0,0,0,0,0,0,0,0,0,"Ok"]
["REGENT (T) SC50 50X100ML BOT IN",100,0,0,0,0,0,0,0,100,100,0,0,0,0,0,0,0,100,0,0,0,0,0,0,0,0,0,"Ok"]
["REGENT GR0 3 20X1KG BAG IN",20,0,0,0,0,0,0,0,20,20,0,0,0,0,0,0,0,20,0,0,0,0,0,0,0,0,0,"Ok"]
["REGENT GR0 3 4X5KG BAG IN",16,0,0,8,0,0,0,0,8,16,0,0,8,0,0,0,0,8,0,0,0,0,0,0,0,0,0,"Ok"]
["SOLOMON OD300 40X250ML BOT IN",0,0,0,0,0,0,0,0,0,0,0,0,0,0,0,0,0,0,0,0,0,0,0,0,0,0,0,"Ok"]
["SOLOMON OD300 50X100ML BOT IN",0,0,0,0,0,0,0,0,0,0,0,0,0,0,0,0,0,0,0,0,0,0,0,0,0,0,0,"Ok"]
["SURPASS 7172 BG2 20X450GR BAG IN",240,400,0,450,0,0,0,20,170,240,400,0,470,0,0,0,0,170,0,0,0,-20,0,0,0,20,0,"Ok"]
["DECIS EC 28 50X100ML BOT IN",50,0,0,0,0,0,0,0,50,50,0,0,0,0,0,0,0,50,0,0,0,0,0,0,0,0,0,"Ok"]
["MILLET PA 9180 (LOC) 20X1.50KG BAG IN",0,0,0,0,0,0,0,0,0,0,0,0,0,0,0,0,0,0,0,0,0,0,0,0,0,0,0,"Ok"]
["MUSTARD PA 5210 (LOC) 30X1KG BAG IN",0,0,0,0,0,0,0,0,0,0,0,0,0,0,0,0,0,0,0,0,0,0,0,0,0,0,0,"Ok"]
["MUSTARD PA 5232 (LOC) 30X1KG BAG IN",0,0,0,0,0,0,0,0,0,0,0,0,0,0,0,0,0,0,0,0,0,0,0,0,0,0,0,"Ok"]
["BUONOS SC430 40X250ML BOT IN",40,0,0,0,0,0,0,0,40,40,0,0,0,0,0,0,0,40,0,0,0,0,0,0,0,0,0,"Ok"]
["BUONOS SC430 20X500ML BOT IN",20,0,0,0,0,0,0,0,20,20,0,0,0,0,0,0,0,20,0,0,0,0,0,0,0,0,0,"Ok"]
["CONFIDOR (T) SL200 10X1L BOT IN",0,0,0,0,0,0,0,0,0,0,0,0,0,0,0,0,0,0,0,0,0,0,0,0,0,0,0,"Ok"]
["MELODY DUO WP66 8 50X100GR BAG IN",0,0,0,0,0,0,0,0,0,0,0,0,0,0,0,0,0,0,0,0,0,0,0,0,0,0,0,"Ok"]
["SOLOMON OD300 20X500ML BOT IN",0,0,0,0,0,0,0,0,0,0,0,0,0,0,0,0,0,0,0,0,0,0,0,0,0,0,0,"Ok"]
["Total",2296,1420,0,1207,0,0,0,20,2489,2006,1420,0,1227,0,0,0,0,2199,{"$f":"SUM(T4:T54)","v":0},0,0,-20,0,0,0,20,{"$f":"SUM(AB4:AB54)","v":0}]