{"text_format":"1","workbook":"xlsx","n_sheets":8,"sheets":["Navigation","Dealer Report","Dealer Report working","Master","Final Dealer Work","Zylem SNS Report","OPG","Reco"],"not_rendered":{"charts":0,"images":0,"macros":1,"external_links":3,"defined_names":11,"comments":0,"pivot_tables":1},"unopened":[],"bounds":{"document_bytes":16777216,"sheet_cells":100000,"rows_first":2000,"rows_last":500,"rows_between":2000,"halvings":0,"cell_chars":16384,"cell_head_chars":4096},"cells_cut":0,"cells_raw":0,"read":"whole","date_system":"1900"}

{"sheet":"Navigation","index":0,"n_rows":8,"n_cols":12,"rows_kept":8,"cut":false,"hidden":false,"merged":[]}
[]
[]
[]
[]
[]
[]
[null,null,null,null,null,null,null,null,null,null,"Gupta Traders and Auto Agencies"]
[null,null,null,null,null,null,null,null,null,null,null,"Stock and Sales FOR THE PERIOD 01-Apr-2020 TO 31-Mar-2021"]

{"sheet":"Dealer Report","index":1,"n_rows":160,"n_cols":6,"rows_kept":160,"cut":false,"hidden":false,"merged":[]}
["GUPTA TRADERS & AUTO AGENCIES TONK - (From 1-Apr-2014)"]
["Jain Nasinya Kota Road Tonk"]
["(Raj.) Tin No.08200450280"]
["Mob. 9414029062"]
["01432-253412"]
["Pan No-ABYPG2066R"]
["LICENCE NO PP 385 LIFE TIME"]
["Contact : 253412  -253414,9414029062 ,9414039062"]
["Bayer Liq."]
["Stock Summary"]
["1-Apr-2020 to 31-Mar-2021"]
["","Bayer Liq."]
["","GUPTA TRADERS & AUTO AGENCIES TONK - (From 1-Apr-2014)"]
["Particulars","1-Apr-2020 to 31-Mar-2021"]
["","Opening Balance","Inwards","Outwards","Closing Balance"]
["","Quantity","Quantity","Quantity","Quantity","SALS"]
["Alanto Sc 240 50x100ml Bayer",0,0,0,0,{"$f":"IFERROR(VLOOKUP(A17,'[3]P SALE'!$A$4:$B$77,2,0),0)","v":0}]
["Ambition Bayer  10 X 1ltr",0,30,10,20,{"$f":"IFERROR(VLOOKUP(A18,'[3]P SALE'!$A$4:$B$77,2,0),0)","v":10}]
["Ambition Bayer 20 X500ml",5.5,80,73,12.5,{"$f":"IFERROR(VLOOKUP(A19,'[3]P SALE'!$A$4:$B$77,2,0),0)","v":73}]
["Ambition Bayer 40 X250ml",20,20,17.75,22.25,{"$f":"IFERROR(VLOOKUP(A20,'[3]P SALE'!$A$4:$B$77,2,0),0)","v":17.75}]
["Bayfolan Algae Bayer 20x500ml",0,10,0,10,{"$f":"IFERROR(VLOOKUP(A21,'[3]P SALE'!$A$4:$B$77,2,0),0)","v":0}]
["Bayfolan Algae Bayer 40x250ml",0,10,0,10,{"$f":"IFERROR(VLOOKUP(A22,'[3]P SALE'!$A$4:$B$77,2,0),0)","v":0}]
["Belt Expert Sc480 Bayer 100 Ml",0,0,0,0,{"$f":"IFERROR(VLOOKUP(A23,'[3]P SALE'!$A$4:$B$77,2,0),0)","v":0}]
["BUONOS (Metal+Chloro)SC430 Bayer  40X250 ML",0,10,5,5,{"$f":"IFERROR(VLOOKUP(A24,'[3]P SALE'!$A$4:$B$77,2,0),0)","v":5}]
["Confidor Sl 200 100ml Bayer",0,0,0,0,{"$f":"IFERROR(VLOOKUP(A25,'[3]P SALE'!$A$4:$B$77,2,0),0)","v":0}]
["Confidor Sl 200 250ml Bayer",0,0,0,0,{"$f":"IFERROR(VLOOKUP(A26,'[3]P SALE'!$A$4:$B$77,2,0),0)","v":0}]
["Confidor Sl 200 500ml Bayer",0,0,0,0,{"$f":"IFERROR(VLOOKUP(A27,'[3]P SALE'!$A$4:$B$77,2,0),0)","v":0}]
["Confidor Sl 200 50ml Bayer",0,0,0,0,{"$f":"IFERROR(VLOOKUP(A28,'[3]P SALE'!$A$4:$B$77,2,0),0)","v":0}]
["Decis(Deltamethrin)100  Bayer   100 Ml",0,0,0,0,{"$f":"IFERROR(VLOOKUP(A29,'[3]P SALE'!$A$4:$B$77,2,0),0)","v":0}]
["Decis(Deltamethrin)100  Bayer   250 Ml",0,0,0,0,{"$f":"IFERROR(VLOOKUP(A30,'[3]P SALE'!$A$4:$B$77,2,0),0)","v":0}]
["Decis(Deltamethrin)2.8% Bayer  100 Ml",0,0,0,0,{"$f":"IFERROR(VLOOKUP(A31,'[3]P SALE'!$A$4:$B$77,2,0),0)","v":0}]
["Decis(Deltamethrin)2.8% Bayer 10 X  1 Lt",75,0,59,16,{"$f":"IFERROR(VLOOKUP(A32,'[3]P SALE'!$A$4:$B$77,2,0),0)","v":59}]
["Decis(Deltamethrin)2.8% Bayer  20 X 500 Ml",120.5,0,87.5,33,{"$f":"IFERROR(VLOOKUP(A33,'[3]P SALE'!$A$4:$B$77,2,0),0)","v":87.5}]
["Decis(Deltamethrin)2.8% Bayer 40 X  250 Ml",0,30,13.75,16.25,{"$f":"IFERROR(VLOOKUP(A34,'[3]P SALE'!$A$4:$B$77,2,0),0)","v":13.75}]
["Decis(Deltamethrin)2.8% Bayer 5ltr",0,0,0,0,{"$f":"IFERROR(VLOOKUP(A35,'[3]P SALE'!$A$4:$B$77,2,0),0)","v":0}]
["Endosulfan Ec 35% BAYER 100 ML",0,0,0,0,{"$f":"IFERROR(VLOOKUP(A36,'[3]P SALE'!$A$4:$B$77,2,0),0)","v":0}]
["Endosulfan Ec 35% BAYER 1 LT",0,0,0,0,{"$f":"IFERROR(VLOOKUP(A37,'[3]P SALE'!$A$4:$B$77,2,0),0)","v":0}]
["Endosulfan Ec 35% BAYER 250 ML",0,0,0,0,{"$f":"IFERROR(VLOOKUP(A38,'[3]P SALE'!$A$4:$B$77,2,0),0)","v":0}]
["Endosulfan Ec 35% BAYER 500 ML",0,0,0,0,{"$f":"IFERROR(VLOOKUP(A39,'[3]P SALE'!$A$4:$B$77,2,0),0)","v":0}]
["Evergol Xtend Fs308 Bayer 100x40ml",2.84,48,50.84,0,{"$f":"IFERROR(VLOOKUP(A40,'[3]P SALE'!$A$4:$B$77,2,0),0)","v":50.839999999999982}]
["Evergol Xtend Fs308 Bayer 50 X100ml",7,0,7,0,{"$f":"IFERROR(VLOOKUP(A41,'[3]P SALE'!$A$4:$B$77,2,0),0)","v":6.9999999999999991}]
["Fame(Flubendiamide)480 Sc Bayer 10 X  (20 X 10)  Ml",1.3,4,1.86,3.44,{"$f":"IFERROR(VLOOKUP(A42,'[3]P SALE'!$A$4:$B$77,2,0),0)","v":1.86}]
["Fame(Flubendiamide)480 Sc Bayer 20 X 100 Ml",2.4,8,7,3.4,{"$f":"IFERROR(VLOOKUP(A43,'[3]P SALE'!$A$4:$B$77,2,0),0)","v":7}]
["Fame(Flubendiamide)480 Sc Bayer 4 X 500 Ml",0,0,0,0,{"$f":"IFERROR(VLOOKUP(A44,'[3]P SALE'!$A$4:$B$77,2,0),0)","v":0}]
["Fame(Flubendiamide)480 Sc Bayer 50 Ml",0,0,0,0,{"$f":"IFERROR(VLOOKUP(A45,'[3]P SALE'!$A$4:$B$77,2,0),0)","v":0}]
["Fame(Flubendiamide)480 Sc Bayer 50 Ml NEW",0,12,9.9499999999999993,2.0499999999999998,{"$f":"IFERROR(VLOOKUP(A46,'[3]P SALE'!$A$4:$B$77,2,0),0)","v":9.9500000000000011}]
["Fame(Flubendiamide)480 Sc Bayer 8 X 250 Ml",6.75,12,10.75,8,{"$f":"IFERROR(VLOOKUP(A47,'[3]P SALE'!$A$4:$B$77,2,0),0)","v":10.75}]
["Fenos Quick Sc150 Bayer 50x100ml",0,5,3.4,1.6,{"$f":"IFERROR(VLOOKUP(A48,'[3]P SALE'!$A$4:$B$77,2,0),0)","v":3.4}]
["Folicur(Tebuconazol) 250ec Bayer- 10 X 1 Ltr",0,10,10,0,{"$f":"IFERROR(VLOOKUP(A49,'[3]P SALE'!$A$4:$B$77,2,0),0)","v":10}]
["Folicur(Tebuconazole)250ec Bayer 20 X 500 Ml",0,10,10,0,{"$f":"IFERROR(VLOOKUP(A50,'[3]P SALE'!$A$4:$B$77,2,0),0)","v":10}]
["Folicur(Tebuconazole)250ec Bayer  40 X 250 Ml",7.25,30,28.75,8.5,{"$f":"IFERROR(VLOOKUP(A51,'[3]P SALE'!$A$4:$B$77,2,0),0)","v":28.75}]
["Folicur(Tebuconazole)250ec Bayer 50 X 100 Ml",4.5,15,19,0.5,{"$f":"IFERROR(VLOOKUP(A52,'[3]P SALE'!$A$4:$B$77,2,0),0)","v":19}]
["Gaucho(Imidaclorpid)48% Bayer 100X 50 Ml",19.100000000000001,150,140.44999999999999,28.65,{"$f":"IFERROR(VLOOKUP(A53,'[3]P SALE'!$A$4:$B$77,2,0),0)","v":140.44999999999999}]
["Gaucho(Imidaclorpid)48% Bayer 10X 1 Lt",63,330,325,68,{"$f":"IFERROR(VLOOKUP(A54,'[3]P SALE'!$A$4:$B$77,2,0),0)","v":325}]
["Gaucho(Imidaclorpid)48% Bayer  2 X 5 Lt",0,20,20,0,{"$f":"IFERROR(VLOOKUP(A55,'[3]P SALE'!$A$4:$B$77,2,0),0)","v":20}]
["Gaucho(Imidaclorpid)48% Bayer40X 250 Ml",58.5,1600,1639,19.5,{"$f":"IFERROR(VLOOKUP(A56,'[3]P SALE'!$A$4:$B$77,2,0),0)","v":1639}]
["Gaucho(Imidaclorpid)48% Bayer 50X100 Ml",69.099999999999994,860,739.3,189.8,{"$f":"IFERROR(VLOOKUP(A57,'[3]P SALE'!$A$4:$B$77,2,0),0)","v":739.30000000000109}]
["Hostathion(Triazophos)40% Bayer 100 Ml",0,0,0,0,{"$f":"IFERROR(VLOOKUP(A58,'[3]P SALE'!$A$4:$B$77,2,0),0)","v":0}]
["Hostathion(Triazophos)40% Bayer 1 Lt",0,0,0,0,{"$f":"IFERROR(VLOOKUP(A59,'[3]P SALE'!$A$4:$B$77,2,0),0)","v":0}]
["Hostathion(Triazophos)40% Bayer 250 Ml",0,0,0,0,{"$f":"IFERROR(VLOOKUP(A60,'[3]P SALE'!$A$4:$B$77,2,0),0)","v":0}]
["Hostathion(Triazophos)40% Bayer 500 Ml",0,0,0,0,{"$f":"IFERROR(VLOOKUP(A61,'[3]P SALE'!$A$4:$B$77,2,0),0)","v":0}]
["Imidaclorpid 17.8% Bayer 100 X 50 Ml",12.55,15,18.2,9.35,{"$f":"IFERROR(VLOOKUP(A62,'[3]P SALE'!$A$4:$B$77,2,0),0)","v":18.2}]
["Imidaclorpid 17.8% Bayer 1 Lt",0,0,0,0,{"$f":"IFERROR(VLOOKUP(A63,'[3]P SALE'!$A$4:$B$77,2,0),0)","v":0}]
["Imidaclorpid 17.8% Bayer 20 X 250 Ml",0,25,24,1,{"$f":"IFERROR(VLOOKUP(A64,'[3]P SALE'!$A$4:$B$77,2,0),0)","v":24}]
["Imidaclorpid 17.8% Bayer 20 X 500 Ml",0,8,8,0,{"$f":"IFERROR(VLOOKUP(A65,'[3]P SALE'!$A$4:$B$77,2,0),0)","v":8}]
["Imidaclorpid 17.8% Bayer 50 X 100 Ml",0,140,126.7,13.3,{"$f":"IFERROR(VLOOKUP(A66,'[3]P SALE'!$A$4:$B$77,2,0),0)","v":126.69999999999999}]
["IMIDA(Confidor Super)350 BAYER 100 Ml",0,0,0,0,{"$f":"IFERROR(VLOOKUP(A67,'[3]P SALE'!$A$4:$B$77,2,0),0)","v":0}]
["IMIDA(Confidor Super)350 BAYER 250 Ml",0,0,0,0,{"$f":"IFERROR(VLOOKUP(A68,'[3]P SALE'!$A$4:$B$77,2,0),0)","v":0}]
["IMIDA(Confidor Super)350 BAYER 50  Ml",0,0,0,0,{"$f":"IFERROR(VLOOKUP(A69,'[3]P SALE'!$A$4:$B$77,2,0),0)","v":0}]
["IMIDA(Confidor Super)SL200 BAYER 50  Ml",0,0,0,0,{"$f":"IFERROR(VLOOKUP(A70,'[3]P SALE'!$A$4:$B$77,2,0),0)","v":0}]
["IMIDA(Confidor Super)SL200 BAYER 50X 100 ML",0,0,0,0,{"$f":"IFERROR(VLOOKUP(A71,'[3]P SALE'!$A$4:$B$77,2,0),0)","v":0}]
["INFINITO (Protectant & Cur) SC687 5  Bayer 50X100ML",0,10,4.2,5.8,{"$f":"IFERROR(VLOOKUP(A72,'[3]P SALE'!$A$4:$B$77,2,0),0)","v":4.2}]
["LAUDIS 34.4%BOTIN BAYER 10X 57.5ML",0,0,0,0,{"$f":"IFERROR(VLOOKUP(A73,'[3]P SALE'!$A$4:$B$77,2,0),0)","v":0}]
["LUDIS SC630 BAYER 10X57.5 ML",0,11.5,8.625,2.875,{"$f":"IFERROR(VLOOKUP(A74,'[3]P SALE'!$A$4:$B$77,2,0),0)","v":8.625}]
["LUDIS SC630 BAYER 3 X 230ML",0,0,0,0,{"$f":"IFERROR(VLOOKUP(A75,'[3]P SALE'!$A$4:$B$77,2,0),0)","v":0}]
["LUDIS SC630 BAYER 8X115ML",0,3.68,2.2999999999999998,1.38,{"$f":"IFERROR(VLOOKUP(A76,'[3]P SALE'!$A$4:$B$77,2,0),0)","v":2.3000000000000007}]
["Luna Experience Sc400 Bayer 40x250ml",0,40,18.5,21.5,{"$f":"IFERROR(VLOOKUP(A77,'[3]P SALE'!$A$4:$B$77,2,0),0)","v":18.5}]
["Luna Experience Sc400 Bayer 50x100ml",0,45,36.6,8.4,{"$f":"IFERROR(VLOOKUP(A78,'[3]P SALE'!$A$4:$B$77,2,0),0)","v":36.6}]
["MOVENTO ENERGY BAYER 40 X 250ML",2.5,0,2.5,0,{"$f":"IFERROR(VLOOKUP(A79,'[3]P SALE'!$A$4:$B$77,2,0),0)","v":2.5}]
["MOVENTO ENERGY BAYER 50 X 100ML",8.6999999999999993,0,8.6999999999999993,0,{"$f":"IFERROR(VLOOKUP(A80,'[3]P SALE'!$A$4:$B$77,2,0),0)","v":8.6999999999999993}]
["Oberon(Spiromesiften)Sc 240 Bayer 40 X 200 Ml",0,152,150.19999999999999,1.8,{"$f":"IFERROR(VLOOKUP(A81,'[3]P SALE'!$A$4:$B$77,2,0),0)","v":150.20000000000002}]
["Oberon(Spiromesiften)Sc 240 Bayer 50 Ml",0,0,0,0,{"$f":"IFERROR(VLOOKUP(A82,'[3]P SALE'!$A$4:$B$77,2,0),0)","v":0}]
["Oberon(Spiromesiften)Sc 240 Bayer 50 x 100 Ml",0.2,139.9,131.4,8.6999999999999993,{"$f":"IFERROR(VLOOKUP(A83,'[3]P SALE'!$A$4:$B$77,2,0),0)","v":131.39999999999998}]
["Planofix 4.5%Ana.Bayer 50 X 100 Ml",3.4,125,95.7,32.700000000000003,{"$f":"IFERROR(VLOOKUP(A84,'[3]P SALE'!$A$4:$B$77,2,0),0)","v":95.699999999999989}]
["Raft(Oxadiargyl)Ec 6% Bayer 1 Lt.",0,0,0,0,{"$f":"IFERROR(VLOOKUP(A85,'[3]P SALE'!$A$4:$B$77,2,0),0)","v":0}]
["Raft(Oxadiargyl)Ec 6% Bayer 40 X 250 Ml",0,0,0,0,{"$f":"IFERROR(VLOOKUP(A86,'[3]P SALE'!$A$4:$B$77,2,0),0)","v":0}]
["Raft(Oxadiargyl)Ec 6% Bayer 500 Ml",0,0,0,0,{"$f":"IFERROR(VLOOKUP(A87,'[3]P SALE'!$A$4:$B$77,2,0),0)","v":0}]
["Raxil(Tebuconazole)2% Bayer 50 Ml",0,0,0,0,{"$f":"IFERROR(VLOOKUP(A88,'[3]P SALE'!$A$4:$B$77,2,0),0)","v":0}]
["Regent(Fipronil)5% BAYER 20 X 250 Ml",0,745,695.75,49.25,{"$f":"IFERROR(VLOOKUP(A89,'[3]P SALE'!$A$4:$B$77,2,0),0)","v":695.75}]
["Regent(Fipronil)5% BAYER 20 X 500 Ml",14.5,550,564.5,0,{"$f":"IFERROR(VLOOKUP(A90,'[3]P SALE'!$A$4:$B$77,2,0),0)","v":564.5}]
["Regent(Fipronil)5% BAYER  50 X 100 Ml",52,250,292.39999999999998,9.6,{"$f":"IFERROR(VLOOKUP(A91,'[3]P SALE'!$A$4:$B$77,2,0),0)","v":292.40000000000009}]
["Regent(Flpronil) 5% Bayer - 10 X 1Ltr",60,180,227,13,{"$f":"IFERROR(VLOOKUP(A92,'[3]P SALE'!$A$4:$B$77,2,0),0)","v":227}]
["Sivanto Prime Sl 200 Bayer 100ml",5,-5,0,0,{"$f":"IFERROR(VLOOKUP(A93,'[3]P SALE'!$A$4:$B$77,2,0),0)","v":0}]
["Solitude (Imiza) 1ltr - Bayer",0,0,0,0,{"$f":"IFERROR(VLOOKUP(A94,'[3]P SALE'!$A$4:$B$77,2,0),0)","v":0}]
["Solomon -20X 500 Ml Bayer",0,30,30,0,{"$f":"IFERROR(VLOOKUP(A95,'[3]P SALE'!$A$4:$B$77,2,0),0)","v":30}]
["Solomon - 40 X 250 Ml Bayer",2.25,130,112.75,19.5,{"$f":"IFERROR(VLOOKUP(A96,'[3]P SALE'!$A$4:$B$77,2,0),0)","v":112.75}]
["Solomon (Betacyful 8.49%+Imida 19.81% 10X 1lt Bayer",0,20,20,0,{"$f":"IFERROR(VLOOKUP(A97,'[3]P SALE'!$A$4:$B$77,2,0),0)","v":20}]
["SolomonOD300 Bayer 50 X 100 Ml",0,95,91.1,3.9,{"$f":"IFERROR(VLOOKUP(A98,'[3]P SALE'!$A$4:$B$77,2,0),0)","v":91.099999999999966}]
["Spark(Delta.+Triazophos)35% Bayer 100 Ml",0,0,0,0,{"$f":"IFERROR(VLOOKUP(A99,'[3]P SALE'!$A$4:$B$77,2,0),0)","v":0}]
["Spark(Delta.+Triazophos)35% Bayer 250 Ml",0,0,0,0,{"$f":"IFERROR(VLOOKUP(A100,'[3]P SALE'!$A$4:$B$77,2,0),0)","v":0}]
["Spark(Delta.+Triazophos)35% Bayer 500 Ml",0,0,0,0,{"$f":"IFERROR(VLOOKUP(A101,'[3]P SALE'!$A$4:$B$77,2,0),0)","v":0}]
["SPINTOR SC 495 BAYER 20X75ML",0,0,0,0,{"$f":"IFERROR(VLOOKUP(A102,'[3]P SALE'!$A$4:$B$77,2,0),0)","v":0}]
["VELUM PRIME (FLUOPYRAM 34.48%)SC 400 BAYER 20X500ML",6,17,16.5,6.5,{"$f":"IFERROR(VLOOKUP(A103,'[3]P SALE'!$A$4:$B$77,2,0),0)","v":16.5}]
["VELUM PRIME (FLUOPYRAM 34.48%)SC 400 BAYER 40X250ML",8.5,25.25,33.75,0,{"$f":"IFERROR(VLOOKUP(A104,'[3]P SALE'!$A$4:$B$77,2,0),0)","v":33.75}]
["Whipsuper(Fenoxaprop P Et.)9.3% Bayer 100 Ml",0,0,0,0,{"$f":"IFERROR(VLOOKUP(A105,'[3]P SALE'!$A$4:$B$77,2,0),0)","v":0}]
["Whipsuper(Fenoxaprop P Et.)9.3% Bayer 1 Lt",0,0,0,0,{"$f":"IFERROR(VLOOKUP(A106,'[3]P SALE'!$A$4:$B$77,2,0),0)","v":0}]
["Whipsuper(Fenoxaprop P Et.)9.3% Bayer 40 X 250 Ml",0,0,0,0,{"$f":"IFERROR(VLOOKUP(A107,'[3]P SALE'!$A$4:$B$77,2,0),0)","v":0}]
["Whipsuper(Fenoxaprop P Et.)9.3% Bayer 500 Ml",0,0,0,0,{"$f":"IFERROR(VLOOKUP(A108,'[3]P SALE'!$A$4:$B$77,2,0),0)","v":0}]
["Acephate(Tamaron Gold)75% Bayer 1 .",0,0,0,0,{"$f":"IFERROR(VLOOKUP(A109,'[3]P SALE'!$A$4:$B$77,2,0),0)","v":0}]
["Acephate(Tamaron Gold)75% Bayer 250 G.",0,0,0,0,{"$f":"IFERROR(VLOOKUP(A110,'[3]P SALE'!$A$4:$B$77,2,0),0)","v":0}]
["Acephate(Tamaron Gold)75% Bayer 500 G.",0,0,0,0,{"$f":"IFERROR(VLOOKUP(A111,'[3]P SALE'!$A$4:$B$77,2,0),0)","v":0}]
["Admire(Imida)70% Bayer 125X(8X2) GM",1.8380000000000001,20,17.018000000000001,4.82,{"$f":"IFERROR(VLOOKUP(A112,'[3]P SALE'!$A$4:$B$77,2,0),0)","v":17.018000000000001}]
["Admire(Imida)70% Bayer 30 Gram",24,0,3,21,{"$f":"IFERROR(VLOOKUP(A113,'[3]P SALE'!$A$4:$B$77,2,0),0)","v":3}]
["Admire(Imida)70% Bayer 75 Gram",0,0,0,0,{"$f":"IFERROR(VLOOKUP(A114,'[3]P SALE'!$A$4:$B$77,2,0),0)","v":0}]
["Adue Wg70  Bayer 100 G.",0,0,0,0,{"$f":"IFERROR(VLOOKUP(A115,'[3]P SALE'!$A$4:$B$77,2,0),0)","v":0}]
["Aliette (Fosetyl-Al)80% Bayer 10 X 1",0,0,0,0,{"$f":"IFERROR(VLOOKUP(A116,'[3]P SALE'!$A$4:$B$77,2,0),0)","v":0}]
["Aliette (Fosetyl-Al)80% Bayer 20 X 250 G.",1.25,25,21.25,5,{"$f":"IFERROR(VLOOKUP(A117,'[3]P SALE'!$A$4:$B$77,2,0),0)","v":21.25}]
["Aliette (Fosetyl-Al)80% Bayer 20 X 500  GM",0,10,10,0,{"$f":"IFERROR(VLOOKUP(A118,'[3]P SALE'!$A$4:$B$77,2,0),0)","v":10}]
["Aliette (Fosetyl-Al)80% Bayer 40 X 100 G.",2.9,16,12.4,6.5,{"$f":"IFERROR(VLOOKUP(A119,'[3]P SALE'!$A$4:$B$77,2,0),0)","v":12.399999999999999}]
["Antracol(Propineb)70 Wp Bayer 1kg",5,30,35,0,{"$f":"IFERROR(VLOOKUP(A120,'[3]P SALE'!$A$4:$B$77,2,0),0)","v":35}]
["Antracol(Propineb)70 Wp Bayer 20X 500 G",0,320,320,0,{"$f":"IFERROR(VLOOKUP(A121,'[3]P SALE'!$A$4:$B$77,2,0),0)","v":320}]
["Antracol(Propineb)70 Wp Bayer 40X 250 G",10,480,490,0,{"$f":"IFERROR(VLOOKUP(A122,'[3]P SALE'!$A$4:$B$77,2,0),0)","v":490}]
["Antracol(Propineb)70 Wp Bayer 50 X 100 G",0,45,44.5,0.5,{"$f":"IFERROR(VLOOKUP(A123,'[3]P SALE'!$A$4:$B$77,2,0),0)","v":44.5}]
["Atlantis Kl (Bayer) 36 % 160 G.",0,0,0,0,{"$f":"IFERROR(VLOOKUP(A124,'[3]P SALE'!$A$4:$B$77,2,0),0)","v":0}]
["Bayleton 25%(Triadimefon 25%) Bayer 100 G.",0,0,0,0,{"$f":"IFERROR(VLOOKUP(A125,'[3]P SALE'!$A$4:$B$77,2,0),0)","v":0}]
["Derosal(Carbendazim)50%Wp Bayer 100 G.",0,0,0,0,{"$f":"IFERROR(VLOOKUP(A126,'[3]P SALE'!$A$4:$B$77,2,0),0)","v":0}]
["Fitrest Sg 5 Bayer 40X 100gm",0,0,0,0,{"$f":"IFERROR(VLOOKUP(A127,'[3]P SALE'!$A$4:$B$77,2,0),0)","v":0}]
["Foost (Atrazin) Wp50 24x500gm Bayer",43.5,0,43.5,0,{"$f":"IFERROR(VLOOKUP(A128,'[3]P SALE'!$A$4:$B$77,2,0),0)","v":43.5}]
["Glamore Wg80% 50 x 10x 5 Gm- Bayer",0,2.5,1.8,0.7,{"$f":"IFERROR(VLOOKUP(A129,'[3]P SALE'!$A$4:$B$77,2,0),0)","v":1.8}]
["Jump(Fipronil)80 WG Bayer 160 X (10X2) Gram",1.508,20.8,18.132000000000001,4.1760000000000002,{"$f":"IFERROR(VLOOKUP(A130,'[3]P SALE'!$A$4:$B$77,2,0),0)","v":18.131999999999987}]
["Jump(Fipronil)80 WG Bayer 40 Gram",0,3.2,2.96,0.24,{"$f":"IFERROR(VLOOKUP(A131,'[3]P SALE'!$A$4:$B$77,2,0),0)","v":2.9600000000000009}]
["Larvin(Thiodicarb) 75% Bayer 20 x 250 G",0,65,55.25,9.75,{"$f":"IFERROR(VLOOKUP(A132,'[3]P SALE'!$A$4:$B$77,2,0),0)","v":55.25}]
["Larvin(Thiodicarb)75% Bayer 40 X 100 G",0,20,20,0,{"$f":"IFERROR(VLOOKUP(A133,'[3]P SALE'!$A$4:$B$77,2,0),0)","v":20}]
["Larvin(Thiodicarb)75% Bayer 500 G",0,32.5,32.5,0,{"$f":"IFERROR(VLOOKUP(A134,'[3]P SALE'!$A$4:$B$77,2,0),0)","v":32.5}]
["Lesenta Wg 80- 40gm Bayer",0,4,2.68,1.32,{"$f":"IFERROR(VLOOKUP(A135,'[3]P SALE'!$A$4:$B$77,2,0),0)","v":2.6800000000000006}]
["Mancozeb M-45(Bilzeb)75% Bayer 1",0,0,0,0,{"$f":"IFERROR(VLOOKUP(A136,'[3]P SALE'!$A$4:$B$77,2,0),0)","v":0}]
["Mancozeb M-45(Bilzeb)75% Bayer 250 G",0,0,0,0,{"$f":"IFERROR(VLOOKUP(A137,'[3]P SALE'!$A$4:$B$77,2,0),0)","v":0}]
["Mancozeb M-45(Bilzeb)75% Bayer 500 G",0,0,0,0,{"$f":"IFERROR(VLOOKUP(A138,'[3]P SALE'!$A$4:$B$77,2,0),0)","v":0}]
["Melody Duo (66.75%) Bayer- 400 Gm",0,0,0,0,{"$f":"IFERROR(VLOOKUP(A139,'[3]P SALE'!$A$4:$B$77,2,0),0)","v":0}]
["Melody Duo(Iprovalicarb+Propineb)66.75% Bayer 100 G",0,0,0,0,{"$f":"IFERROR(VLOOKUP(A140,'[3]P SALE'!$A$4:$B$77,2,0),0)","v":0}]
["Melody Duo(Iprovalicarb+Propineb)66.75% Bayer 500 G",0,0,0,0,{"$f":"IFERROR(VLOOKUP(A141,'[3]P SALE'!$A$4:$B$77,2,0),0)","v":0}]
["Nativo 50+25%(Tebuco+Triflox.)Bayer 100  X 50 G.",5,15,12.15,7.85,{"$f":"IFERROR(VLOOKUP(A142,'[3]P SALE'!$A$4:$B$77,2,0),0)","v":12.15}]
["Nativo 50+25%(Tebuco+Triflox.)Bayer 50 X 100 G.",3.8,35,25.9,12.9,{"$f":"IFERROR(VLOOKUP(A143,'[3]P SALE'!$A$4:$B$77,2,0),0)","v":25.900000000000009}]
["Nativo 50+25%(Tebuco+Trifloxyst.)Bayer 40  X 250G",2.25,36,29.5,8.75,{"$f":"IFERROR(VLOOKUP(A144,'[3]P SALE'!$A$4:$B$77,2,0),0)","v":29.5}]
["Nativo 50 +25(Tebuco+Trifloxyst.) Bayer-20 X 500 Gm",0,10,10,0,{"$f":"IFERROR(VLOOKUP(A145,'[3]P SALE'!$A$4:$B$77,2,0),0)","v":10}]
["Nativo 50 +25(Tebuco+Trifloxystrobin) Bayer- 1 ",0,20,20,0,{"$f":"IFERROR(VLOOKUP(A146,'[3]P SALE'!$A$4:$B$77,2,0),0)","v":0}]
["Profiler Wg 71 Bayer 20 x 250 G.",0,5,5,0,{"$f":"IFERROR(VLOOKUP(A147,'[3]P SALE'!$A$4:$B$77,2,0),0)","v":5}]
["Quintal(Ipro.+Carben.)25% Bayer 100 G",0,0,0,0,{"$f":"IFERROR(VLOOKUP(A148,'[3]P SALE'!$A$4:$B$77,2,0),0)","v":0}]
["Quintal(Ipro.+Carben.)25% Bayer 250 G",0,0,0,0,{"$f":"IFERROR(VLOOKUP(A149,'[3]P SALE'!$A$4:$B$77,2,0),0)","v":0}]
["Quintal(Ipro.+Carben.)25% Bayer 500 G",0,0,0,0,{"$f":"IFERROR(VLOOKUP(A150,'[3]P SALE'!$A$4:$B$77,2,0),0)","v":0}]
["Raxil(Tebuconazole)2% Bayer 40 G",0,0,0,0,{"$f":"IFERROR(VLOOKUP(A151,'[3]P SALE'!$A$4:$B$77,2,0),0)","v":0}]
["Regent(Fipronil)0.3% Bayer 20X 1kG",80,4760,4815,25,{"$f":"IFERROR(VLOOKUP(A152,'[3]P SALE'!$A$4:$B$77,2,0),0)","v":4815}]
["Regent(Fipronil)0.3% Bayer 4X 5 KG",90,9220,9240,70,{"$f":"IFERROR(VLOOKUP(A153,'[3]P SALE'!$A$4:$B$77,2,0),0)","v":9240}]
["Sectin(Feni.+Mancozeb)60%Bayer 20 X 600 Gm",0,12,12,0,{"$f":"IFERROR(VLOOKUP(A154,'[3]P SALE'!$A$4:$B$77,2,0),0)","v":12}]
["Sectin(Feni.+Mancozeb)60%Bayer 250 G",0,0,0,0,{"$f":"IFERROR(VLOOKUP(A155,'[3]P SALE'!$A$4:$B$77,2,0),0)","v":0}]
["Sectin(Feni.+Mancozeb)60%Bayer 50 X 100 G",2.2000000000000002,0,2.2000000000000002,0,{"$f":"IFERROR(VLOOKUP(A156,'[3]P SALE'!$A$4:$B$77,2,0),0)","v":2.2000000000000002}]
["Sencor Wp70 Bayer 100gr",0,0,0,0,{"$f":"IFERROR(VLOOKUP(A157,'[3]P SALE'!$A$4:$B$77,2,0),0)","v":0}]
["Sevin(Carbaryl)Wdp 50% Bayer 100 G.",0,0,0,0,{"$f":"IFERROR(VLOOKUP(A158,'[3]P SALE'!$A$4:$B$77,2,0),0)","v":0}]
["Sevin(Carbaryl)Wdp 50% Bayer  500 G",0,0,0,0,{"$f":"IFERROR(VLOOKUP(A159,'[3]P SALE'!$A$4:$B$77,2,0),0)","v":0}]
["TOTAL",{"$f":"SUM(B17:B159)","v":911.5859999999999},{"$f":"SUM(C17:C159)","v":21263.33},21309.414999999997,865.50100000000032,21289.415000000001]

{"sheet":"Dealer Report working","index":2,"n_rows":144,"n_cols":14,"rows_kept":144,"cut":false,"hidden":false,"merged":[]}
["Particulars","Opening Qty","Purchase Qty","Sales Qty","CLSG","Master Name",null,null,null,null,"Values"]
["Alanto Sc 240 50x100ml Bayer",0,0,0,0,"ALANTO (T) SC240 50X100ML BOT IN",null,null,null,"Row Labels","Sum of Opening Qty","Sum of Purchase Qty","Sum of Sales Qty","Sum of CLSG"]
["Ambition Bayer  10 X 1ltr",0,30,10,20,"AMBITION 10X1L BOT IN",null,null,null,"ADMIRE (T) WG70 150X30GR BOT IN",24,0,3,21]
["Ambition Bayer 20 X500ml",5.5,80,73,12.5,"AMBITION 20X500ML BOT IN",null,null,null,"ADMIRE (T) WG70 60X75GR BOT IN",0,0,0,0]
["Ambition Bayer 40 X250ml",20,20,17.75,22.25,"AMBITION 40X250ML BOT IN",null,null,null,"ADMIRE WG70 125X(8X2GR) BAG IN",1.8380000000000001,20,17.018000000000001,4.82]
["Bayfolan Algae Bayer 20x500ml",0,10,0,10,"DISCOUNTINUE PRODUCT",null,null,null,"ADUE WG70 6X100G BOT IN",0,0,0,0]
["Bayfolan Algae Bayer 40x250ml",0,10,0,10,"DISCOUNTINUE PRODUCT",null,null,null,"ALANTO (T) SC240 50X100ML BOT IN",0,0,0,0]
["Belt Expert Sc480 Bayer 100 Ml",0,0,0,0,"BELT EXPERT SC480 50X100ML BOT IN",null,null,null,"ALIETTE WP80 10X1KG BAG IN",0,0,0,0]
["BUONOS (Metal+Chloro)SC430 Bayer  40X250 ML",0,10,5,5,"BUONOS SC430 40X250ML BOT IN",null,null,null,"ALIETTE WP80 20X250GR BAG IN",1.25,25,21.25,5]
["Confidor Sl 200 100ml Bayer",0,0,0,0,"CONFIDOR (T) SL200 50X100ML BOT IN",null,null,null,"ALIETTE WP80 20X500GR BAG IN",0,10,10,0]
["Confidor Sl 200 250ml Bayer",0,0,0,0,"CONFIDOR (T) SL200 20X250ML BOT IN",null,null,null,"ALIETTE WP80 40X100GR BAG IN",2.9,16,12.4,6.5]
["Confidor Sl 200 500ml Bayer",0,0,0,0,"CONFIDOR (T) SL200 20X500ML BOT IN",null,null,null,"AMBITION 10X1L BOT IN",0,30,10,20]
["Confidor Sl 200 50ml Bayer",0,0,0,0,"CONFIDOR (T) SL200 100X50ML BOT IN",null,null,null,"AMBITION 20X500ML BOT IN",5.5,80,73,12.5]
["Decis(Deltamethrin)100  Bayer   100 Ml",0,0,0,0,"DECIS EC101-2 50X100ML BOX IN",null,null,null,"AMBITION 40X250ML BOT IN",20,20,17.75,22.25]
["Decis(Deltamethrin)100  Bayer   250 Ml",0,0,0,0,"DECIS EC101-2 40X250ML BOT IN",null,null,null,"ANTRACOL (T) WP70 10X1KG BAG IN",5,30,35,0]
["Decis(Deltamethrin)2.8% Bayer  100 Ml",0,0,0,0,"DECIS EC 28 50X100ML BOT IN",null,null,null,"ANTRACOL (T) WP70 20X500GR BAG IN",0,320,320,0]
["Decis(Deltamethrin)2.8% Bayer 10 X  1 Lt",75,0,59,16,"DECIS EC 28 10X1L BOT IN",null,null,null,"ANTRACOL (T) WP70 40X250GR BAG IN",10,480,490,0]
["Decis(Deltamethrin)2.8% Bayer  20 X 500 Ml",120.5,0,87.5,33,"DECIS EC 28 20X500ML BOT IN",null,null,null,"ANTRACOL (T) WP70 50X100GR BAG IN",0,45,44.5,0.5]
["Decis(Deltamethrin)2.8% Bayer 40 X  250 Ml",0,30,13.75,16.25,"DECIS EC 28 40X250ML BOT IN",null,null,null,"ATLANTIS KL3 6 15X160GR BOT IN",0,0,0,0]
["Decis(Deltamethrin)2.8% Bayer 5ltr",0,0,0,0,"DECIS EC24,6 2X5L BOT IN",null,null,null,"BELT EXPERT SC480 50X100ML BOT IN",0,0,0,0]
["Endosulfan Ec 35% BAYER 100 ML",0,0,0,0,"DISCOUNTINUE PRODUCT",null,null,null,"BUONOS SC430 40X250ML BOT IN",0,10,5,5]
["Endosulfan Ec 35% BAYER 1 LT",0,0,0,0,"DISCOUNTINUE PRODUCT",null,null,null,"CONFIDOR (T) SL200 100X50ML BOT IN",0,0,0,0]
["Endosulfan Ec 35% BAYER 250 ML",0,0,0,0,"DISCOUNTINUE PRODUCT",null,null,null,"CONFIDOR (T) SL200 20X250ML BOT IN",0,0,0,0]
["Endosulfan Ec 35% BAYER 500 ML",0,0,0,0,"DISCOUNTINUE PRODUCT",null,null,null,"CONFIDOR (T) SL200 20X500ML BOT IN",0,0,0,0]
["Evergol Xtend Fs308 Bayer 100x40ml",2.84,48,50.84,0,"EVERGOL XTEND FS308 100X40ML BOT IN",null,null,null,"CONFIDOR (T) SL200 50X100ML BOT IN",0,0,0,0]
["Evergol Xtend Fs308 Bayer 50 X100ml",7,0,7,0,"EVERGOL XTEND FS308 50X100ML BOT IN",null,null,null,"CONFIDOR SUPER (T) SC350 20X250ML BOT IN",0,0,0,0]
["Fame(Flubendiamide)480 Sc Bayer 10 X  (20 X 10)  Ml",1.3,4,1.86,3.44,"FAME (T) SC480 10X(20X10ML) BOT IN",null,null,null,"CONFIDOR SUPER (T) SC350 50X100ML BOT IN",0,0,0,0]
["Fame(Flubendiamide)480 Sc Bayer 20 X 100 Ml",2.4,8,7,3.4,"FAME (T) SC480 20X100ML BOT IN",null,null,null,"CONFIDOR SUPER (T) SC350 50X50ML BOT IN",0,0,0,0]
["Fame(Flubendiamide)480 Sc Bayer 4 X 500 Ml",0,0,0,0,"FAME (T) SC480 4X500ML BOT IN",null,null,null,"DECIS EC 28 10X1L BOT IN",75,0,59,16]
["Fame(Flubendiamide)480 Sc Bayer 50 Ml",0,0,0,0,"FAME (T) SC480 40X50ML BOT IN",null,null,null,"DECIS EC 28 20X500ML BOT IN",120.5,0,87.5,33]
["Fame(Flubendiamide)480 Sc Bayer 50 Ml NEW",0,12,9.9499999999999993,2.0499999999999998,"FAME (T) SC480 40X50ML BOT IN",null,null,null,"DECIS EC 28 40X250ML BOT IN",0,30,13.75,16.25]
["Fame(Flubendiamide)480 Sc Bayer 8 X 250 Ml",6.75,12,10.75,8,"FAME (T) SC480 8X250ML BOT IN",null,null,null,"DECIS EC 28 50X100ML BOT IN",0,0,0,0]
["Fenos Quick Sc150 Bayer 50x100ml",0,5,3.4,1.6,"FENOS QUICK SC150 50X100ML BOT IN",null,null,null,"DECIS EC101-2 40X250ML BOT IN",0,0,0,0]
["Folicur(Tebuconazol) 250ec Bayer- 10 X 1 Ltr",0,10,10,0,"FOLICUR (T) EC250 10X1L BOT IN",null,null,null,"DECIS EC101-2 50X100ML BOX IN",0,0,0,0]
["Folicur(Tebuconazole)250ec Bayer 20 X 500 Ml",0,10,10,0,"FOLICUR (T) EC250 20X500ML BOT IN",null,null,null,"DECIS EC24,6 2X5L BOT IN",0,0,0,0]
["Folicur(Tebuconazole)250ec Bayer  40 X 250 Ml",7.25,30,28.75,8.5,"FOLICUR (T) EC250 40X250ML BOT IN",null,null,null,"DISCOUNTINUE PRODUCT",12.55,208,176.9,43.650000000000006]
["Folicur(Tebuconazole)250ec Bayer 50 X 100 Ml",4.5,15,19,0.5,"FOLICUR (T) EC250 50X100ML BOT IN",null,null,null,"EVERGOL XTEND FS308 100X40ML BOT IN",2.84,48,50.84,0]
["Gaucho(Imidaclorpid)48% Bayer 100X 50 Ml",19.100000000000001,150,140.44999999999999,28.65,"GAUCHO FS600 100X50ML BOT IN",null,null,null,"EVERGOL XTEND FS308 50X100ML BOT IN",7,0,7,0]
["Gaucho(Imidaclorpid)48% Bayer 10X 1 Lt",63,330,325,68,"GAUCHO FS600 2X(5X1L) BOT IN",null,null,null,"FAME (T) SC480 10X(20X10ML) BOT IN",1.3,4,1.86,3.44]
["Gaucho(Imidaclorpid)48% Bayer  2 X 5 Lt",0,20,20,0,"GAUCHO FS600 2X5L BOT IN",null,null,null,"FAME (T) SC480 20X100ML BOT IN",2.4,8,7,3.4]
["Gaucho(Imidaclorpid)48% Bayer40X 250 Ml",58.5,1600,1639,19.5,"GAUCHO FS600 40X250ML BOT IN",null,null,null,"FAME (T) SC480 40X50ML BOT IN",0,12,9.9499999999999993,2.0499999999999998]
["Gaucho(Imidaclorpid)48% Bayer 50X100 Ml",69.099999999999994,860,739.3,189.8,"GAUCHO FS600 50X100ML BOT IN",null,null,null,"FAME (T) SC480 4X500ML BOT IN",0,0,0,0]
["Hostathion(Triazophos)40% Bayer 100 Ml",0,0,0,0,"DISCOUNTINUE PRODUCT",null,null,null,"FAME (T) SC480 8X250ML BOT IN",6.75,12,10.75,8]
["Hostathion(Triazophos)40% Bayer 1 Lt",0,0,0,0,"DISCOUNTINUE PRODUCT",null,null,null,"FENOS QUICK SC150 50X100ML BOT IN",0,5,3.4,1.6]
["Hostathion(Triazophos)40% Bayer 250 Ml",0,0,0,0,"DISCOUNTINUE PRODUCT",null,null,null,"FITREST SG5 40X100GR BOT IN",0,0,0,0]
["Hostathion(Triazophos)40% Bayer 500 Ml",0,0,0,0,"DISCOUNTINUE PRODUCT",null,null,null,"FOLICUR (T) EC250 10X1L BOT IN",0,10,10,0]
["Imidaclorpid 17.8% Bayer 100 X 50 Ml",12.55,15,18.2,9.35,"DISCOUNTINUE PRODUCT",null,null,null,"FOLICUR (T) EC250 20X500ML BOT IN",0,10,10,0]
["Imidaclorpid 17.8% Bayer 1 Lt",0,0,0,0,"DISCOUNTINUE PRODUCT",null,null,null,"FOLICUR (T) EC250 40X250ML BOT IN",7.25,30,28.75,8.5]
["Imidaclorpid 17.8% Bayer 20 X 250 Ml",0,25,24,1,"DISCOUNTINUE PRODUCT",null,null,null,"FOLICUR (T) EC250 50X100ML BOT IN",4.5,15,19,0.5]
["Imidaclorpid 17.8% Bayer 20 X 500 Ml",0,8,8,0,"DISCOUNTINUE PRODUCT",null,null,null,"FOOST WP50 24X500G BAG IN",43.5,0,43.5,0]
["Imidaclorpid 17.8% Bayer 50 X 100 Ml",0,140,126.7,13.3,"DISCOUNTINUE PRODUCT",null,null,null,"GAUCHO FS600 100X50ML BOT IN",19.100000000000001,150,140.44999999999999,28.65]
["IMIDA(Confidor Super)350 BAYER 100 Ml",0,0,0,0,"CONFIDOR SUPER (T) SC350 50X100ML BOT IN",null,null,null,"GAUCHO FS600 2X(5X1L) BOT IN",63,330,325,68]
["IMIDA(Confidor Super)350 BAYER 250 Ml",0,0,0,0,"CONFIDOR SUPER (T) SC350 20X250ML BOT IN",null,null,null,"GAUCHO FS600 2X5L BOT IN",0,20,20,0]
["IMIDA(Confidor Super)350 BAYER 50  Ml",0,0,0,0,"CONFIDOR SUPER (T) SC350 50X50ML BOT IN",null,null,null,"GAUCHO FS600 40X250ML BOT IN",58.5,1600,1639,19.5]
["IMIDA(Confidor Super)SL200 BAYER 50  Ml",0,0,0,0,"CONFIDOR SUPER (T) SC350 50X50ML BOT IN",null,null,null,"GAUCHO FS600 50X100ML BOT IN",69.099999999999994,860,739.3,189.8]
["IMIDA(Confidor Super)SL200 BAYER 50X 100 ML",0,0,0,0,"CONFIDOR SUPER (T) SC350 50X100ML BOT IN",null,null,null,"GLAMORE WG80 50X(10X5GR) BAG IN",0,2.5,1.8,0.7]
["INFINITO (Protectant & Cur) SC687 5  Bayer 50X100ML",0,10,4.2,5.8,"INFINITO SC687 5 50X100ML BOT IN",null,null,null,"INFINITO SC687 5 50X100ML BOT IN",0,10,4.2,5.8]
["LAUDIS 34.4%BOTIN BAYER 10X 57.5ML",0,0,0,0,"LAUDIS SC630 10X57.5ML BOT IN",null,null,null,"JUMP WG80 160X(10X2GR) BAG IN",1.508,20.8,18.132000000000001,4.1760000000000002]
["LUDIS SC630 BAYER 10X57.5 ML",0,11.5,8.625,2.875,"LAUDIS SC630 10X57.5ML BOT IN",null,null,null,"JUMP WG80 80X40GR BAG IN",0,3.2,2.96,0.24]
["LUDIS SC630 BAYER 3 X 230ML",0,0,0,0,"LAUDIS SC630 3X230ML BOT IN",null,null,null,"LARVIN (T) WP75 20X250GR BAG IN",0,65,55.25,9.75]
["LUDIS SC630 BAYER 8X115ML",0,3.68,2.2999999999999998,1.38,"LAUDIS SC630 8X115ML BOT IN",null,null,null,"LARVIN (T) WP75 20X500GR BAG IN",0,32.5,32.5,0]
["Luna Experience Sc400 Bayer 40x250ml",0,40,18.5,21.5,"LUNA EXPERIENCE SC400 40X250ML BOT IN",null,null,null,"LARVIN (T) WP75 40X100GR BAG IN",0,20,20,0]
["Luna Experience Sc400 Bayer 50x100ml",0,45,36.6,8.4,"LUNA EXPERIENCE SC400 50X100ML BOT IN",null,null,null,"LAUDIS SC630 10X57.5ML BOT IN",0,11.5,8.625,2.875]
["MOVENTO ENERGY BAYER 40 X 250ML",2.5,0,2.5,0,"MOVENTO ENERGY SC240 40X250ML BOT IN",null,null,null,"LAUDIS SC630 3X230ML BOT IN",0,0,0,0]
["MOVENTO ENERGY BAYER 50 X 100ML",8.6999999999999993,0,8.6999999999999993,0,"MOVENTO ENERGY SC240 50X100ML BOT IN",null,null,null,"LAUDIS SC630 8X115ML BOT IN",0,3.68,2.2999999999999998,1.38]
["Oberon(Spiromesiften)Sc 240 Bayer 40 X 200 Ml",0,152,150.19999999999999,1.8,"OBERON (T) SC240 40X200ML BOT IN",null,null,null,"LESENTA WG80 100X40GR BAG IN",0,4,2.68,1.32]
["Oberon(Spiromesiften)Sc 240 Bayer 50 Ml",0,0,0,0,"OBERON (T) SC240 100X50ML BOT IN",null,null,null,"LUNA EXPERIENCE SC400 40X250ML BOT IN",0,40,18.5,21.5]
["Oberon(Spiromesiften)Sc 240 Bayer 50 x 100 Ml",0.2,139.9,131.4,8.6999999999999993,"OBERON (T) SC240 50X100ML BOT IN",null,null,null,"LUNA EXPERIENCE SC400 50X100ML BOT IN",0,45,36.6,8.4]
["Planofix 4.5%Ana.Bayer 50 X 100 Ml",3.4,125,95.7,32.700000000000003,"PLANOFIX SL4 5 50X100ML BOT IN",null,null,null,"MELODY DUO WP66 8 10X400GR BAG IN",0,0,0,0]
["Raft(Oxadiargyl)Ec 6% Bayer 1 Lt.",0,0,0,0,"RAFT EC60 10X1L BOT IN",null,null,null,"MELODY DUO WP66 8 50X100GR BAG IN",0,0,0,0]
["Raft(Oxadiargyl)Ec 6% Bayer 40 X 250 Ml",0,0,0,0,"RAFT EC60 40X250ML BOT IN",null,null,null,"MOVENTO ENERGY SC240 40X250ML BOT IN",2.5,0,2.5,0]
["Raft(Oxadiargyl)Ec 6% Bayer 500 Ml",0,0,0,0,"RAFT EC60 20X500ML BOT IN",null,null,null,"MOVENTO ENERGY SC240 50X100ML BOT IN",8.6999999999999993,0,8.6999999999999993,0]
["Raxil(Tebuconazole)2% Bayer 50 Ml",0,0,0,0,"RAXIL EASY FS60 100X50ML BOT IN",null,null,null,"NATIVO WG75 100X50GR BAG IN",5,15,12.15,7.85]
["Regent(Fipronil)5% BAYER 20 X 250 Ml",0,745,695.75,49.25,"REGENT (T) SC50 20X250ML BOT IN",null,null,null,"NATIVO WG75 10X1KG BAG IN",0,20,20,0]
["Regent(Fipronil)5% BAYER 20 X 500 Ml",14.5,550,564.5,0,"REGENT (T) SC50 20X500ML BOT IN",null,null,null,"NATIVO WG75 20X500GR BAG IN",0,10,10,0]
["Regent(Fipronil)5% BAYER  50 X 100 Ml",52,250,292.39999999999998,9.6,"REGENT (T) SC50 50X100ML BOT IN",null,null,null,"NATIVO WG75 40X250GR BAG IN",2.25,36,29.5,8.75]
["Regent(Flpronil) 5% Bayer - 10 X 1Ltr",60,180,227,13,"REGENT (T) SC50 10X1L BOT IN",null,null,null,"NATIVO WG75 50X100GR BAG IN",3.8,35,25.9,12.9]
["Sivanto Prime Sl 200 Bayer 100ml",5,-5,0,0,"SIVANTO PRIME SL200 50X100ML BOT IN",null,null,null,"OBERON (T) SC240 100X50ML BOT IN",0,0,0,0]
["Solitude (Imiza) 1ltr - Bayer",0,0,0,0,"DISCOUNTINUE PRODUCT",null,null,null,"OBERON (T) SC240 40X200ML BOT IN",0,152,150.19999999999999,1.8]
["Solomon -20X 500 Ml Bayer",0,30,30,0,"SOLOMON OD300 20X500ML BOT IN",null,null,null,"OBERON (T) SC240 50X100ML BOT IN",0.2,139.9,131.4,8.6999999999999993]
["Solomon - 40 X 250 Ml Bayer",2.25,130,112.75,19.5,"SOLOMON OD300 40X250ML BOT IN",null,null,null,"PLANOFIX SL4 5 50X100ML BOT IN",3.4,125,95.7,32.700000000000003]
["Solomon (Betacyful 8.49%+Imida 19.81% 10X 1lt Bayer",0,20,20,0,"SOLOMON OD300 10X1L BOT IN",null,null,null,"PROFILER WG71 11 20X250GR BAG IN",0,5,5,0]
["SolomonOD300 Bayer 50 X 100 Ml",0,95,91.1,3.9,"SOLOMON OD300 50X100ML BOT IN",null,null,null,"RAFT EC60 10X1L BOT IN",0,0,0,0]
["Spark(Delta.+Triazophos)35% Bayer 100 Ml",0,0,0,0,"DISCOUNTINUE PRODUCT",null,null,null,"RAFT EC60 20X500ML BOT IN",0,0,0,0]
["Spark(Delta.+Triazophos)35% Bayer 250 Ml",0,0,0,0,"DISCOUNTINUE PRODUCT",null,null,null,"RAFT EC60 40X250ML BOT IN",0,0,0,0]
["Spark(Delta.+Triazophos)35% Bayer 500 Ml",0,0,0,0,"DISCOUNTINUE PRODUCT",null,null,null,"RAXIL (T) DS2 5X(25X40GR) BAG IN",0,0,0,0]
["SPINTOR SC 495 BAYER 20X75ML",0,0,0,0,"SPINTOR SC495 20X75ML BOT IN",null,null,null,"RAXIL EASY FS60 100X50ML BOT IN",0,0,0,0]
["VELUM PRIME (FLUOPYRAM 34.48%)SC 400 BAYER 20X500ML",6,17,16.5,6.5,"VELUM PRIME SC400 20X500ML BOT IN",null,null,null,"REGENT (T) SC50 10X1L BOT IN",60,180,227,13]
["VELUM PRIME (FLUOPYRAM 34.48%)SC 400 BAYER 40X250ML",8.5,25.25,33.75,0,"VELUM PRIME SC400 40X250ML BOT IN",null,null,null,"REGENT (T) SC50 20X250ML BOT IN",0,745,695.75,49.25]
["Whipsuper(Fenoxaprop P Et.)9.3% Bayer 100 Ml",0,0,0,0,"WHIPSUPER (T) EC90 50X100ML BOT IN",null,null,null,"REGENT (T) SC50 20X500ML BOT IN",14.5,550,564.5,0]
["Whipsuper(Fenoxaprop P Et.)9.3% Bayer 1 Lt",0,0,0,0,"WHIPSUPER (T) EC90 10X1L BOT IN",null,null,null,"REGENT (T) SC50 50X100ML BOT IN",52,250,292.39999999999998,9.6]
["Whipsuper(Fenoxaprop P Et.)9.3% Bayer 40 X 250 Ml",0,0,0,0,"WHIPSUPER (T) EC90 40X250ML BOT IN",null,null,null,"REGENT GR0 3 20X1KG BAG IN",80,4760,4815,25]
["Whipsuper(Fenoxaprop P Et.)9.3% Bayer 500 Ml",0,0,0,0,"WHIPSUPER (T) EC90 20X500ML BOT IN",null,null,null,"REGENT GR0 3 4X5KG BAG IN",90,9220,9240,70]
["Acephate(Tamaron Gold)75% Bayer 1 .",0,0,0,0,"DISCOUNTINUE PRODUCT",null,null,null,"SECTIN WG60 20X600GR BAG IN",0,12,12,0]
["Acephate(Tamaron Gold)75% Bayer 250 G.",0,0,0,0,"DISCOUNTINUE PRODUCT",null,null,null,"SECTIN WG60 50X100GR BAG IN",2.2000000000000002,0,2.2000000000000002,0]
["Acephate(Tamaron Gold)75% Bayer 500 G.",0,0,0,0,"DISCOUNTINUE PRODUCT",null,null,null,"SENCOR WP70 60X100GR BAG IN",0,0,0,0]
["Admire(Imida)70% Bayer 125X(8X2) GM",1.8380000000000001,20,17.018000000000001,4.82,"ADMIRE WG70 125X(8X2GR) BAG IN",null,null,null,"SIVANTO PRIME SL200 50X100ML BOT IN",5,-5,0,0]
["Admire(Imida)70% Bayer 30 Gram",24,0,3,21,"ADMIRE (T) WG70 150X30GR BOT IN",null,null,null,"SOLOMON OD300 10X1L BOT IN",0,20,20,0]
["Admire(Imida)70% Bayer 75 Gram",0,0,0,0,"ADMIRE (T) WG70 60X75GR BOT IN",null,null,null,"SOLOMON OD300 20X500ML BOT IN",0,30,30,0]
["Adue Wg70  Bayer 100 G.",0,0,0,0,"ADUE WG70 6X100G BOT IN",null,null,null,"SOLOMON OD300 40X250ML BOT IN",2.25,130,112.75,19.5]
["Aliette (Fosetyl-Al)80% Bayer 10 X 1",0,0,0,0,"ALIETTE WP80 10X1KG BAG IN",null,null,null,"SOLOMON OD300 50X100ML BOT IN",0,95,91.1,3.9]
["Aliette (Fosetyl-Al)80% Bayer 20 X 250 G.",1.25,25,21.25,5,"ALIETTE WP80 20X250GR BAG IN",null,null,null,"SPINTOR SC495 20X75ML BOT IN",0,0,0,0]
["Aliette (Fosetyl-Al)80% Bayer 20 X 500  GM",0,10,10,0,"ALIETTE WP80 20X500GR BAG IN",null,null,null,"VELUM PRIME SC400 20X500ML BOT IN",6,17,16.5,6.5]
["Aliette (Fosetyl-Al)80% Bayer 40 X 100 G.",2.9,16,12.4,6.5,"ALIETTE WP80 40X100GR BAG IN",null,null,null,"VELUM PRIME SC400 40X250ML BOT IN",8.5,25.25,33.75,0]
["Antracol(Propineb)70 Wp Bayer 1kg",5,30,35,0,"ANTRACOL (T) WP70 10X1KG BAG IN",null,null,null,"WHIPSUPER (T) EC90 10X1L BOT IN",0,0,0,0]
["Antracol(Propineb)70 Wp Bayer 20X 500 G",0,320,320,0,"ANTRACOL (T) WP70 20X500GR BAG IN",null,null,null,"WHIPSUPER (T) EC90 20X500ML BOT IN",0,0,0,0]
["Antracol(Propineb)70 Wp Bayer 40X 250 G",10,480,490,0,"ANTRACOL (T) WP70 40X250GR BAG IN",null,null,null,"WHIPSUPER (T) EC90 40X250ML BOT IN",0,0,0,0]
["Antracol(Propineb)70 Wp Bayer 50 X 100 G",0,45,44.5,0.5,"ANTRACOL (T) WP70 50X100GR BAG IN",null,null,null,"WHIPSUPER (T) EC90 50X100ML BOT IN",0,0,0,0]
["Atlantis Kl (Bayer) 36 % 160 G.",0,0,0,0,"ATLANTIS KL3 6 15X160GR BOT IN",null,null,null,"Grand Total",911.58600000000013,21263.33,21309.414999999997,865.5010000000002]
["Bayleton 25%(Triadimefon 25%) Bayer 100 G.",0,0,0,0,"DISCOUNTINUE PRODUCT"]
["Derosal(Carbendazim)50%Wp Bayer 100 G.",0,0,0,0,"DISCOUNTINUE PRODUCT"]
["Fitrest Sg 5 Bayer 40X 100gm",0,0,0,0,"FITREST SG5 40X100GR BOT IN"]
["Foost (Atrazin) Wp50 24x500gm Bayer",43.5,0,43.5,0,"FOOST WP50 24X500G BAG IN"]
["Glamore Wg80% 50 x 10x 5 Gm- Bayer",0,2.5,1.8,0.7,"GLAMORE WG80 50X(10X5GR) BAG IN"]
["Jump(Fipronil)80 WG Bayer 160 X (10X2) Gram",1.508,20.8,18.132000000000001,4.1760000000000002,"JUMP WG80 160X(10X2GR) BAG IN"]
["Jump(Fipronil)80 WG Bayer 40 Gram",0,3.2,2.96,0.24,"JUMP WG80 80X40GR BAG IN"]
["Larvin(Thiodicarb) 75% Bayer 20 x 250 G",0,65,55.25,9.75,"LARVIN (T) WP75 20X250GR BAG IN"]
["Larvin(Thiodicarb)75% Bayer 40 X 100 G",0,20,20,0,"LARVIN (T) WP75 40X100GR BAG IN"]
["Larvin(Thiodicarb)75% Bayer 500 G",0,32.5,32.5,0,"LARVIN (T) WP75 20X500GR BAG IN"]
["Lesenta Wg 80- 40gm Bayer",0,4,2.68,1.32,"LESENTA WG80 100X40GR BAG IN"]
["Mancozeb M-45(Bilzeb)75% Bayer 1",0,0,0,0,"DISCOUNTINUE PRODUCT"]
["Mancozeb M-45(Bilzeb)75% Bayer 250 G",0,0,0,0,"DISCOUNTINUE PRODUCT"]
["Mancozeb M-45(Bilzeb)75% Bayer 500 G",0,0,0,0,"DISCOUNTINUE PRODUCT"]
["Melody Duo (66.75%) Bayer- 400 Gm",0,0,0,0,"MELODY DUO WP66 8 10X400GR BAG IN"]
["Melody Duo(Iprovalicarb+Propineb)66.75% Bayer 100 G",0,0,0,0,"MELODY DUO WP66 8 50X100GR BAG IN"]
["Melody Duo(Iprovalicarb+Propineb)66.75% Bayer 500 G",0,0,0,0,"DISCOUNTINUE PRODUCT"]
["Nativo 50+25%(Tebuco+Triflox.)Bayer 100  X 50 G.",5,15,12.15,7.85,"NATIVO WG75 100X50GR BAG IN"]
["Nativo 50+25%(Tebuco+Triflox.)Bayer 50 X 100 G.",3.8,35,25.9,12.9,"NATIVO WG75 50X100GR BAG IN"]
["Nativo 50+25%(Tebuco+Trifloxyst.)Bayer 40  X 250G",2.25,36,29.5,8.75,"NATIVO WG75 40X250GR BAG IN"]
["Nativo 50 +25(Tebuco+Trifloxyst.) Bayer-20 X 500 Gm",0,10,10,0,"NATIVO WG75 20X500GR BAG IN"]
["Nativo 50 +25(Tebuco+Trifloxystrobin) Bayer- 1 ",0,20,20,0,"NATIVO WG75 10X1KG BAG IN"]
["Profiler Wg 71 Bayer 20 x 250 G.",0,5,5,0,"PROFILER WG71 11 20X250GR BAG IN"]
["Quintal(Ipro.+Carben.)25% Bayer 100 G",0,0,0,0,"DISCOUNTINUE PRODUCT"]
["Quintal(Ipro.+Carben.)25% Bayer 250 G",0,0,0,0,"DISCOUNTINUE PRODUCT"]
["Quintal(Ipro.+Carben.)25% Bayer 500 G",0,0,0,0,"DISCOUNTINUE PRODUCT"]
["Raxil(Tebuconazole)2% Bayer 40 G",0,0,0,0,"RAXIL (T) DS2 5X(25X40GR) BAG IN"]
["Regent(Fipronil)0.3% Bayer 20X 1kG",80,4760,4815,25,"REGENT GR0 3 20X1KG BAG IN"]
["Regent(Fipronil)0.3% Bayer 4X 5 KG",90,9220,9240,70,"REGENT GR0 3 4X5KG BAG IN"]
["Sectin(Feni.+Mancozeb)60%Bayer 20 X 600 Gm",0,12,12,0,"SECTIN WG60 20X600GR BAG IN"]
["Sectin(Feni.+Mancozeb)60%Bayer 250 G",0,0,0,0,"DISCOUNTINUE PRODUCT"]
["Sectin(Feni.+Mancozeb)60%Bayer 50 X 100 G",2.2000000000000002,0,2.2000000000000002,0,"SECTIN WG60 50X100GR BAG IN"]
["Sencor Wp70 Bayer 100gr",0,0,0,0,"SENCOR WP70 60X100GR BAG IN"]
["Sevin(Carbaryl)Wdp 50% Bayer 100 G.",0,0,0,0,"DISCOUNTINUE PRODUCT"]
["Sevin(Carbaryl)Wdp 50% Bayer  500 G",0,0,0,0,"DISCOUNTINUE PRODUCT"]

{"sheet":"Master","index":3,"n_rows":149,"n_cols":2,"rows_kept":149,"cut":false,"hidden":false,"merged":[]}
["Item Details","Master Name"]
["Alanto Sc 240 50x100ml Bayer","ALANTO (T) SC240 50X100ML BOT IN"]
["Ambition Bayer  10 X 1ltr","AMBITION 10X1L BOT IN"]
["Ambition Bayer 20 X500ml","AMBITION 20X500ML BOT IN"]
["Ambition Bayer 40 X250ml","AMBITION 40X250ML BOT IN"]
["Bayfolan Algae Bayer 20x500ml","DISCOUNTINUE PRODUCT"]
["Bayfolan Algae Bayer 40x250ml","DISCOUNTINUE PRODUCT"]
["Belt Expert Sc480 Bayer 100 Ml","BELT EXPERT SC480 50X100ML BOT IN"]
["BUONOS (Metal+Chloro)SC430 Bayer  40X250 ML","BUONOS SC430 40X250ML BOT IN"]
["Confidor Sl 200 100ml Bayer","CONFIDOR (T) SL200 50X100ML BOT IN"]
["Confidor Sl 200 250ml Bayer","CONFIDOR (T) SL200 20X250ML BOT IN"]
["Confidor Sl 200 500ml Bayer","CONFIDOR (T) SL200 20X500ML BOT IN"]
["Confidor Sl 200 50ml Bayer","CONFIDOR (T) SL200 100X50ML BOT IN"]
["Decis(Deltamethrin)100  Bayer   100 Ml","DECIS EC101-2 50X100ML BOX IN"]
["Decis(Deltamethrin)100  Bayer   250 Ml","DECIS EC101-2 40X250ML BOT IN"]
["Decis(Deltamethrin)2.8% Bayer  100 Ml","DECIS EC 28 50X100ML BOT IN"]
["Decis(Deltamethrin)2.8% Bayer 10 X  1 Lt","DECIS EC 28 10X1L BOT IN"]
["Decis(Deltamethrin)2.8% Bayer  20 X 500 Ml","DECIS EC 28 20X500ML BOT IN"]
["Decis(Deltamethrin)2.8% Bayer 40 X  250 Ml","DECIS EC 28 40X250ML BOT IN"]
["Decis(Deltamethrin)2.8% Bayer 5ltr","DECIS EC24,6 2X5L BOT IN"]
["Endosulfan Ec 35% BAYER 100 ML","DISCOUNTINUE PRODUCT"]
["Endosulfan Ec 35% BAYER 1 LT","DISCOUNTINUE PRODUCT"]
["Endosulfan Ec 35% BAYER 250 ML","DISCOUNTINUE PRODUCT"]
["Endosulfan Ec 35% BAYER 500 ML","DISCOUNTINUE PRODUCT"]
["Evergol Xtend Fs308 Bayer 100x40ml","EVERGOL XTEND FS308 100X40ML BOT IN"]
["Evergol Xtend Fs308 Bayer 50 X100ml","EVERGOL XTEND FS308 50X100ML BOT IN"]
["Fame(Flubendiamide)480 Sc Bayer 10 X  (20 X 10)  Ml","FAME (T) SC480 10X(20X10ML) BOT IN"]
["Fame(Flubendiamide)480 Sc Bayer 20 X 100 Ml","FAME (T) SC480 20X100ML BOT IN"]
["Fame(Flubendiamide)480 Sc Bayer 4 X 500 Ml","FAME (T) SC480 4X500ML BOT IN"]
["Fame(Flubendiamide)480 Sc Bayer 50 Ml","FAME (T) SC480 40X50ML BOT IN"]
["Fame(Flubendiamide)480 Sc Bayer 50 Ml NEW","FAME (T) SC480 40X50ML BOT IN"]
["Fame(Flubendiamide)480 Sc Bayer 8 X 250 Ml","FAME (T) SC480 8X250ML BOT IN"]
["Fenos Quick Sc150 Bayer 50x100ml","FENOS QUICK SC150 50X100ML BOT IN"]
["Folicur(Tebuconazol) 250ec Bayer- 10 X 1 Ltr","FOLICUR (T) EC250 10X1L BOT IN"]
["Folicur(Tebuconazole)250ec Bayer 20 X 500 Ml","FOLICUR (T) EC250 20X500ML BOT IN"]
["Folicur(Tebuconazole)250ec Bayer  40 X 250 Ml","FOLICUR (T) EC250 40X250ML BOT IN"]
["Folicur(Tebuconazole)250ec Bayer 50 X 100 Ml","FOLICUR (T) EC250 50X100ML BOT IN"]
["Gaucho(Imidaclorpid)48% Bayer 100X 50 Ml","GAUCHO FS600 100X50ML BOT IN"]
["Gaucho(Imidaclorpid)48% Bayer 10X 1 Lt","GAUCHO FS600 2X(5X1L) BOT IN"]
["Gaucho(Imidaclorpid)48% Bayer  2 X 5 Lt","GAUCHO FS600 2X5L BOT IN"]
["Gaucho(Imidaclorpid)48% Bayer40X 250 Ml","GAUCHO FS600 40X250ML BOT IN"]
["Gaucho(Imidaclorpid)48% Bayer 50X100 Ml","GAUCHO FS600 50X100ML BOT IN"]
["Hostathion(Triazophos)40% Bayer 100 Ml","DISCOUNTINUE PRODUCT"]
["Hostathion(Triazophos)40% Bayer 1 Lt","DISCOUNTINUE PRODUCT"]
["Hostathion(Triazophos)40% Bayer 250 Ml","DISCOUNTINUE PRODUCT"]
["Hostathion(Triazophos)40% Bayer 500 Ml","DISCOUNTINUE PRODUCT"]
["Imidaclorpid 17.8% Bayer 100 X 50 Ml","DISCOUNTINUE PRODUCT"]
["Imidaclorpid 17.8% Bayer 1 Lt","DISCOUNTINUE PRODUCT"]
["Imidaclorpid 17.8% Bayer 20 X 250 Ml","DISCOUNTINUE PRODUCT"]
["Imidaclorpid 17.8% Bayer 20 X 500 Ml","DISCOUNTINUE PRODUCT"]
["Imidaclorpid 17.8% Bayer 50 X 100 Ml","DISCOUNTINUE PRODUCT"]
["IMIDA(Confidor Super)350 BAYER 100 Ml","CONFIDOR SUPER (T) SC350 50X100ML BOT IN"]
["IMIDA(Confidor Super)350 BAYER 250 Ml","CONFIDOR SUPER (T) SC350 20X250ML BOT IN"]
["IMIDA(Confidor Super)350 BAYER 50  Ml","CONFIDOR SUPER (T) SC350 50X50ML BOT IN"]
["IMIDA(Confidor Super)SL200 BAYER 50  Ml","CONFIDOR SUPER (T) SC350 50X50ML BOT IN"]
["IMIDA(Confidor Super)SL200 BAYER 50X 100 ML","CONFIDOR SUPER (T) SC350 50X100ML BOT IN"]
["INFINITO (Protectant & Cur) SC687 5  Bayer 50X100ML","INFINITO SC687 5 50X100ML BOT IN"]
["LAUDIS 34.4%BOTIN BAYER 10X 57.5ML","LAUDIS SC630 10X57.5ML BOT IN"]
["LUDIS SC630 BAYER 10X57.5 ML","LAUDIS SC630 10X57.5ML BOT IN"]
["LUDIS SC630 BAYER 3 X 230ML","LAUDIS SC630 3X230ML BOT IN"]
["LUDIS SC630 BAYER 8X115ML","LAUDIS SC630 8X115ML BOT IN"]
["Luna Experience Sc400 Bayer 40x250ml","LUNA EXPERIENCE SC400 40X250ML BOT IN"]
["Luna Experience Sc400 Bayer 50x100ml","LUNA EXPERIENCE SC400 50X100ML BOT IN"]
["MOVENTO ENERGY BAYER 40 X 250ML","MOVENTO ENERGY SC240 40X250ML BOT IN"]
["MOVENTO ENERGY BAYER 50 X 100ML","MOVENTO ENERGY SC240 50X100ML BOT IN"]
["Oberon(Spiromesiften)Sc 240 Bayer 40 X 200 Ml","OBERON (T) SC240 40X200ML BOT IN"]
["Oberon(Spiromesiften)Sc 240 Bayer 50 Ml","OBERON (T) SC240 100X50ML BOT IN"]
["Oberon(Spiromesiften)Sc 240 Bayer 50 x 100 Ml","OBERON (T) SC240 50X100ML BOT IN"]
["Planofix 4.5%Ana.Bayer 50 X 100 Ml","PLANOFIX SL4 5 50X100ML BOT IN"]
["Raft(Oxadiargyl)Ec 6% Bayer 1 Lt.","RAFT EC60 10X1L BOT IN"]
["Raft(Oxadiargyl)Ec 6% Bayer 40 X 250 Ml","RAFT EC60 40X250ML BOT IN"]
["Raft(Oxadiargyl)Ec 6% Bayer 500 Ml","RAFT EC60 20X500ML BOT IN"]
["Raxil(Tebuconazole)2% Bayer 50 Ml","RAXIL EASY FS60 100X50ML BOT IN"]
["Regent(Fipronil)5% BAYER 20 X 250 Ml","REGENT (T) SC50 20X250ML BOT IN"]
["Regent(Fipronil)5% BAYER 20 X 500 Ml","REGENT (T) SC50 20X500ML BOT IN"]
["Regent(Fipronil)5% BAYER  50 X 100 Ml","REGENT (T) SC50 50X100ML BOT IN"]
["Regent(Flpronil) 5% Bayer - 10 X 1Ltr","REGENT (T) SC50 10X1L BOT IN"]
["Sivanto Prime Sl 200 Bayer 100ml","SIVANTO PRIME SL200 50X100ML BOT IN"]
["Solitude (Imiza) 1ltr - Bayer","DISCOUNTINUE PRODUCT"]
["Solomon -20X 500 Ml Bayer","SOLOMON OD300 20X500ML BOT IN"]
["Solomon - 40 X 250 Ml Bayer","SOLOMON OD300 40X250ML BOT IN"]
["Solomon (Betacyful 8.49%+Imida 19.81% 10X 1lt Bayer","SOLOMON OD300 10X1L BOT IN"]
["SolomonOD300 Bayer 50 X 100 Ml","SOLOMON OD300 50X100ML BOT IN"]
["Spark(Delta.+Triazophos)35% Bayer 100 Ml","DISCOUNTINUE PRODUCT"]
["Spark(Delta.+Triazophos)35% Bayer 250 Ml","DISCOUNTINUE PRODUCT"]
["Spark(Delta.+Triazophos)35% Bayer 500 Ml","DISCOUNTINUE PRODUCT"]
["SPINTOR SC 495 BAYER 20X75ML","SPINTOR SC495 20X75ML BOT IN"]
["VELUM PRIME (FLUOPYRAM 34.48%)SC 400 BAYER 20X500ML","VELUM PRIME SC400 20X500ML BOT IN"]
["VELUM PRIME (FLUOPYRAM 34.48%)SC 400 BAYER 40X250ML","VELUM PRIME SC400 40X250ML BOT IN"]
["Whipsuper(Fenoxaprop P Et.)9.3% Bayer 100 Ml","WHIPSUPER (T) EC90 50X100ML BOT IN"]
["Whipsuper(Fenoxaprop P Et.)9.3% Bayer 1 Lt","WHIPSUPER (T) EC90 10X1L BOT IN"]
["Whipsuper(Fenoxaprop P Et.)9.3% Bayer 40 X 250 Ml","WHIPSUPER (T) EC90 40X250ML BOT IN"]
["Whipsuper(Fenoxaprop P Et.)9.3% Bayer 500 Ml","WHIPSUPER (T) EC90 20X500ML BOT IN"]
["Acephate(Tamaron Gold)75% Bayer 1 .","DISCOUNTINUE PRODUCT"]
["Acephate(Tamaron Gold)75% Bayer 250 G.","DISCOUNTINUE PRODUCT"]
["Acephate(Tamaron Gold)75% Bayer 500 G.","DISCOUNTINUE PRODUCT"]
["Admire(Imida)70% Bayer 125X(8X2) GM","ADMIRE WG70 125X(8X2GR) BAG IN"]
["Admire(Imida)70% Bayer 30 Gram","ADMIRE (T) WG70 150X30GR BOT IN"]
["Admire(Imida)70% Bayer 75 Gram","ADMIRE (T) WG70 60X75GR BOT IN"]
["Adue Wg70  Bayer 100 G.","ADUE WG70 6X100G BOT IN"]
["Aliette (Fosetyl-Al)80% Bayer 10 X 1","ALIETTE WP80 10X1KG BAG IN"]
["Aliette (Fosetyl-Al)80% Bayer 20 X 250 G.","ALIETTE WP80 20X250GR BAG IN"]
["Aliette (Fosetyl-Al)80% Bayer 20 X 500  GM","ALIETTE WP80 20X500GR BAG IN"]
["Aliette (Fosetyl-Al)80% Bayer 40 X 100 G.","ALIETTE WP80 40X100GR BAG IN"]
["Antracol(Propineb)70 Wp Bayer 1kg","ANTRACOL (T) WP70 10X1KG BAG IN"]
["Antracol(Propineb)70 Wp Bayer 20X 500 G","ANTRACOL (T) WP70 20X500GR BAG IN"]
["Antracol(Propineb)70 Wp Bayer 40X 250 G","ANTRACOL (T) WP70 40X250GR BAG IN"]
["Antracol(Propineb)70 Wp Bayer 50 X 100 G","ANTRACOL (T) WP70 50X100GR BAG IN"]
["Atlantis Kl (Bayer) 36 % 160 G.","ATLANTIS KL3 6 15X160GR BOT IN"]
["Bayleton 25%(Triadimefon 25%) Bayer 100 G.","DISCOUNTINUE PRODUCT"]
["Derosal(Carbendazim)50%Wp Bayer 100 G.","DISCOUNTINUE PRODUCT"]
["Fitrest Sg 5 Bayer 40X 100gm","FITREST SG5 40X100GR BOT IN"]
["Foost (Atrazin) Wp50 24x500gm Bayer","FOOST WP50 24X500G BAG IN"]
["Glamore Wg80% 50 x 10x 5 Gm- Bayer","GLAMORE WG80 50X(10X5GR) BAG IN"]
["Jump(Fipronil)80 WG Bayer 160 X (10X2) Gram","JUMP WG80 160X(10X2GR) BAG IN"]
["Jump(Fipronil)80 WG Bayer 40 Gram","JUMP WG80 80X40GR BAG IN"]
["Larvin(Thiodicarb) 75% Bayer 20 x 250 G","LARVIN (T) WP75 20X250GR BAG IN"]
["Larvin(Thiodicarb)75% Bayer 40 X 100 G","LARVIN (T) WP75 40X100GR BAG IN"]
["Larvin(Thiodicarb)75% Bayer 500 G","LARVIN (T) WP75 20X500GR BAG IN"]
["Lesenta Wg 80- 40gm Bayer","LESENTA WG80 100X40GR BAG IN"]
["Mancozeb M-45(Bilzeb)75% Bayer 1","DISCOUNTINUE PRODUCT"]
["Mancozeb M-45(Bilzeb)75% Bayer 250 G","DISCOUNTINUE PRODUCT"]
["Mancozeb M-45(Bilzeb)75% Bayer 500 G","DISCOUNTINUE PRODUCT"]
["Melody Duo (66.75%) Bayer- 400 Gm","MELODY DUO WP66 8 10X400GR BAG IN"]
["Melody Duo(Iprovalicarb+Propineb)66.75% Bayer 100 G","MELODY DUO WP66 8 50X100GR BAG IN"]
["Melody Duo(Iprovalicarb+Propineb)66.75% Bayer 500 G","DISCOUNTINUE PRODUCT"]
["Nativo 50+25%(Tebuco+Triflox.)Bayer 100  X 50 G.","NATIVO WG75 100X50GR BAG IN"]
["Nativo 50+25%(Tebuco+Triflox.)Bayer 50 X 100 G.","NATIVO WG75 50X100GR BAG IN"]
["Nativo 50+25%(Tebuco+Trifloxyst.)Bayer 40  X 250G","NATIVO WG75 40X250GR BAG IN"]
["Nativo 50 +25(Tebuco+Trifloxyst.) Bayer-20 X 500 Gm","NATIVO WG75 20X500GR BAG IN"]
["Nativo 50 +25(Tebuco+Trifloxystrobin) Bayer- 1 ","NATIVO WG75 10X1KG BAG IN"]
["Profiler Wg 71 Bayer 20 x 250 G.","PROFILER WG71 11 20X250GR BAG IN"]
["Quintal(Ipro.+Carben.)25% Bayer 100 G","DISCOUNTINUE PRODUCT"]
["Quintal(Ipro.+Carben.)25% Bayer 250 G","DISCOUNTINUE PRODUCT"]
["Quintal(Ipro.+Carben.)25% Bayer 500 G","DISCOUNTINUE PRODUCT"]
["Raxil(Tebuconazole)2% Bayer 40 G","RAXIL (T) DS2 5X(25X40GR) BAG IN"]
["Regent(Fipronil)0.3% Bayer 20X 1kG","REGENT GR0 3 20X1KG BAG IN"]
["Regent(Fipronil)0.3% Bayer 4X 5 KG","REGENT GR0 3 4X5KG BAG IN"]
["Sectin(Feni.+Mancozeb)60%Bayer 20 X 600 Gm","SECTIN WG60 20X600GR BAG IN"]
["Sectin(Feni.+Mancozeb)60%Bayer 250 G","DISCOUNTINUE PRODUCT"]
["Sectin(Feni.+Mancozeb)60%Bayer 50 X 100 G","SECTIN WG60 50X100GR BAG IN"]
["Sencor Wp70 Bayer 100gr","SENCOR WP70 60X100GR BAG IN"]
["Sevin(Carbaryl)Wdp 50% Bayer 100 G.","DISCOUNTINUE PRODUCT"]
["Sevin(Carbaryl)Wdp 50% Bayer  500 G","DISCOUNTINUE PRODUCT"]
["INFINITO (Protectant & Cur) SC687,5  Bayer 50X100ML","INFINITO SC687 5 50X100ML BOT IN"]
["Acephate(Tamaron Gold)75% Bayer 1 Kg.","DISCOUNTINUE PRODUCT"]
["Aliette (Fosetyl-Al)80% Bayer 10 X 1KG","ALIETTE WP80 10X1KG BAG IN"]
["Mancozeb M-45(Bilzeb)75% Bayer 1kg","DISCOUNTINUE PRODUCT"]
["Nativo 50 +25(Tebuco+Trifloxystrobin) Bayer- 1 Kg","NATIVO WG75 10X1KG BAG IN"]

{"sheet":"Final Dealer Work","index":4,"n_rows":109,"n_cols":14,"rows_kept":109,"cut":false,"hidden":false,"merged":[]}
[]
[null,"PRODUCT","ITEMALIAS","Bpc","Volume","Opening Qty","Purchase Qty","Purchase Return Qty","Sales Qty","Sales Return Qty","Transfer Qty","Consignment Qty","Adjustment Qty","CLSG"]
[null,"ADMIRE (T) WG70 150X30GR BOT IN",null,null,null,24,0,0,3,0,0,0,0,21]
[null,"ADMIRE (T) WG70 60X75GR BOT IN",null,null,null,0,0,0,0,0,0,0,0,0]
[null,"ADMIRE WG70 125X(8X2GR) BAG IN",null,null,null,1.8380000000000001,20,0,17.018000000000001,0,0,0,0,4.82]
[null,"ADUE WG70 6X100G BOT IN",null,null,null,0,0,0,0,0,0,0,0,0]
[null,"ALANTO (T) SC240 50X100ML BOT IN",null,null,null,0,0,0,0,0,0,0,0,0]
[null,"ALIETTE WP80 10X1KG BAG IN",null,null,null,0,0,0,0,0,0,0,0,0]
[null,"ALIETTE WP80 20X250GR BAG IN",null,null,null,1.25,25,0,21.25,0,0,0,0,5]
[null,"ALIETTE WP80 20X500GR BAG IN",null,null,null,0,10,0,10,0,0,0,0,0]
[null,"ALIETTE WP80 40X100GR BAG IN",null,null,null,2.9,16,0,12.4,0,0,0,0,6.5]
[null,"AMBITION 10X1L BOT IN",null,null,null,0,30,0,10,0,0,0,0,20]
[null,"AMBITION 20X500ML BOT IN",null,null,null,5.5,80,0,73,0,0,0,0,12.5]
[null,"AMBITION 40X250ML BOT IN",null,null,null,20,20,0,17.75,0,0,0,0,22.25]
[null,"ANTRACOL (T) WP70 10X1KG BAG IN",null,null,null,5,30,0,35,0,0,0,0,0]
[null,"ANTRACOL (T) WP70 20X500GR BAG IN",null,null,null,0,320,0,320,0,0,0,0,0]
[null,"ANTRACOL (T) WP70 40X250GR BAG IN",null,null,null,10,480,0,490,0,0,0,0,0]
[null,"ANTRACOL (T) WP70 50X100GR BAG IN",null,null,null,0,45,0,44.5,0,0,0,0,0.5]
[null,"ATLANTIS KL3 6 15X160GR BOT IN",null,null,null,0,0,0,0,0,0,0,0,0]
[null,"BELT EXPERT SC480 50X100ML BOT IN",null,null,null,0,0,0,0,0,0,0,0,0]
[null,"BUONOS SC430 40X250ML BOT IN",null,null,null,0,10,0,5,0,0,0,0,5]
[null,"CONFIDOR (T) SL200 100X50ML BOT IN",null,null,null,0,0,0,0,0,0,0,0,0]
[null,"CONFIDOR (T) SL200 20X250ML BOT IN",null,null,null,0,0,0,0,0,0,0,0,0]
[null,"CONFIDOR (T) SL200 20X500ML BOT IN",null,null,null,0,0,0,0,0,0,0,0,0]
[null,"CONFIDOR (T) SL200 50X100ML BOT IN",null,null,null,0,0,0,0,0,0,0,0,0]
[null,"CONFIDOR SUPER (T) SC350 20X250ML BOT IN",null,null,null,0,0,0,0,0,0,0,0,0]
[null,"CONFIDOR SUPER (T) SC350 50X100ML BOT IN",null,null,null,0,0,0,0,0,0,0,0,0]
[null,"CONFIDOR SUPER (T) SC350 50X50ML BOT IN",null,null,null,0,0,0,0,0,0,0,0,0]
[null,"DECIS EC 28 10X1L BOT IN",null,null,null,75,0,0,59,0,0,0,0,16]
[null,"DECIS EC 28 20X500ML BOT IN",null,null,null,120.5,0,0,87.5,0,0,0,0,33]
[null,"DECIS EC 28 40X250ML BOT IN",null,null,null,0,30,0,13.75,0,0,0,0,16.25]
[null,"DECIS EC 28 50X100ML BOT IN",null,null,null,0,0,0,0,0,0,0,0,0]
[null,"DECIS EC101-2 40X250ML BOT IN",null,null,null,0,0,0,0,0,0,0,0,0]
[null,"DECIS EC101-2 50X100ML BOX IN",null,null,null,0,0,0,0,0,0,0,0,0]
[null,"DECIS EC24,6 2X5L BOT IN",null,null,null,0,0,0,0,0,0,0,0,0]
[null,"DISCOUNTINUE PRODUCT",null,null,null,12.55,208,0,176.9,0,0,0,0,43.650000000000006]
[null,"EVERGOL XTEND FS308 100X40ML BOT IN",null,null,null,2.84,48,0,50.84,0,0,0,0,0]
[null,"EVERGOL XTEND FS308 50X100ML BOT IN",null,null,null,7,0,0,7,0,0,0,0,0]
[null,"FAME (T) SC480 10X(20X10ML) BOT IN",null,null,null,1.3,4,0,1.86,0,0,0,0,3.44]
[null,"FAME (T) SC480 20X100ML BOT IN",null,null,null,2.4,8,0,7,0,0,0,0,3.4]
[null,"FAME (T) SC480 40X50ML BOT IN",null,null,null,0,12,0,9.9499999999999993,0,0,0,0,2.0499999999999998]
[null,"FAME (T) SC480 4X500ML BOT IN",null,null,null,0,0,0,0,0,0,0,0,0]
[null,"FAME (T) SC480 8X250ML BOT IN",null,null,null,6.75,12,0,10.75,0,0,0,0,8]
[null,"FENOS QUICK SC150 50X100ML BOT IN",null,null,null,0,5,0,3.4,0,0,0,0,1.6]
[null,"FITREST SG5 40X100GR BOT IN",null,null,null,0,0,0,0,0,0,0,0,0]
[null,"FOLICUR (T) EC250 10X1L BOT IN",null,null,null,0,10,0,10,0,0,0,0,0]
[null,"FOLICUR (T) EC250 20X500ML BOT IN",null,null,null,0,10,0,10,0,0,0,0,0]
[null,"FOLICUR (T) EC250 40X250ML BOT IN",null,null,null,7.25,30,0,28.75,0,0,0,0,8.5]
[null,"FOLICUR (T) EC250 50X100ML BOT IN",null,null,null,4.5,15,0,19,0,0,0,0,0.5]
[null,"FOOST WP50 24X500G BAG IN",null,null,null,43.5,0,0,43.5,0,0,0,0,0]
[null,"GAUCHO FS600 100X50ML BOT IN",null,null,null,19.100000000000001,150,0,140.44999999999999,0,0,0,0,28.65]
[null,"GAUCHO FS600 2X(5X1L) BOT IN",null,null,null,63,330,0,325,0,0,0,0,68]
[null,"GAUCHO FS600 2X5L BOT IN",null,null,null,0,20,0,20,0,0,0,0,0]
[null,"GAUCHO FS600 40X250ML BOT IN",null,null,null,58.5,1600,0,1639,0,0,0,0,19.5]
[null,"GAUCHO FS600 50X100ML BOT IN",null,null,null,69.099999999999994,860,0,739.3,0,0,0,0,189.8]
[null,"GLAMORE WG80 50X(10X5GR) BAG IN",null,null,null,0,2.5,0,1.8,0,0,0,0,0.7]
[null,"INFINITO SC687 5 50X100ML BOT IN",null,null,null,0,10,0,4.2,0,0,0,0,5.8]
[null,"JUMP WG80 160X(10X2GR) BAG IN",null,null,null,1.508,20.8,0,18.132000000000001,0,0,0,0,4.1760000000000002]
[null,"JUMP WG80 80X40GR BAG IN",null,null,null,0,3.2,0,2.96,0,0,0,0,0.24]
[null,"LARVIN (T) WP75 20X250GR BAG IN",null,null,null,0,65,0,55.25,0,0,0,0,9.75]
[null,"LARVIN (T) WP75 20X500GR BAG IN",null,null,null,0,32.5,0,32.5,0,0,0,0,0]
[null,"LARVIN (T) WP75 40X100GR BAG IN",null,null,null,0,20,0,20,0,0,0,0,0]
[null,"LAUDIS SC630 10X57.5ML BOT IN",null,null,null,0,11.5,0,8.625,0,0,0,0,2.875]
[null,"LAUDIS SC630 3X230ML BOT IN",null,null,null,0,0,0,0,0,0,0,0,0]
[null,"LAUDIS SC630 8X115ML BOT IN",null,null,null,0,3.68,0,2.2999999999999998,0,0,0,0,1.38]
[null,"LESENTA WG80 100X40GR BAG IN",null,null,null,0,4,0,2.68,0,0,0,0,1.32]
[null,"LUNA EXPERIENCE SC400 40X250ML BOT IN",null,null,null,0,40,0,18.5,0,0,0,0,21.5]
[null,"LUNA EXPERIENCE SC400 50X100ML BOT IN",null,null,null,0,45,0,36.6,0,0,0,0,8.4]
[null,"MELODY DUO WP66 8 10X400GR BAG IN",null,null,null,0,0,0,0,0,0,0,0,0]
[null,"MELODY DUO WP66 8 50X100GR BAG IN",null,null,null,0,0,0,0,0,0,0,0,0]
[null,"MOVENTO ENERGY SC240 40X250ML BOT IN",null,null,null,2.5,0,0,2.5,0,0,0,0,0]
[null,"MOVENTO ENERGY SC240 50X100ML BOT IN",null,null,null,8.6999999999999993,0,0,8.6999999999999993,0,0,0,0,0]
[null,"NATIVO WG75 100X50GR BAG IN",null,null,null,5,15,0,12.15,0,0,0,0,7.85]
[null,"NATIVO WG75 10X1KG BAG IN",null,null,null,0,20,0,20,0,0,0,0,0]
[null,"NATIVO WG75 20X500GR BAG IN",null,null,null,0,10,0,10,0,0,0,0,0]
[null,"NATIVO WG75 40X250GR BAG IN",null,null,null,2.25,36,0,29.5,0,0,0,0,8.75]
[null,"NATIVO WG75 50X100GR BAG IN",null,null,null,3.8,35,0,25.9,0,0,0,0,12.9]
[null,"OBERON (T) SC240 100X50ML BOT IN",null,null,null,0,0,0,0,0,0,0,0,0]
[null,"OBERON (T) SC240 40X200ML BOT IN",null,null,null,0,152,0,150.19999999999999,0,0,0,0,1.8]
[null,"OBERON (T) SC240 50X100ML BOT IN",null,null,null,0.2,139.9,0,131.4,0,0,0,0,8.6999999999999993]
[null,"PLANOFIX SL4 5 50X100ML BOT IN",null,null,null,3.4,125,0,95.7,0,0,0,0,32.700000000000003]
[null,"PROFILER WG71 11 20X250GR BAG IN",null,null,null,0,5,0,5,0,0,0,0,0]
[null,"RAFT EC60 10X1L BOT IN",null,null,null,0,0,0,0,0,0,0,0,0]
[null,"RAFT EC60 20X500ML BOT IN",null,null,null,0,0,0,0,0,0,0,0,0]
[null,"RAFT EC60 40X250ML BOT IN",null,null,null,0,0,0,0,0,0,0,0,0]
[null,"RAXIL (T) DS2 5X(25X40GR) BAG IN",null,null,null,0,0,0,0,0,0,0,0,0]
[null,"RAXIL EASY FS60 100X50ML BOT IN",null,null,null,0,0,0,0,0,0,0,0,0]
[null,"REGENT (T) SC50 10X1L BOT IN",null,null,null,60,180,0,227,0,0,0,0,13]
[null,"REGENT (T) SC50 20X250ML BOT IN",null,null,null,0,745,0,695.75,0,0,0,0,49.25]
[null,"REGENT (T) SC50 20X500ML BOT IN",null,null,null,14.5,550,0,564.5,0,0,0,0,0]
[null,"REGENT (T) SC50 50X100ML BOT IN",null,null,null,52,250,0,292.39999999999998,0,0,0,0,9.6]
[null,"REGENT GR0 3 20X1KG BAG IN",null,null,null,80,4760,0,4815,0,0,0,0,25]
[null,"REGENT GR0 3 4X5KG BAG IN",null,null,null,90,9220,0,9240,0,0,0,0,70]
[null,"SECTIN WG60 20X600GR BAG IN",null,null,null,0,12,0,12,0,0,0,0,0]
[null,"SECTIN WG60 50X100GR BAG IN",null,null,null,2.2000000000000002,0,0,2.2000000000000002,0,0,0,0,0]
[null,"SENCOR WP70 60X100GR BAG IN",null,null,null,0,0,0,0,0,0,0,0,0]
[null,"SIVANTO PRIME SL200 50X100ML BOT IN",null,null,null,5,-5,0,0,0,0,0,0,0]
[null,"SOLOMON OD300 10X1L BOT IN",null,null,null,0,20,0,20,0,0,0,0,0]
[null,"SOLOMON OD300 20X500ML BOT IN",null,null,null,0,30,0,30,0,0,0,0,0]
[null,"SOLOMON OD300 40X250ML BOT IN",null,null,null,2.25,130,0,112.75,0,0,0,0,19.5]
[null,"SOLOMON OD300 50X100ML BOT IN",null,null,null,0,95,0,91.1,0,0,0,0,3.9]
[null,"SPINTOR SC495 20X75ML BOT IN",null,null,null,0,0,0,0,0,0,0,0,0]
[null,"VELUM PRIME SC400 20X500ML BOT IN",null,null,null,6,17,0,16.5,0,0,0,0,6.5]
[null,"VELUM PRIME SC400 40X250ML BOT IN",null,null,null,8.5,25.25,0,33.75,0,0,0,0,0]
[null,"WHIPSUPER (T) EC90 10X1L BOT IN",null,null,null,0,0,0,0,0,0,0,0,0]
[null,"WHIPSUPER (T) EC90 20X500ML BOT IN",null,null,null,0,0,0,0,0,0,0,0,0]
[null,"WHIPSUPER (T) EC90 40X250ML BOT IN",null,null,null,0,0,0,0,0,0,0,0,0]
[null,"WHIPSUPER (T) EC90 50X100ML BOT IN",null,null,null,0,0,0,0,0,0,0,0,0]
[null,"Grand Total",null,null,null,911.58600000000013,21263.33,0,21309.414999999997,0,0,0,0,865.5010000000002]

{"sheet":"Zylem SNS Report","index":5,"n_rows":83,"n_cols":13,"rows_kept":83,"cut":false,"hidden":false,"merged":[[1,0,1,12],[3,0,3,12],[4,0,4,12],[5,0,5,12],[6,0,6,12]]}
[]
["Company Name:-BAYER"]
["Stock and Sales FOR THE PERIOD 01-Apr-2020 TO 31-Mar-2021"]
["Generated on 7/27/2021 8:07:46 AM"]
["DISTRIBUTOR PRODUCTWISE"]
["OUTPUT IN : PIC,DETAILS AS : Column,CONSIDER : Voucher Date,INCLUDE VALIDATION : False"]
["DISTRIBUTOR:Gupta Traders and Auto Agencies,"]
["DISTRIBUTOR","SAPCODE","PRODUCT","ITEMALIAS","Opening Qty","Purchase Qty","Purchase Return Qty","Sales Qty","Sales Return Qty","Transfer Qty","Consignment Qty","Adjustment Qty","CLSG"]
["Gupta Traders and Auto Agencies",9064856,"ADMIRE (T) WG70 150X30GR BOT IN",79234988,24,0,0,3,0,0,0,0,21]
["Gupta Traders and Auto Agencies",9064856,"ADMIRE WG70 125X(8X2GR) BAG IN",6101665,1.83,20,0,17.02,0,0,0,0,4.8099999999999996]
["Gupta Traders and Auto Agencies",9064856,"ALIETTE WP80 20X250GR BAG IN",3822358,1.25,25,0,21.25,0,0,0,0,5]
["Gupta Traders and Auto Agencies",9064856,"ALIETTE WP80 20X500GR BAG IN",3822366,0,10,0,10,0,0,0,0,0]
["Gupta Traders and Auto Agencies",9064856,"ALIETTE WP80 40X100GR BAG IN",3822331,2.9,16,0,12.4,0,0,0,0,6.5]
["Gupta Traders and Auto Agencies",9064856,"AMBITION 10X1L BOT IN",86212544,0,30,0,10,0,0,0,0,20]
["Gupta Traders and Auto Agencies",9064856,"AMBITION 20X500ML BOT IN",86228564,5.5,80,0,73,0,0,0,0,12.5]
["Gupta Traders and Auto Agencies",9064856,"AMBITION 40X250ML BOT IN",86232308,20,20,0,17.75,0,0,0,0,22.25]
["Gupta Traders and Auto Agencies",9064856,"ANTRACOL (T) WP70 10X1KG BAG IN",6077322,5,30,0,35,0,0,0,0,0]
["Gupta Traders and Auto Agencies",9064856,"ANTRACOL (T) WP70 20X500GR BAG IN",5999978,0,320,0,320,0,0,0,0,0]
["Gupta Traders and Auto Agencies",9064856,"ANTRACOL (T) WP70 40X250GR BAG IN",6112179,10,490,10,490,0,0,0,0,0]
["Gupta Traders and Auto Agencies",9064856,"ANTRACOL (T) WP70 50X100GR BAG IN",6113191,0,45,0,44.5,0,0,0,0,0.5]
["Gupta Traders and Auto Agencies",9064856,"DECIS EC 28 10X1L BOT IN",3823303,75,0,0,59,0,0,0,0,16]
["Gupta Traders and Auto Agencies",9064856,"DECIS EC 28 20X500ML BOT IN",3823370,120.5,0,0,87.5,0,0,0,0,33]
["Gupta Traders and Auto Agencies",9064856,"DECIS EC 28 40X250ML BOT IN",3823346,0,30,0,13.75,0,0,0,0,16.25]
["Gupta Traders and Auto Agencies",9064856,"EVERGOL XTEND FS308 100X40ML BOT IN",85402838,2.84,48,0,50.84,0,0,0,0,0]
["Gupta Traders and Auto Agencies",9064856,"EVERGOL XTEND FS308 50X100ML BOT IN",84065757,7,0,0,7,0,0,0,0,0]
["Gupta Traders and Auto Agencies",9064856,"FAME (T) SC480 10X(20X10ML) BOT IN",79305885,1.3,4,0,1.86,0,0,0,0,3.44]
["Gupta Traders and Auto Agencies",9064856,"FAME (T) SC480 20X100ML BOT IN",79266197,2.4,8,0,8.5,1.5,0,0,0,3.4]
["Gupta Traders and Auto Agencies",9064856,"FAME (T) SC480 40X50ML BOT IN",79224699,0,12,0,9.9499999999999993,0,0,0,0,2.0499999999999998]
["Gupta Traders and Auto Agencies",9064856,"FAME (T) SC480 4X500ML BOT IN",80554966,0,0,0,0,0,0,0,0,0]
["Gupta Traders and Auto Agencies",9064856,"FAME (T) SC480 8X250ML BOT IN",80183291,6.75,12,0,10.75,0,0,0,0,8]
["Gupta Traders and Auto Agencies",9064856,"FENOS QUICK SC150 50X100ML BOT IN",80942990,0,5,0,3.4,0,0,0,0,1.6]
["Gupta Traders and Auto Agencies",9064856,"FOLICUR (T) EC250 10X1L BOT IN",79504438,0,10,0,10,0,0,0,0,0]
["Gupta Traders and Auto Agencies",9064856,"FOLICUR (T) EC250 20X500ML BOT IN",79652933,0,10,0,10,0,0,0,0,0]
["Gupta Traders and Auto Agencies",9064856,"FOLICUR (T) EC250 40X250ML BOT IN",79682271,7.25,30,0,28.75,0,0,0,0,8.5]
["Gupta Traders and Auto Agencies",9064856,"FOLICUR (T) EC250 50X100ML BOT IN",79629125,4.5,15,0,19,0,0,0,0,0.5]
["Gupta Traders and Auto Agencies",9064856,"FOOST WP50 24X500G BAG IN",85811770,43.5,0,0,43.5,0,0,0,0,0]
["Gupta Traders and Auto Agencies",9064856,"GAUCHO FS600 2X(5X1L) BOT IN",3823907,63,440,110,325,0,0,0,0,68]
["Gupta Traders and Auto Agencies",9064856,"GAUCHO FS600 100X50ML BOT IN",80034733,19.100000000000001,150,0,142.94999999999999,2.5,0,0,0,28.65]
["Gupta Traders and Auto Agencies",9064856,"GAUCHO FS600 2X5L BOT IN",3823915,0,20,0,20,0,0,0,0,0]
["Gupta Traders and Auto Agencies",9064856,"GAUCHO FS600 40X250ML BOT IN",84995681,58.5,1700,100,1639,0,0,0,0,19.5]
["Gupta Traders and Auto Agencies",9064856,"GAUCHO FS600 50X100ML BOT IN",79664141,69.099999999999994,910,50,744.3,5,0,0,0,189.8]
["Gupta Traders and Auto Agencies",9064856,"GLAMORE WG80 50X(10X5GR) BAG IN",80044461,0,2.5,0,1.8,0,0,0,0,0.7]
["Gupta Traders and Auto Agencies",9064856,"INFINITO SC687 5 50X100ML BOT IN",79632487,0,10,0,4.2,0,0,0,0,5.8]
["Gupta Traders and Auto Agencies",9064856,"JUMP WG80 160X(10X2GR) BAG IN",79215304,1.51,20.8,0,18.13,0,0,0,0,4.18]
["Gupta Traders and Auto Agencies",9064856,"JUMP WG80 80X40GR BAG IN",79267509,0,3.2,0,2.96,0,0,0,0,0.24]
["Gupta Traders and Auto Agencies",9064856,"LARVIN (T) WP75 20X250GR BAG IN",6003167,0,65,0,55.25,0,0,0,0,9.75]
["Gupta Traders and Auto Agencies",9064856,"LARVIN (T) WP75 20X500GR BAG IN",6005291,0,32.5,0,32.5,0,0,0,0,0]
["Gupta Traders and Auto Agencies",9064856,"LARVIN (T) WP75 40X100GR BAG IN",5980436,0,20,0,20,0,0,0,0,0]
["Gupta Traders and Auto Agencies",9064856,"LAUDIS SC630 10X57.5ML BOT IN",84470481,0,11.5,0,8.6300000000000008,0,0,0,0,2.87]
["Gupta Traders and Auto Agencies",9064856,"LAUDIS SC630 8X115ML BOT IN",80491085,0,5.52,1.84,2.2999999999999998,0,0,0,0,1.38]
["Gupta Traders and Auto Agencies",9064856,"LESENTA WG80 100X40GR BAG IN",80500823,0,4,0,2.68,0,0,0,0,1.32]
["Gupta Traders and Auto Agencies",9064856,"LUNA EXPERIENCE SC400 40X250ML BOT IN",80549652,0,40,0,18.5,0,0,0,0,21.5]
["Gupta Traders and Auto Agencies",9064856,"LUNA EXPERIENCE SC400 50X100ML BOT IN",80199414,0,45,0,37.5,0.9,0,0,0,8.4]
["Gupta Traders and Auto Agencies",9064856,"MOVENTO ENERGY SC240 40X250ML BOT IN",79679505,2.5,0,0,2.5,0,0,0,0,0]
["Gupta Traders and Auto Agencies",9064856,"MOVENTO ENERGY SC240 50X100ML BOT IN",79722605,8.6999999999999993,0,0,8.6999999999999993,0,0,0,0,0]
["Gupta Traders and Auto Agencies",9064856,"NATIVO WG75 100X50GR BAG IN",80580061,5,15,0,12.15,0,0,0,0,7.85]
["Gupta Traders and Auto Agencies",9064856,"NATIVO WG75 10X1KG BAG IN",80525346,0,20,0,20,0,0,0,0,0]
["Gupta Traders and Auto Agencies",9064856,"NATIVO WG75 20X500GR BAG IN",79198698,0,10,0,10,0,0,0,0,0]
["Gupta Traders and Auto Agencies",9064856,"NATIVO WG75 40X250GR BAG IN",79237790,2.25,36,0,29.5,0,0,0,0,8.75]
["Gupta Traders and Auto Agencies",9064856,"NATIVO WG75 50X100GR BAG IN",79304102,3.8,35,0,25.9,0,0,0,0,12.9]
["Gupta Traders and Auto Agencies",9064856,"OBERON (T) SC240 40X200ML BOT IN",79971362,0,152,0,150.19999999999999,0,0,0,0,1.8]
["Gupta Traders and Auto Agencies",9064856,"OBERON (T) SC240 50X100ML BOT IN",79998538,0.2,139.9,0,131.4,0,0,0,0,8.6999999999999993]
["Gupta Traders and Auto Agencies",9064856,"PLANOFIX SL4 5 50X100ML BOT IN",3825098,3.4,125,0,95.7,0,0,0,0,32.700000000000003]
["Gupta Traders and Auto Agencies",9064856,"PROFILER WG71 11 20X250GR BAG IN",80532261,0,5,0,5,0,0,0,0,0]
["Gupta Traders and Auto Agencies",9064856,"RAFT EC60 40X250ML BOT IN",3825330,0,0,0,0,0,0,0,0,0]
["Gupta Traders and Auto Agencies",9064856,"REGENT (T) SC50 20X250ML BOT IN",5976951,0,745,0,695.75,0,0,0,0,49.25]
["Gupta Traders and Auto Agencies",9064856,"REGENT (T) SC50 20X500ML BOT IN",5987678,14.5,550,0,564.5,0,0,0,0,0]
["Gupta Traders and Auto Agencies",9064856,"REGENT (T) SC50 50X100ML BOT IN",5975343,52,250,0,292.39999999999998,0,0,0,0,9.6]
["Gupta Traders and Auto Agencies",9064856,"REGENT GR0 3 20X1KG BAG IN",79667140,80,4760,0,4815,0,0,0,0,25]
["Gupta Traders and Auto Agencies",9064856,"REGENT GR0 3 4X5KG BAG IN",80018703,90,9220,0,9270,30,0,0,0,70]
["Gupta Traders and Auto Agencies",9064856,"SECTIN WG60 50X100GR BAG IN",5950812,2.2000000000000002,0,0,2.2000000000000002,0,0,0,0,0]
["Gupta Traders and Auto Agencies",9064856,"SIVANTO PRIME SL200 50X100ML BOT IN",80961197,5,0,5,0,0,0,0,0,0]
["Gupta Traders and Auto Agencies",9064856,"SOLOMON OD300 10X1L BOT IN",79637365,0,20,0,20,0,0,0,0,0]
["Gupta Traders and Auto Agencies",9064856,"SOLOMON OD300 20X500ML BOT IN",79987870,0,30,0,30,0,0,0,0,0]
["Gupta Traders and Auto Agencies",9064856,"SOLOMON OD300 40X250ML BOT IN",79706723,2.25,130,0,112.75,0,0,0,0,19.5]
["Gupta Traders and Auto Agencies",9064856,"SOLOMON OD300 50X100ML BOT IN",79641931,0,95,0,91.1,0,0,0,0,3.9]
["Gupta Traders and Auto Agencies",9064856,"VELUM PRIME SC400 20X500ML BOT IN",84407038,6,17,0,16.5,0,0,0,0,6.5]
["Gupta Traders and Auto Agencies",9064856,"VELUM PRIME SC400 40X250ML BOT IN",84474886,8.5,25.25,0,33.75,0,0,0,0,0]
["Gupta Traders and Auto Agencies",9064856,"WHIPSUPER (T) EC90 40X250ML BOT IN",5966131,0,0,0,0,0,0,0,0,0]
["Gupta Traders and Auto Agencies",9064856,"SECTIN WG60 20X600GR BAG IN",6000664,0,12,0,12,0,0,0,0,0]
["Gupta Traders and Auto Agencies",9064856,"BUONOS SC430 40X250ML BOT IN",86224801,0,10,0,5,0,0,0,0,5]
["Gupta Traders and Auto Agencies",9064856,"REGENT (T) SC50 10X1L BOT IN",5962667,60,180,0,227,0,0,0,0,13]
["GRANDTOTAL",null,null,null,899.03,21332.17,276.83999999999997,21172.42,39.9,0,0,0,821.84]

{"sheet":"OPG","index":6,"n_rows":1,"n_cols":3,"rows_kept":1,"cut":false,"hidden":false,"merged":[]}
["ADMIRE (T) WG70 150X30GR BOT IN",{"$f":"VLOOKUP(A1,'[2]Product Master Sheet'!$B$2:$F$1506,5,0)","v":13},49]

{"sheet":"Reco","index":7,"n_rows":109,"n_cols":29,"rows_kept":109,"cut":false,"hidden":false,"merged":[[0,1,0,9],[0,10,0,18],[0,19,0,27]]}
[null,"Zylem Report -01-Apr-2020 TO 31-Mar-2021",null,null,null,null,null,null,null,null,"Dealer Report -01-Apr-2020 TO 31-Mar-2021",null,null,null,null,null,null,null,null,"Difference (+/-)"]
[]
["DEALER CODE","Opening Qty","Purchase Qty","Purchase Return Qty","Sales Qty","Sales Return Qty","Transfer Qty","Consignment Qty","Adjustment Qty","CLSG","Opening Qty","Purchase Qty","Purchase Return Qty","Sales Qty","Sales Return Qty","Transfer Qty","Consignment Qty","Adjustment Qty","CLSG","Opening Stock Qty","Purchase Qty","Purchase Return Qty","Sales Qty","Sales Return Qty","Transfer Qty","Consignment Qty","Adjustments Qty","CLSG","Remark"]
["ADMIRE (T) WG70 150X30GR BOT IN",24,0,0,3,0,0,0,0,21,24,0,0,3,0,0,0,0,21,0,0,0,0,0,0,0,0,0,"Ok"]
["ADMIRE WG70 125X(8X2GR) BAG IN",1.83,20,0,17.02,0,0,0,0,4.8099999999999996,1.8380000000000001,20,0,17.018000000000001,0,0,0,0,4.82,-8.0000000000000071E-3,0,0,1.9999999999988916E-3,0,0,0,0,-1.0000000000000675E-2,"Issue"]
["ALIETTE WP80 20X250GR BAG IN",1.25,25,0,21.25,0,0,0,0,5,1.25,25,0,21.25,0,0,0,0,5,0,0,0,0,0,0,0,0,0,"Ok"]
["ALIETTE WP80 20X500GR BAG IN",0,10,0,10,0,0,0,0,0,0,10,0,10,0,0,0,0,0,0,0,0,0,0,0,0,0,0,"Ok"]
["ALIETTE WP80 40X100GR BAG IN",2.9,16,0,12.4,0,0,0,0,6.5,2.9,16,0,12.4,0,0,0,0,6.5,0,0,0,0,0,0,0,0,0,"Ok"]
["AMBITION 10X1L BOT IN",0,30,0,10,0,0,0,0,20,0,30,0,10,0,0,0,0,20,0,0,0,0,0,0,0,0,0,"Ok"]
["AMBITION 20X500ML BOT IN",5.5,80,0,73,0,0,0,0,12.5,5.5,80,0,73,0,0,0,0,12.5,0,0,0,0,0,0,0,0,0,"Ok"]
["AMBITION 40X250ML BOT IN",20,20,0,17.75,0,0,0,0,22.25,20,20,0,17.75,0,0,0,0,22.25,0,0,0,0,0,0,0,0,0,"Ok"]
["ANTRACOL (T) WP70 10X1KG BAG IN",5,30,0,35,0,0,0,0,0,5,30,0,35,0,0,0,0,0,0,0,0,0,0,0,0,0,0,"Ok"]
["ANTRACOL (T) WP70 20X500GR BAG IN",0,320,0,320,0,0,0,0,0,0,320,0,320,0,0,0,0,0,0,0,0,0,0,0,0,0,0,"Ok"]
["ANTRACOL (T) WP70 40X250GR BAG IN",10,490,10,490,0,0,0,0,0,10,480,0,490,0,0,0,0,0,0,10,10,0,0,0,0,0,0,"Ok"]
["ANTRACOL (T) WP70 50X100GR BAG IN",0,45,0,44.5,0,0,0,0,0.5,0,45,0,44.5,0,0,0,0,0.5,0,0,0,0,0,0,0,0,0,"Ok"]
["DECIS EC 28 10X1L BOT IN",75,0,0,59,0,0,0,0,16,75,0,0,59,0,0,0,0,16,0,0,0,0,0,0,0,0,0,"Ok"]
["DECIS EC 28 20X500ML BOT IN",120.5,0,0,87.5,0,0,0,0,33,120.5,0,0,87.5,0,0,0,0,33,0,0,0,0,0,0,0,0,0,"Ok"]
["DECIS EC 28 40X250ML BOT IN",0,30,0,13.75,0,0,0,0,16.25,0,30,0,13.75,0,0,0,0,16.25,0,0,0,0,0,0,0,0,0,"Ok"]
["EVERGOL XTEND FS308 100X40ML BOT IN",2.84,48,0,50.84,0,0,0,0,0,2.84,48,0,50.84,0,0,0,0,0,0,0,0,0,0,0,0,0,0,"Ok"]
["EVERGOL XTEND FS308 50X100ML BOT IN",7,0,0,7,0,0,0,0,0,7,0,0,7,0,0,0,0,0,0,0,0,0,0,0,0,0,0,"Ok"]
["FAME (T) SC480 10X(20X10ML) BOT IN",1.3,4,0,1.86,0,0,0,0,3.44,1.3,4,0,1.86,0,0,0,0,3.44,0,0,0,0,0,0,0,0,0,"Ok"]
["FAME (T) SC480 20X100ML BOT IN",2.4,8,0,8.5,1.5,0,0,0,3.4,2.4,8,0,7,0,0,0,0,3.4,0,0,0,1.5,1.5,0,0,0,0,"Ok"]
["FAME (T) SC480 40X50ML BOT IN",0,12,0,9.9499999999999993,0,0,0,0,2.0499999999999998,0,12,0,9.9499999999999993,0,0,0,0,2.0499999999999998,0,0,0,0,0,0,0,0,0,"Ok"]
["FAME (T) SC480 4X500ML BOT IN",0,0,0,0,0,0,0,0,0,0,0,0,0,0,0,0,0,0,0,0,0,0,0,0,0,0,0,"Ok"]
["FAME (T) SC480 8X250ML BOT IN",6.75,12,0,10.75,0,0,0,0,8,6.75,12,0,10.75,0,0,0,0,8,0,0,0,0,0,0,0,0,0,"Ok"]
["FENOS QUICK SC150 50X100ML BOT IN",0,5,0,3.4,0,0,0,0,1.6,0,5,0,3.4,0,0,0,0,1.6,0,0,0,0,0,0,0,0,0,"Ok"]
["FOLICUR (T) EC250 10X1L BOT IN",0,10,0,10,0,0,0,0,0,0,10,0,10,0,0,0,0,0,0,0,0,0,0,0,0,0,0,"Ok"]
["FOLICUR (T) EC250 20X500ML BOT IN",0,10,0,10,0,0,0,0,0,0,10,0,10,0,0,0,0,0,0,0,0,0,0,0,0,0,0,"Ok"]
["FOLICUR (T) EC250 40X250ML BOT IN",7.25,30,0,28.75,0,0,0,0,8.5,7.25,30,0,28.75,0,0,0,0,8.5,0,0,0,0,0,0,0,0,0,"Ok"]
["FOLICUR (T) EC250 50X100ML BOT IN",4.5,15,0,19,0,0,0,0,0.5,4.5,15,0,19,0,0,0,0,0.5,0,0,0,0,0,0,0,0,0,"Ok"]
["FOOST WP50 24X500G BAG IN",43.5,0,0,43.5,0,0,0,0,0,43.5,0,0,43.5,0,0,0,0,0,0,0,0,0,0,0,0,0,0,"Ok"]
["GAUCHO FS600 2X(5X1L) BOT IN",63,440,110,325,0,0,0,0,68,63,330,0,325,0,0,0,0,68,0,110,110,0,0,0,0,0,0,"Ok"]
["GAUCHO FS600 100X50ML BOT IN",19.100000000000001,150,0,142.94999999999999,2.5,0,0,0,28.65,19.100000000000001,150,0,140.44999999999999,0,0,0,0,28.65,0,0,0,2.5,2.5,0,0,0,0,"Ok"]
["GAUCHO FS600 2X5L BOT IN",0,20,0,20,0,0,0,0,0,0,20,0,20,0,0,0,0,0,0,0,0,0,0,0,0,0,0,"Ok"]
["GAUCHO FS600 40X250ML BOT IN",58.5,1700,100,1639,0,0,0,0,19.5,58.5,1600,0,1639,0,0,0,0,19.5,0,100,100,0,0,0,0,0,0,"Ok"]
["GAUCHO FS600 50X100ML BOT IN",69.099999999999994,910,50,744.3,5,0,0,0,189.8,69.099999999999994,860,0,739.3,0,0,0,0,189.8,0,50,50,5,5,0,0,0,0,"Ok"]
["GLAMORE WG80 50X(10X5GR) BAG IN",0,2.5,0,1.8,0,0,0,0,0.7,0,2.5,0,1.8,0,0,0,0,0.7,0,0,0,0,0,0,0,0,0,"Ok"]
["INFINITO SC687 5 50X100ML BOT IN",0,10,0,4.2,0,0,0,0,5.8,0,10,0,4.2,0,0,0,0,5.8,0,0,0,0,0,0,0,0,0,"Ok"]
["JUMP WG80 160X(10X2GR) BAG IN",1.51,20.8,0,18.13,0,0,0,0,4.18,1.508,20.8,0,18.132000000000001,0,0,0,0,4.1760000000000002,2.0000000000000018E-3,0,0,-2.0000000000024443E-3,0,0,0,0,3.9999999999995595E-3,"Issue"]
["JUMP WG80 80X40GR BAG IN",0,3.2,0,2.96,0,0,0,0,0.24,0,3.2,0,2.96,0,0,0,0,0.24,0,0,0,0,0,0,0,0,0,"Ok"]
["LARVIN (T) WP75 20X250GR BAG IN",0,65,0,55.25,0,0,0,0,9.75,0,65,0,55.25,0,0,0,0,9.75,0,0,0,0,0,0,0,0,0,"Ok"]
["LARVIN (T) WP75 20X500GR BAG IN",0,32.5,0,32.5,0,0,0,0,0,0,32.5,0,32.5,0,0,0,0,0,0,0,0,0,0,0,0,0,0,"Ok"]
["LARVIN (T) WP75 40X100GR BAG IN",0,20,0,20,0,0,0,0,0,0,20,0,20,0,0,0,0,0,0,0,0,0,0,0,0,0,0,"Ok"]
["LAUDIS SC630 10X57.5ML BOT IN",0,11.5,0,8.6300000000000008,0,0,0,0,2.87,0,11.5,0,8.625,0,0,0,0,2.875,0,0,0,5.0000000000007816E-3,0,0,0,0,-4.9999999999998934E-3,"Issue"]
["LAUDIS SC630 8X115ML BOT IN",0,5.52,1.84,2.2999999999999998,0,0,0,0,1.38,0,3.68,0,2.2999999999999998,0,0,0,0,1.38,0,1.8399999999999994,1.84,0,0,0,0,0,0,"Ok"]
["LESENTA WG80 100X40GR BAG IN",0,4,0,2.68,0,0,0,0,1.32,0,4,0,2.68,0,0,0,0,1.32,0,0,0,0,0,0,0,0,0,"Ok"]
["LUNA EXPERIENCE SC400 40X250ML BOT IN",0,40,0,18.5,0,0,0,0,21.5,0,40,0,18.5,0,0,0,0,21.5,0,0,0,0,0,0,0,0,0,"Ok"]
["LUNA EXPERIENCE SC400 50X100ML BOT IN",0,45,0,37.5,0.9,0,0,0,8.4,0,45,0,36.6,0,0,0,0,8.4,0,0,0,0.89999999999999858,0.9,0,0,0,0,"Ok"]
["MOVENTO ENERGY SC240 40X250ML BOT IN",2.5,0,0,2.5,0,0,0,0,0,2.5,0,0,2.5,0,0,0,0,0,0,0,0,0,0,0,0,0,0,"Ok"]
["MOVENTO ENERGY SC240 50X100ML BOT IN",8.6999999999999993,0,0,8.6999999999999993,0,0,0,0,0,8.6999999999999993,0,0,8.6999999999999993,0,0,0,0,0,0,0,0,0,0,0,0,0,0,"Ok"]
["NATIVO WG75 100X50GR BAG IN",5,15,0,12.15,0,0,0,0,7.85,5,15,0,12.15,0,0,0,0,7.85,0,0,0,0,0,0,0,0,0,"Ok"]
["NATIVO WG75 10X1KG BAG IN",0,20,0,20,0,0,0,0,0,0,20,0,20,0,0,0,0,0,0,0,0,0,0,0,0,0,0,"Ok"]
["NATIVO WG75 20X500GR BAG IN",0,10,0,10,0,0,0,0,0,0,10,0,10,0,0,0,0,0,0,0,0,0,0,0,0,0,0,"Ok"]
["NATIVO WG75 40X250GR BAG IN",2.25,36,0,29.5,0,0,0,0,8.75,2.25,36,0,29.5,0,0,0,0,8.75,0,0,0,0,0,0,0,0,0,"Ok"]
["NATIVO WG75 50X100GR BAG IN",3.8,35,0,25.9,0,0,0,0,12.9,3.8,35,0,25.9,0,0,0,0,12.9,0,0,0,0,0,0,0,0,0,"Ok"]
["OBERON (T) SC240 40X200ML BOT IN",0,152,0,150.19999999999999,0,0,0,0,1.8,0,152,0,150.19999999999999,0,0,0,0,1.8,0,0,0,0,0,0,0,0,0,"Ok"]
["OBERON (T) SC240 50X100ML BOT IN",0.2,139.9,0,131.4,0,0,0,0,8.6999999999999993,0.2,139.9,0,131.4,0,0,0,0,8.6999999999999993,0,0,0,0,0,0,0,0,0,"Ok"]
["PLANOFIX SL4 5 50X100ML BOT IN",3.4,125,0,95.7,0,0,0,0,32.700000000000003,3.4,125,0,95.7,0,0,0,0,32.700000000000003,0,0,0,0,0,0,0,0,0,"Ok"]
["PROFILER WG71 11 20X250GR BAG IN",0,5,0,5,0,0,0,0,0,0,5,0,5,0,0,0,0,0,0,0,0,0,0,0,0,0,0,"Ok"]
["RAFT EC60 40X250ML BOT IN",0,0,0,0,0,0,0,0,0,0,0,0,0,0,0,0,0,0,0,0,0,0,0,0,0,0,0,"Ok"]
["REGENT (T) SC50 20X250ML BOT IN",0,745,0,695.75,0,0,0,0,49.25,0,745,0,695.75,0,0,0,0,49.25,0,0,0,0,0,0,0,0,0,"Ok"]
["REGENT (T) SC50 20X500ML BOT IN",14.5,550,0,564.5,0,0,0,0,0,14.5,550,0,564.5,0,0,0,0,0,0,0,0,0,0,0,0,0,0,"Ok"]
["REGENT (T) SC50 50X100ML BOT IN",52,250,0,292.39999999999998,0,0,0,0,9.6,52,250,0,292.39999999999998,0,0,0,0,9.6,0,0,0,0,0,0,0,0,0,"Ok"]
["REGENT GR0 3 20X1KG BAG IN",80,4760,0,4815,0,0,0,0,25,80,4760,0,4815,0,0,0,0,25,0,0,0,0,0,0,0,0,0,"Ok"]
["REGENT GR0 3 4X5KG BAG IN",90,9220,0,9270,30,0,0,0,70,90,9220,0,9240,0,0,0,0,70,0,0,0,30,30,0,0,0,0,"Ok"]
["SECTIN WG60 50X100GR BAG IN",2.2000000000000002,0,0,2.2000000000000002,0,0,0,0,0,2.2000000000000002,0,0,2.2000000000000002,0,0,0,0,0,0,0,0,0,0,0,0,0,0,"Ok"]
["SIVANTO PRIME SL200 50X100ML BOT IN",5,0,5,0,0,0,0,0,0,5,-5,0,0,0,0,0,0,0,0,5,5,0,0,0,0,0,0,"Ok"]
["SOLOMON OD300 10X1L BOT IN",0,20,0,20,0,0,0,0,0,0,20,0,20,0,0,0,0,0,0,0,0,0,0,0,0,0,0,"Ok"]
["SOLOMON OD300 20X500ML BOT IN",0,30,0,30,0,0,0,0,0,0,30,0,30,0,0,0,0,0,0,0,0,0,0,0,0,0,0,"Ok"]
["SOLOMON OD300 40X250ML BOT IN",2.25,130,0,112.75,0,0,0,0,19.5,2.25,130,0,112.75,0,0,0,0,19.5,0,0,0,0,0,0,0,0,0,"Ok"]
["SOLOMON OD300 50X100ML BOT IN",0,95,0,91.1,0,0,0,0,3.9,0,95,0,91.1,0,0,0,0,3.9,0,0,0,0,0,0,0,0,0,"Ok"]
["VELUM PRIME SC400 20X500ML BOT IN",6,17,0,16.5,0,0,0,0,6.5,6,17,0,16.5,0,0,0,0,6.5,0,0,0,0,0,0,0,0,0,"Ok"]
["VELUM PRIME SC400 40X250ML BOT IN",8.5,25.25,0,33.75,0,0,0,0,0,8.5,25.25,0,33.75,0,0,0,0,0,0,0,0,0,0,0,0,0,0,"Ok"]
["WHIPSUPER (T) EC90 40X250ML BOT IN",0,0,0,0,0,0,0,0,0,0,0,0,0,0,0,0,0,0,0,0,0,0,0,0,0,0,0,"Ok"]
["SECTIN WG60 20X600GR BAG IN",0,12,0,12,0,0,0,0,0,0,12,0,12,0,0,0,0,0,0,0,0,0,0,0,0,0,0,"Ok"]
["BUONOS SC430 40X250ML BOT IN",0,10,0,5,0,0,0,0,5,0,10,0,5,0,0,0,0,5,0,0,0,0,0,0,0,0,0,"Ok"]
["REGENT (T) SC50 10X1L BOT IN",60,180,0,227,0,0,0,0,13,60,180,0,227,0,0,0,0,13,0,0,0,0,0,0,0,0,0,"Ok"]
["ADMIRE (T) WG70 60X75GR BOT IN",0,0,0,0,0,0,0,0,0,0,0,0,0,0,0,0,0,0,0,0,0,0,0,0,0,0,0,"Ok"]
["ADUE WG70 6X100G BOT IN",0,0,0,0,0,0,0,0,0,0,0,0,0,0,0,0,0,0,0,0,0,0,0,0,0,0,0,"Ok"]
["ALANTO (T) SC240 50X100ML BOT IN",0,0,0,0,0,0,0,0,0,0,0,0,0,0,0,0,0,0,0,0,0,0,0,0,0,0,0,"Ok"]
["ALIETTE WP80 10X1KG BAG IN",0,0,0,0,0,0,0,0,0,0,0,0,0,0,0,0,0,0,0,0,0,0,0,0,0,0,0,"Ok"]
["ATLANTIS KL3 6 15X160GR BOT IN",0,0,0,0,0,0,0,0,0,0,0,0,0,0,0,0,0,0,0,0,0,0,0,0,0,0,0,"Ok"]
["BELT EXPERT SC480 50X100ML BOT IN",0,0,0,0,0,0,0,0,0,0,0,0,0,0,0,0,0,0,0,0,0,0,0,0,0,0,0,"Ok"]
["CONFIDOR (T) SL200 100X50ML BOT IN",0,0,0,0,0,0,0,0,0,0,0,0,0,0,0,0,0,0,0,0,0,0,0,0,0,0,0,"Ok"]
["CONFIDOR (T) SL200 20X250ML BOT IN",0,0,0,0,0,0,0,0,0,0,0,0,0,0,0,0,0,0,0,0,0,0,0,0,0,0,0,"Ok"]
["CONFIDOR (T) SL200 20X500ML BOT IN",0,0,0,0,0,0,0,0,0,0,0,0,0,0,0,0,0,0,0,0,0,0,0,0,0,0,0,"Ok"]
["CONFIDOR (T) SL200 50X100ML BOT IN",0,0,0,0,0,0,0,0,0,0,0,0,0,0,0,0,0,0,0,0,0,0,0,0,0,0,0,"Ok"]
["CONFIDOR SUPER (T) SC350 20X250ML BOT IN",0,0,0,0,0,0,0,0,0,0,0,0,0,0,0,0,0,0,0,0,0,0,0,0,0,0,0,"Ok"]
["CONFIDOR SUPER (T) SC350 50X100ML BOT IN",0,0,0,0,0,0,0,0,0,0,0,0,0,0,0,0,0,0,0,0,0,0,0,0,0,0,0,"Ok"]
["CONFIDOR SUPER (T) SC350 50X50ML BOT IN",0,0,0,0,0,0,0,0,0,0,0,0,0,0,0,0,0,0,0,0,0,0,0,0,0,0,0,"Ok"]
["DECIS EC 28 50X100ML BOT IN",0,0,0,0,0,0,0,0,0,0,0,0,0,0,0,0,0,0,0,0,0,0,0,0,0,0,0,"Ok"]
["DECIS EC101-2 40X250ML BOT IN",0,0,0,0,0,0,0,0,0,0,0,0,0,0,0,0,0,0,0,0,0,0,0,0,0,0,0,"Ok"]
["DECIS EC101-2 50X100ML BOX IN",0,0,0,0,0,0,0,0,0,0,0,0,0,0,0,0,0,0,0,0,0,0,0,0,0,0,0,"Ok"]
["DECIS EC24,6 2X5L BOT IN",0,0,0,0,0,0,0,0,0,0,0,0,0,0,0,0,0,0,0,0,0,0,0,0,0,0,0,"Ok"]
["FITREST SG5 40X100GR BOT IN",0,0,0,0,0,0,0,0,0,0,0,0,0,0,0,0,0,0,0,0,0,0,0,0,0,0,0,"Ok"]
["LAUDIS SC630 3X230ML BOT IN",0,0,0,0,0,0,0,0,0,0,0,0,0,0,0,0,0,0,0,0,0,0,0,0,0,0,0,"Ok"]
["MELODY DUO WP66 8 10X400GR BAG IN",0,0,0,0,0,0,0,0,0,0,0,0,0,0,0,0,0,0,0,0,0,0,0,0,0,0,0,"Ok"]
["MELODY DUO WP66 8 50X100GR BAG IN",0,0,0,0,0,0,0,0,0,0,0,0,0,0,0,0,0,0,0,0,0,0,0,0,0,0,0,"Ok"]
["OBERON (T) SC240 100X50ML BOT IN",0,0,0,0,0,0,0,0,0,0,0,0,0,0,0,0,0,0,0,0,0,0,0,0,0,0,0,"Ok"]
["RAFT EC60 10X1L BOT IN",0,0,0,0,0,0,0,0,0,0,0,0,0,0,0,0,0,0,0,0,0,0,0,0,0,0,0,"Ok"]
["RAFT EC60 20X500ML BOT IN",0,0,0,0,0,0,0,0,0,0,0,0,0,0,0,0,0,0,0,0,0,0,0,0,0,0,0,"Ok"]
["RAXIL (T) DS2 5X(25X40GR) BAG IN",0,0,0,0,0,0,0,0,0,0,0,0,0,0,0,0,0,0,0,0,0,0,0,0,0,0,0,"Ok"]
["RAXIL EASY FS60 100X50ML BOT IN",0,0,0,0,0,0,0,0,0,0,0,0,0,0,0,0,0,0,0,0,0,0,0,0,0,0,0,"Ok"]
["SENCOR WP70 60X100GR BAG IN",0,0,0,0,0,0,0,0,0,0,0,0,0,0,0,0,0,0,0,0,0,0,0,0,0,0,0,"Ok"]
["SPINTOR SC495 20X75ML BOT IN",0,0,0,0,0,0,0,0,0,0,0,0,0,0,0,0,0,0,0,0,0,0,0,0,0,0,0,"Ok"]
["WHIPSUPER (T) EC90 10X1L BOT IN",0,0,0,0,0,0,0,0,0,0,0,0,0,0,0,0,0,0,0,0,0,0,0,0,0,0,0,"Ok"]
["WHIPSUPER (T) EC90 20X500ML BOT IN",0,0,0,0,0,0,0,0,0,0,0,0,0,0,0,0,0,0,0,0,0,0,0,0,0,0,0,"Ok"]
["WHIPSUPER (T) EC90 50X100ML BOT IN",0,0,0,0,0,0,0,0,0,0,0,0,0,0,0,0,0,0,0,0,0,0,0,0,0,0,0,"Ok"]
["Total",{"$f":"SUM(B4:B108)","v":899.03000000000009},{"$f":"SUM(C4:C108)","v":21332.17},276.83999999999997,21172.42,39.9,0,0,0,821.84,899.03600000000006,21055.33,0,21132.514999999996,0,0,0,0,821.851,-6.0000000000000053E-3,276.83999999999997,276.83999999999997,39.904999999999994,39.9,0,0,0,-1.1000000000001009E-2]