{"text_format":"1","workbook":"xlsx","n_sheets":8,"sheets":["Navigation","Dealer Report","Dealer Report working","Master","Final Dealer Work","Zylem SNS Report","OPG","Reco"],"not_rendered":{"charts":0,"images":0,"macros":1,"external_links":2,"defined_names":11,"comments":0,"pivot_tables":1},"unopened":[],"bounds":{"document_bytes":16777216,"sheet_cells":100000,"rows_first":2000,"rows_last":500,"rows_between":2000,"halvings":0,"cell_chars":16384,"cell_head_chars":4096},"cells_cut":0,"cells_raw":0,"read":"whole","date_system":"1900"}

{"sheet":"Navigation","index":0,"n_rows":8,"n_cols":12,"rows_kept":8,"cut":false,"hidden":false,"merged":[]}
[]
[]
[]
[]
[]
[]
[null,null,null,null,null,null,null,null,null,null,"Mahesh Agro Serv.Centre"]
[null,null,null,null,null,null,null,null,null,null,null,"Stock and Sales FOR THE PERIOD 01-Jan-2020 TO 31-Mar-2020"]

{"sheet":"Dealer Report","index":1,"n_rows":97,"n_cols":5,"rows_kept":97,"cut":false,"hidden":false,"merged":[]}
["Mahesh Agro Service Centre Deoli(2018)"]
["Naharu Market Deoli"]
["Bayer Crop.(Pestiside)"]
["Stock Summary"]
["1-Jan-2020 to 31-Mar-2020"]
["","Bayer Crop.(Pestiside)"]
["","Mahesh Agro Service Centre Deoli(2018)"]
["Particulars","1-Jan-2020 to 31-Mar-2020"]
["","Opening Balance","Inwards","Outwards","Closing Balance"]
["","Quantity","Quantity","Quantity","Quantity"]
["Admire WG70 2GM  (Bayer)",880,null,362,518]
["Admire WG70 30GM  (Bayer)",147,null,26,121]
["Aliette WP80% 100Gm (Bayer)",105,null,4,101]
["Aliette WP80% 1Kg (Bayer)"]
["Aliette WP 80% 250Gm(Bayer)",27,null,3,24]
["Antracol(T)WP70 100Gm (Bayer)",240,null,122,118]
["Antracol(T)WP70 1kg (Bayer)"]
["Antracol(T) WP70  250gm (Bayer)",129,40,131,38]
["Antracol(T)WP 70 500 Gm (Bayer)",179,null,103,76]
["Belt Expert SC 100Ml Bot.(Bayer)",2650,-2550,100]
["Confidor(T)SL- 100ML Bot (Bayer)",44,null,20,24]
["Confidor(T)SL- 250ML Bot (Bayer)",28,null,0.75,27.25]
["Confidor(T)SL- 500ml Bot (Bayer)",50,null,16,34]
["Confidor(T)SL- 50ml Bot (Bayer)",200,null,94,106]
["Decis EC 28% 1 Lt Bot (Bayer)",6,null,2,4]
["Decis EC 28%  250Ml Bot(Bayer)",27,null,3,24]
["Decis EC 28%  500Ml Bot(Bayer)",20,null,17,3]
["Evergol Xtend 100 Ml (Bayer)",71,null,1,70]
["Evergol Xtend 40 Ml (Bayer)",543,null,61,482]
["Fame (T) Sc 100ml (Bayer)",205,-100,90,15]
["Fame (T) SC 10 Ml (Bayer)"]
["Fame (T) Sc 250ml (Bayer)",112,-56,43,13]
["Fame(T)Sc 50ml (Bayer)",24,null,21,3]
["Fipronil 0.3% GR 5kg (Bayer)",5,null,5]
["Fipronil 5% SC 500ml (Bayer)",30,null,30]
["Folicur EC 1 LTR(Bayer)"]
["Folicur EC250   100Ml BOT(Bayer)",95,null,70,25]
["Folicur EC250   250Ml BOT(Bayer)",2,null,null,2]
["Foost WP50 -250Gm (Bayer)"]
["Foost WP50 -500Gm (Bayer)",1425,null,null,1425]
["Gauchoo  100Ml (Bayer)",453,null,271,182]
["Gauchoo 1 Lt (Bayer)",170,null,null,170]
["Gauchoo  250Ml (Bayer)",370,null,9,361]
["Gauchoo  50Ml (Bayer)",532,null,5,527]
["Gauchoo 5 Lt (Bayer)",8,null,null,8]
["Infinito SC 100ML Bot(Bayer)",100,null,100]
["Infinito SC 500ML Bot(Bayer)",39,null,20,19]
["Jump 2 Gm (BAYER)",6232,null,702,5530]
["Larvin WP75- 100Gm (Bayer)",20,null,null,20]
["Larvin WP75- 250Gm (Bayer)",47,null,null,47]
["Larvin WP75- 500Gm (Bayer)",34,null,null,34]
["Laudis SC630- 115Ml Bot (Bayer)",24,null,null,24]
["Laudis SC630- 57.5Ml Bot (Bayer)",7,null,null,7]
["Lauduis SC630 - 230ml (Bayer)",3,null,null,3]
["Lesenta WG80 - 40Gm(Bayer)",94,null,3,91]
["Luna Experience SC400- 100Ml(Bayer)",300,null,200,100]
["Luna Experience SC400- 250Ml(Bayer)",348,null,126,222]
["Movento Energy 100 Ml (Bayer)",50,null,50]
["Movento Energy- 250Ml (Bayer)",55,null,49,6]
["Nativo WG75- 100Gm (Bayer)",184,null,184]
["Nativo WG75 - 1kg (Bayer)"]
["Nativo WG75- 250Gm (Bayer)",130,null,88,42]
["Nativo WG75- 500Gm (Bayer)",8,null,null,8]
["Nativo WG75- 50Gm (Bayer)",248,null,151,97]
["Oberon SC- 100Ml (Bayer)",125,null,7,118]
["Oberon SC- 200Ml (Bayer)",154,null,70,84]
["Planofix 100 Ml (Bayer)",25.1,null,18.100000000000001,7]
["PPE Full Set  (Bayer)",10,null,null,10]
["PPE Mini Kit  (Bayer)",60,null,null,60]
["Raft EC 1lt (Bayer)",5,null,null,5]
["Raft EC 60%  250ml (Bayer)",15,null,null,15]
["Raft EC 60%  500ml (Bayer)"]
["Regent GR0-3- 1Kg (Bayer)",487,null,51,436]
["Regent GR0-3  5kg (Bayer)",158,null,17,141]
["Regent SC50- 100Ml BOT (Bayer)",-407,null,14,-421]
["Regent SC50 - 1Ltr(Bayer)",4,null,null,4]
["Regent SC50- 250Ml BOT (Bayer)",31,null,29,2]
["Regent SC50  500Ml Bot (Bayer)",186,null,30,156]
["Sencor WP70% 100Gm  (Bayer)"]
["Solomon OD300- 100Ml(Bayer)",26,null,18,8]
["Solomon OD300- 250Ml(Bayer)",24,null,1,23]
["Spintor SC-75ml (Bayer)"]
["Sunrice WG15  50Gm Bot(Bayer)"]
["Velum Prime SC400 - 250Ml Bot.(Bayer)",62,null,-33,95]
["Velum Prime SC400 - 500Ml Bot.(Bayer)",140,null,null,140]
["Whip Super(T)EC90- 250Ml(Bayer)",25,null,null,25]
["Bajra (9001) 1.5Kg (Bayer)",228,null,228]
["Bajra (9180 LOC)  1.5Kg (Bayer)"]
["Bajra (9444)  1.5Kg (Bayer)",4,null,4]
["Bajra (9450) 1.5Kg (Bayer)",-15,228,null,213]
["Bajra (9450) - 4.5Kg (Bayer)"]
["Bitter Gaurd 500 Seeds 61 Gm (Bayer)"]
["B.T.Cotton 7007BG 2-450Gm(Bayer)"]
["B.T.Cotton 7172BG 2-450Gm(Bayer)",4,null,4]
["Mustard 5222 - 1 Kg (Bayer)",3,null,3]
["Mustard PA5210 - 1kg (Bayer)",91,null,null,91]
["total",{"$f":"SUM(B11:B96)","v":18145.099999999999},-2438,3743.85,11963.25]

{"sheet":"Dealer Report working","index":2,"n_rows":87,"n_cols":14,"rows_kept":87,"cut":false,"hidden":false,"merged":[]}
["Particulars","Opening Qty","Purchase Qty","Sales Qty","CLSG","Master Name",null,null,null,null,"Values"]
["Admire WG70 2GM  (Bayer)",880,null,362,518,"ADMIRE WG70 125X(8X2GR) BAG IN",null,null,null,"Row Labels","Sum of Opening Qty","Sum of Purchase Qty","Sum of Sales Qty","Sum of CLSG"]
["Admire WG70 30GM  (Bayer)",147,null,26,121,"ADMIRE (T) WG70 150X30GR BOT IN",null,null,null,"ADMIRE (T) WG70 150X30GR BOT IN",147,null,26,121]
["Aliette WP80% 100Gm (Bayer)",105,null,4,101,"ALIETTE WP80 40X100GR BAG IN",null,null,null,"ADMIRE WG70 125X(8X2GR) BAG IN",880,null,362,518]
["Aliette WP80% 1Kg (Bayer)",null,null,null,null,"ALIETTE WP80 10X1KG BAG IN",null,null,null,"ALIETTE WP80 10X1KG BAG IN"]
["Aliette WP 80% 250Gm(Bayer)",27,null,3,24,"ALIETTE WP80 20X250GR BAG IN",null,null,null,"ALIETTE WP80 20X250GR BAG IN",27,null,3,24]
["Antracol(T)WP70 100Gm (Bayer)",240,null,122,118,"ANTRACOL (T) WP70 50X100GR BAG IN",null,null,null,"ALIETTE WP80 40X100GR BAG IN",105,null,4,101]
["Antracol(T)WP70 1kg (Bayer)",null,null,null,null,"ANTRACOL (T) WP70 10X1KG BAG IN",null,null,null,"ANTRACOL (T) WP70 10X1KG BAG IN"]
["Antracol(T) WP70  250gm (Bayer)",129,40,131,38,"ANTRACOL (T) WP70 40X250GR BAG IN",null,null,null,"ANTRACOL (T) WP70 20X500GR BAG IN",179,null,103,76]
["Antracol(T)WP 70 500 Gm (Bayer)",179,null,103,76,"ANTRACOL (T) WP70 20X500GR BAG IN",null,null,null,"ANTRACOL (T) WP70 40X250GR BAG IN",129,40,131,38]
["Belt Expert SC 100Ml Bot.(Bayer)",2650,-2550,100,null,"BELT EXPERT SC480 50X100ML BOT IN",null,null,null,"ANTRACOL (T) WP70 50X100GR BAG IN",240,null,122,118]
["Confidor(T)SL- 100ML Bot (Bayer)",44,null,20,24,"CONFIDOR (T) SL200 50X100ML BOT IN",null,null,null,"BELT EXPERT SC480 50X100ML BOT IN",2650,-2550,100]
["Confidor(T)SL- 250ML Bot (Bayer)",28,null,0.75,27.25,"CONFIDOR (T) SL200 20X250ML BOT IN",null,null,null,"CONFIDOR (T) SL200 100X50ML BOT IN",200,null,94,106]
["Confidor(T)SL- 500ml Bot (Bayer)",50,null,16,34,"CONFIDOR (T) SL200 20X500ML BOT IN",null,null,null,"CONFIDOR (T) SL200 20X250ML BOT IN",28,null,0.75,27.25]
["Confidor(T)SL- 50ml Bot (Bayer)",200,null,94,106,"CONFIDOR (T) SL200 100X50ML BOT IN",null,null,null,"CONFIDOR (T) SL200 20X500ML BOT IN",50,null,16,34]
["Decis EC 28% 1 Lt Bot (Bayer)",6,null,2,4,"DECIS EC 28 10X1L BOT IN",null,null,null,"CONFIDOR (T) SL200 50X100ML BOT IN",44,null,20,24]
["Decis EC 28%  250Ml Bot(Bayer)",27,null,3,24,"DECIS EC 28 40X250ML BOT IN",null,null,null,"DECIS EC 28 10X1L BOT IN",6,null,2,4]
["Decis EC 28%  500Ml Bot(Bayer)",20,null,17,3,"DECIS EC 28 20X500ML BOT IN",null,null,null,"DECIS EC 28 20X500ML BOT IN",20,null,17,3]
["Evergol Xtend 100 Ml (Bayer)",71,null,1,70,"EVERGOL XTEND FS308 50X100ML BOT IN",null,null,null,"DECIS EC 28 40X250ML BOT IN",27,null,3,24]
["Evergol Xtend 40 Ml (Bayer)",543,null,61,482,"EVERGOL XTEND FS308 100X40ML BOT IN",null,null,null,"DISCOUNTINUE PRODUCT",70,null,null,70]
["Fame (T) Sc 100ml (Bayer)",205,-100,90,15,"FAME (T) SC480 20X100ML BOT IN",null,null,null,"EVERGOL XTEND FS308 100X40ML BOT IN",543,null,61,482]
["Fame (T) SC 10 Ml (Bayer)",null,null,null,null,"FAME (T) SC480 10X(20X10ML) BOT IN",null,null,null,"EVERGOL XTEND FS308 50X100ML BOT IN",71,null,1,70]
["Fame (T) Sc 250ml (Bayer)",112,-56,43,13,"FAME (T) SC480 8X250ML BOT IN",null,null,null,"FAME (T) SC480 10X(20X10ML) BOT IN"]
["Fame(T)Sc 50ml (Bayer)",24,null,21,3,"FAME (T) SC480 40X50ML BOT IN",null,null,null,"FAME (T) SC480 20X100ML BOT IN",205,-100,90,15]
["Fipronil 0.3% GR 5kg (Bayer)",5,null,5,null,"REGENT GR0 3 4X5KG BAG IN",null,null,null,"FAME (T) SC480 40X50ML BOT IN",24,null,21,3]
["Fipronil 5% SC 500ml (Bayer)",30,null,30,null,"REGENT (T) SC50 20X500ML BOT IN",null,null,null,"FAME (T) SC480 8X250ML BOT IN",112,-56,43,13]
["Folicur EC 1 LTR(Bayer)",null,null,null,null,"FOLICUR (T) EC250 10X1L BOT IN",null,null,null,"FOLICUR (T) EC250 10X1L BOT IN"]
["Folicur EC250   100Ml BOT(Bayer)",95,null,70,25,"FOLICUR (T) EC250 50X100ML BOT IN",null,null,null,"FOLICUR (T) EC250 40X250ML BOT IN",2,null,null,2]
["Folicur EC250   250Ml BOT(Bayer)",2,null,null,2,"FOLICUR (T) EC250 40X250ML BOT IN",null,null,null,"FOLICUR (T) EC250 50X100ML BOT IN",95,null,70,25]
["Foost WP50 -250Gm (Bayer)",null,null,null,null,"FOOST WP50 20X250G BAG IN",null,null,null,"FOOST WP50 20X250G BAG IN"]
["Foost WP50 -500Gm (Bayer)",1425,null,null,1425,"FOOST WP50 24X500G BAG IN",null,null,null,"FOOST WP50 24X500G BAG IN",1425,null,null,1425]
["Gauchoo  100Ml (Bayer)",453,null,271,182,"GAUCHO FS600 50X100ML BOT IN",null,null,null,"GAUCHO FS600 100X50ML BOT IN",532,null,5,527]
["Gauchoo 1 Lt (Bayer)",170,null,null,170,"GAUCHO FS600 2X(5X1L) BOT IN",null,null,null,"GAUCHO FS600 2X(5X1L) BOT IN",170,null,null,170]
["Gauchoo  250Ml (Bayer)",370,null,9,361,"GAUCHO FS600 40X250ML BOT IN",null,null,null,"GAUCHO FS600 2X5L BOT IN",8,null,null,8]
["Gauchoo  50Ml (Bayer)",532,null,5,527,"GAUCHO FS600 100X50ML BOT IN",null,null,null,"GAUCHO FS600 40X250ML BOT IN",370,null,9,361]
["Gauchoo 5 Lt (Bayer)",8,null,null,8,"GAUCHO FS600 2X5L BOT IN",null,null,null,"GAUCHO FS600 50X100ML BOT IN",453,null,271,182]
["Infinito SC 100ML Bot(Bayer)",100,null,100,null,"INFINITO SC687 5 50X100ML BOT IN",null,null,null,"INFINITO SC687 5 20X500ML BOT IN",39,null,20,19]
["Infinito SC 500ML Bot(Bayer)",39,null,20,19,"INFINITO SC687 5 20X500ML BOT IN",null,null,null,"INFINITO SC687 5 50X100ML BOT IN",100,null,100]
["Jump 2 Gm (BAYER)",6232,null,702,5530,"JUMP WG80 160X(10X2GR) BAG IN",null,null,null,"JUMP WG80 160X(10X2GR) BAG IN",6232,null,702,5530]
["Larvin WP75- 100Gm (Bayer)",20,null,null,20,"LARVIN (T) WP75 40X100GR BAG IN",null,null,null,"LARVIN (T) WP75 20X250GR BAG IN",47,null,null,47]
["Larvin WP75- 250Gm (Bayer)",47,null,null,47,"LARVIN (T) WP75 20X250GR BAG IN",null,null,null,"LARVIN (T) WP75 20X500GR BAG IN",34,null,null,34]
["Larvin WP75- 500Gm (Bayer)",34,null,null,34,"LARVIN (T) WP75 20X500GR BAG IN",null,null,null,"LARVIN (T) WP75 40X100GR BAG IN",20,null,null,20]
["Laudis SC630- 115Ml Bot (Bayer)",24,null,null,24,"LAUDIS SC630 8X115ML BOT IN",null,null,null,"LAUDIS SC630 10X57.5ML BOT IN",7,null,null,7]
["Laudis SC630- 57.5Ml Bot (Bayer)",7,null,null,7,"LAUDIS SC630 10X57.5ML BOT IN",null,null,null,"LAUDIS SC630 3X230ML BOT IN",3,null,null,3]
["Lauduis SC630 - 230ml (Bayer)",3,null,null,3,"LAUDIS SC630 3X230ML BOT IN",null,null,null,"LAUDIS SC630 8X115ML BOT IN",24,null,null,24]
["Lesenta WG80 - 40Gm(Bayer)",94,null,3,91,"LESENTA WG80 100X40GR BAG IN",null,null,null,"LESENTA WG80 100X40GR BAG IN",94,null,3,91]
["Luna Experience SC400- 100Ml(Bayer)",300,null,200,100,"LUNA EXPERIENCE SC400 50X100ML BOT IN",null,null,null,"LUNA EXPERIENCE SC400 40X250ML BOT IN",348,null,126,222]
["Luna Experience SC400- 250Ml(Bayer)",348,null,126,222,"LUNA EXPERIENCE SC400 40X250ML BOT IN",null,null,null,"LUNA EXPERIENCE SC400 50X100ML BOT IN",300,null,200,100]
["Movento Energy 100 Ml (Bayer)",50,null,50,null,"MOVENTO ENERGY SC240 50X100ML BOT IN",null,null,null,"MILLET HYBRID 9001 20X1.5 BAG IN",228,null,228]
["Movento Energy- 250Ml (Bayer)",55,null,49,6,"MOVENTO ENERGY SC240 40X250ML BOT IN",null,null,null,"MILLET HYBRID 9444 20X1.5KG BAG IN",4,null,4]
["Nativo WG75- 100Gm (Bayer)",184,null,184,null,"NATIVO WG75 50X100GR BAG IN",null,null,null,"MILLET HYBRID 9450 20X1 5KG BAG IN",-15,228,null,213]
["Nativo WG75 - 1kg (Bayer)",null,null,null,null,"NATIVO WG75 10X1KG BAG IN",null,null,null,"MILLET HYBRID 9450 6X4.5KG BAG IN"]
["Nativo WG75- 250Gm (Bayer)",130,null,88,42,"NATIVO WG75 40X250GR BAG IN",null,null,null,"MILLET PA 9180 (LOC) 20X1.50KG BAG IN"]
["Nativo WG75- 500Gm (Bayer)",8,null,null,8,"NATIVO WG75 20X500GR BAG IN",null,null,null,"MOVENTO ENERGY SC240 40X250ML BOT IN",55,null,49,6]
["Nativo WG75- 50Gm (Bayer)",248,null,151,97,"NATIVO WG75 100X50GR BAG IN",null,null,null,"MOVENTO ENERGY SC240 50X100ML BOT IN",50,null,50]
["Oberon SC- 100Ml (Bayer)",125,null,7,118,"OBERON (T) SC240 50X100ML BOT IN",null,null,null,"MUSTARD 5222 30X1KG BAG IN",3,null,3]
["Oberon SC- 200Ml (Bayer)",154,null,70,84,"OBERON (T) SC240 40X200ML BOT IN",null,null,null,"MUSTARD PA 5210 (LOC) 30X1KG BAG IN",91,null,null,91]
["Planofix 100 Ml (Bayer)",25.1,null,18.100000000000001,7,"PLANOFIX SL4 5 50X100ML BOT IN",null,null,null,"NATIVO WG75 100X50GR BAG IN",248,null,151,97]
["PPE Full Set  (Bayer)",10,null,null,10,"DISCOUNTINUE PRODUCT",null,null,null,"NATIVO WG75 10X1KG BAG IN"]
["PPE Mini Kit  (Bayer)",60,null,null,60,"DISCOUNTINUE PRODUCT",null,null,null,"NATIVO WG75 20X500GR BAG IN",8,null,null,8]
["Raft EC 1lt (Bayer)",5,null,null,5,"RAFT EC60 10X1L BOT IN",null,null,null,"NATIVO WG75 40X250GR BAG IN",130,null,88,42]
["Raft EC 60%  250ml (Bayer)",15,null,null,15,"RAFT EC60 40X250ML BOT IN",null,null,null,"NATIVO WG75 50X100GR BAG IN",184,null,184]
["Raft EC 60%  500ml (Bayer)",null,null,null,null,"RAFT EC60 20X500ML BOT IN",null,null,null,"OBERON (T) SC240 40X200ML BOT IN",154,null,70,84]
["Regent GR0-3- 1Kg (Bayer)",487,null,51,436,"REGENT GR0 3 20X1KG BAG IN",null,null,null,"OBERON (T) SC240 50X100ML BOT IN",125,null,7,118]
["Regent GR0-3  5kg (Bayer)",158,null,17,141,"REGENT GR0 3 4X5KG BAG IN",null,null,null,"PLANOFIX SL4 5 50X100ML BOT IN",25.1,null,18.100000000000001,7]
["Regent SC50- 100Ml BOT (Bayer)",-407,null,14,-421,"REGENT (T) SC50 50X100ML BOT IN",null,null,null,"RAFT EC60 10X1L BOT IN",5,null,null,5]
["Regent SC50 - 1Ltr(Bayer)",4,null,null,4,"REGENT (T) SC50 10X1L BOT IN",null,null,null,"RAFT EC60 20X500ML BOT IN"]
["Regent SC50- 250Ml BOT (Bayer)",31,null,29,2,"REGENT (T) SC50 20X250ML BOT IN",null,null,null,"RAFT EC60 40X250ML BOT IN",15,null,null,15]
["Regent SC50  500Ml Bot (Bayer)",186,null,30,156,"REGENT (T) SC50 20X500ML BOT IN",null,null,null,"REGENT (T) SC50 10X1L BOT IN",4,null,null,4]
["Sencor WP70% 100Gm  (Bayer)",null,null,null,null,"SENCOR WP70 60X100GR BAG IN",null,null,null,"REGENT (T) SC50 20X250ML BOT IN",31,null,29,2]
["Solomon OD300- 100Ml(Bayer)",26,null,18,8,"SOLOMON OD300 50X100ML BOT IN",null,null,null,"REGENT (T) SC50 20X500ML BOT IN",216,null,60,156]
["Solomon OD300- 250Ml(Bayer)",24,null,1,23,"SOLOMON OD300 40X250ML BOT IN",null,null,null,"REGENT (T) SC50 50X100ML BOT IN",-407,null,14,-421]
["Spintor SC-75ml (Bayer)",null,null,null,null,"SPINTOR SC495 20X75ML BOT IN",null,null,null,"REGENT GR0 3 20X1KG BAG IN",487,null,51,436]
["Sunrice WG15  50Gm Bot(Bayer)",null,null,null,null,"SUNRICE WG15 100X50GR BOT IN",null,null,null,"REGENT GR0 3 4X5KG BAG IN",163,null,22,141]
["Velum Prime SC400 - 250Ml Bot.(Bayer)",62,null,-33,95,"VELUM PRIME SC400 40X250ML BOT IN",null,null,null,"SENCOR WP70 60X100GR BAG IN"]
["Velum Prime SC400 - 500Ml Bot.(Bayer)",140,null,null,140,"VELUM PRIME SC400 20X500ML BOT IN",null,null,null,"SOLOMON OD300 40X250ML BOT IN",24,null,1,23]
["Whip Super(T)EC90- 250Ml(Bayer)",25,null,null,25,"WHIPSUPER (T) EC90 40X250ML BOT IN",null,null,null,"SOLOMON OD300 50X100ML BOT IN",26,null,18,8]
["Bajra (9001) 1.5Kg (Bayer)",228,null,228,null,"MILLET HYBRID 9001 20X1.5 BAG IN",null,null,null,"SPINTOR SC495 20X75ML BOT IN"]
["Bajra (9180 LOC)  1.5Kg (Bayer)",null,null,null,null,"MILLET PA 9180 (LOC) 20X1.50KG BAG IN",null,null,null,"SUNRICE WG15 100X50GR BOT IN"]
["Bajra (9444)  1.5Kg (Bayer)",4,null,4,null,"MILLET HYBRID 9444 20X1.5KG BAG IN",null,null,null,"SURPASS 7007 BG2 20X450GR BOX IN"]
["Bajra (9450) 1.5Kg (Bayer)",-15,228,null,213,"MILLET HYBRID 9450 20X1 5KG BAG IN",null,null,null,"SURPASS 7172 BG2 20X450GR BAG IN",4,null,4]
["Bajra (9450) - 4.5Kg (Bayer)",null,null,null,null,"MILLET HYBRID 9450 6X4.5KG BAG IN",null,null,null,"VELUM PRIME SC400 20X500ML BOT IN",140,null,null,140]
["Bitter Gaurd 500 Seeds 61 Gm (Bayer)",null,null,null,null,"DISCOUNTINUE PRODUCT",null,null,null,"VELUM PRIME SC400 40X250ML BOT IN",62,null,-33,95]
["B.T.Cotton 7007BG 2-450Gm(Bayer)",null,null,null,null,"SURPASS 7007 BG2 20X450GR BOX IN",null,null,null,"WHIPSUPER (T) EC90 40X250ML BOT IN",25,null,null,25]
["B.T.Cotton 7172BG 2-450Gm(Bayer)",4,null,4,null,"SURPASS 7172 BG2 20X450GR BAG IN",null,null,null,"Grand Total",18145.099999999999,-2438,3743.85,11963.25]
["Mustard 5222 - 1 Kg (Bayer)",3,null,3,null,"MUSTARD 5222 30X1KG BAG IN"]
["Mustard PA5210 - 1kg (Bayer)",91,null,null,91,"MUSTARD PA 5210 (LOC) 30X1KG BAG IN"]

{"sheet":"Master","index":3,"n_rows":87,"n_cols":2,"rows_kept":87,"cut":false,"hidden":false,"merged":[]}
["Item Details","Master Name"]
["Admire WG70 2GM  (Bayer)","ADMIRE WG70 125X(8X2GR) BAG IN"]
["Admire WG70 30GM  (Bayer)","ADMIRE (T) WG70 150X30GR BOT IN"]
["Aliette WP80% 100Gm (Bayer)","ALIETTE WP80 40X100GR BAG IN"]
["Aliette WP80% 1Kg (Bayer)","ALIETTE WP80 10X1KG BAG IN"]
["Aliette WP 80% 250Gm(Bayer)","ALIETTE WP80 20X250GR BAG IN"]
["Antracol(T)WP70 100Gm (Bayer)","ANTRACOL (T) WP70 50X100GR BAG IN"]
["Antracol(T)WP70 1kg (Bayer)","ANTRACOL (T) WP70 10X1KG BAG IN"]
["Antracol(T) WP70  250gm (Bayer)","ANTRACOL (T) WP70 40X250GR BAG IN"]
["Antracol(T)WP 70 500 Gm (Bayer)","ANTRACOL (T) WP70 20X500GR BAG IN"]
["Belt Expert SC 100Ml Bot.(Bayer)","BELT EXPERT SC480 50X100ML BOT IN"]
["Confidor(T)SL- 100ML Bot (Bayer)","CONFIDOR (T) SL200 50X100ML BOT IN"]
["Confidor(T)SL- 250ML Bot (Bayer)","CONFIDOR (T) SL200 20X250ML BOT IN"]
["Confidor(T)SL- 500ml Bot (Bayer)","CONFIDOR (T) SL200 20X500ML BOT IN"]
["Confidor(T)SL- 50ml Bot (Bayer)","CONFIDOR (T) SL200 100X50ML BOT IN"]
["Decis EC 28% 1 Lt Bot (Bayer)","DECIS EC 28 10X1L BOT IN"]
["Decis EC 28%  250Ml Bot(Bayer)","DECIS EC 28 40X250ML BOT IN"]
["Decis EC 28%  500Ml Bot(Bayer)","DECIS EC 28 20X500ML BOT IN"]
["Evergol Xtend 100 Ml (Bayer)","EVERGOL XTEND FS308 50X100ML BOT IN"]
["Evergol Xtend 40 Ml (Bayer)","EVERGOL XTEND FS308 100X40ML BOT IN"]
["Fame (T) Sc 100ml (Bayer)","FAME (T) SC480 20X100ML BOT IN"]
["Fame (T) SC 10 Ml (Bayer)","FAME (T) SC480 10X(20X10ML) BOT IN"]
["Fame (T) Sc 250ml (Bayer)","FAME (T) SC480 8X250ML BOT IN"]
["Fame(T)Sc 50ml (Bayer)","FAME (T) SC480 40X50ML BOT IN"]
["Fipronil 0.3% GR 5kg (Bayer)","REGENT GR0 3 4X5KG BAG IN"]
["Fipronil 5% SC 500ml (Bayer)","REGENT (T) SC50 20X500ML BOT IN"]
["Folicur EC 1 LTR(Bayer)","FOLICUR (T) EC250 10X1L BOT IN"]
["Folicur EC250   100Ml BOT(Bayer)","FOLICUR (T) EC250 50X100ML BOT IN"]
["Folicur EC250   250Ml BOT(Bayer)","FOLICUR (T) EC250 40X250ML BOT IN"]
["Foost WP50 -250Gm (Bayer)","FOOST WP50 20X250G BAG IN"]
["Foost WP50 -500Gm (Bayer)","FOOST WP50 24X500G BAG IN"]
["Gauchoo  100Ml (Bayer)","GAUCHO FS600 50X100ML BOT IN"]
["Gauchoo 1 Lt (Bayer)","GAUCHO FS600 2X(5X1L) BOT IN"]
["Gauchoo  250Ml (Bayer)","GAUCHO FS600 40X250ML BOT IN"]
["Gauchoo  50Ml (Bayer)","GAUCHO FS600 100X50ML BOT IN"]
["Gauchoo 5 Lt (Bayer)","GAUCHO FS600 2X5L BOT IN"]
["Infinito SC 100ML Bot(Bayer)","INFINITO SC687 5 50X100ML BOT IN"]
["Infinito SC 500ML Bot(Bayer)","INFINITO SC687 5 20X500ML BOT IN"]
["Jump 2 Gm (BAYER)","JUMP WG80 160X(10X2GR) BAG IN"]
["Larvin WP75- 100Gm (Bayer)","LARVIN (T) WP75 40X100GR BAG IN"]
["Larvin WP75- 250Gm (Bayer)","LARVIN (T) WP75 20X250GR BAG IN"]
["Larvin WP75- 500Gm (Bayer)","LARVIN (T) WP75 20X500GR BAG IN"]
["Laudis SC630- 115Ml Bot (Bayer)","LAUDIS SC630 8X115ML BOT IN"]
["Laudis SC630- 57.5Ml Bot (Bayer)","LAUDIS SC630 10X57.5ML BOT IN"]
["Lauduis SC630 - 230ml (Bayer)","LAUDIS SC630 3X230ML BOT IN"]
["Lesenta WG80 - 40Gm(Bayer)","LESENTA WG80 100X40GR BAG IN"]
["Luna Experience SC400- 100Ml(Bayer)","LUNA EXPERIENCE SC400 50X100ML BOT IN"]
["Luna Experience SC400- 250Ml(Bayer)","LUNA EXPERIENCE SC400 40X250ML BOT IN"]
["Movento Energy 100 Ml (Bayer)","MOVENTO ENERGY SC240 50X100ML BOT IN"]
["Movento Energy- 250Ml (Bayer)","MOVENTO ENERGY SC240 40X250ML BOT IN"]
["Nativo WG75- 100Gm (Bayer)","NATIVO WG75 50X100GR BAG IN"]
["Nativo WG75 - 1kg (Bayer)","NATIVO WG75 10X1KG BAG IN"]
["Nativo WG75- 250Gm (Bayer)","NATIVO WG75 40X250GR BAG IN"]
["Nativo WG75- 500Gm (Bayer)","NATIVO WG75 20X500GR BAG IN"]
["Nativo WG75- 50Gm (Bayer)","NATIVO WG75 100X50GR BAG IN"]
["Oberon SC- 100Ml (Bayer)","OBERON (T) SC240 50X100ML BOT IN"]
["Oberon SC- 200Ml (Bayer)","OBERON (T) SC240 40X200ML BOT IN"]
["Planofix 100 Ml (Bayer)","PLANOFIX SL4 5 50X100ML BOT IN"]
["PPE Full Set  (Bayer)","DISCOUNTINUE PRODUCT"]
["PPE Mini Kit  (Bayer)","DISCOUNTINUE PRODUCT"]
["Raft EC 1lt (Bayer)","RAFT EC60 10X1L BOT IN"]
["Raft EC 60%  250ml (Bayer)","RAFT EC60 40X250ML BOT IN"]
["Raft EC 60%  500ml (Bayer)","RAFT EC60 20X500ML BOT IN"]
["Regent GR0-3- 1Kg (Bayer)","REGENT GR0 3 20X1KG BAG IN"]
["Regent GR0-3  5kg (Bayer)","REGENT GR0 3 4X5KG BAG IN"]
["Regent SC50- 100Ml BOT (Bayer)","REGENT (T) SC50 50X100ML BOT IN"]
["Regent SC50 - 1Ltr(Bayer)","REGENT (T) SC50 10X1L BOT IN"]
["Regent SC50- 250Ml BOT (Bayer)","REGENT (T) SC50 20X250ML BOT IN"]
["Regent SC50  500Ml Bot (Bayer)","REGENT (T) SC50 20X500ML BOT IN"]
["Sencor WP70% 100Gm  (Bayer)","SENCOR WP70 60X100GR BAG IN"]
["Solomon OD300- 100Ml(Bayer)","SOLOMON OD300 50X100ML BOT IN"]
["Solomon OD300- 250Ml(Bayer)","SOLOMON OD300 40X250ML BOT IN"]
["Spintor SC-75ml (Bayer)","SPINTOR SC495 20X75ML BOT IN"]
["Sunrice WG15  50Gm Bot(Bayer)","SUNRICE WG15 100X50GR BOT IN"]
["Velum Prime SC400 - 250Ml Bot.(Bayer)","VELUM PRIME SC400 40X250ML BOT IN"]
["Velum Prime SC400 - 500Ml Bot.(Bayer)","VELUM PRIME SC400 20X500ML BOT IN"]
["Whip Super(T)EC90- 250Ml(Bayer)","WHIPSUPER (T) EC90 40X250ML BOT IN"]
["Bajra (9001) 1.5Kg (Bayer)","MILLET HYBRID 9001 20X1.5 BAG IN"]
["Bajra (9180 LOC)  1.5Kg (Bayer)","MILLET PA 9180 (LOC) 20X1.50KG BAG IN"]
["Bajra (9444)  1.5Kg (Bayer)","MILLET HYBRID 9444 20X1.5KG BAG IN"]
["Bajra (9450) 1.5Kg (Bayer)","MILLET HYBRID 9450 20X1 5KG BAG IN"]
["Bajra (9450) - 4.5Kg (Bayer)","MILLET HYBRID 9450 6X4.5KG BAG IN"]
["Bitter Gaurd 500 Seeds 61 Gm (Bayer)","DISCOUNTINUE PRODUCT"]
["B.T.Cotton 7007BG 2-450Gm(Bayer)","SURPASS 7007 BG2 20X450GR BOX IN"]
["B.T.Cotton 7172BG 2-450Gm(Bayer)","SURPASS 7172 BG2 20X450GR BAG IN"]
["Mustard 5222 - 1 Kg (Bayer)","MUSTARD 5222 30X1KG BAG IN"]
["Mustard PA5210 - 1kg (Bayer)","MUSTARD PA 5210 (LOC) 30X1KG BAG IN"]

{"sheet":"Final Dealer Work","index":4,"n_rows":85,"n_cols":14,"rows_kept":85,"cut":false,"hidden":false,"merged":[]}
[]
[null,"PRODUCT","ITEMALIAS","Bpc","Volume","Opening Qty","Purchase Qty","Purchase Return Qty","Sales Qty","Sales Return Qty","Transfer Qty","Consignment Qty","Adjustment Qty","CLSG"]
[null,"ADMIRE (T) WG70 150X30GR BOT IN",null,null,null,147,0,0,26,0,0,0,0,121]
[null,"ADMIRE WG70 125X(8X2GR) BAG IN",null,null,null,880,0,0,362,0,0,0,0,518]
[null,"ALIETTE WP80 10X1KG BAG IN",null,null,null,0,0,0,0,0,0,0,0,0]
[null,"ALIETTE WP80 20X250GR BAG IN",null,null,null,27,0,0,3,0,0,0,0,24]
[null,"ALIETTE WP80 40X100GR BAG IN",null,null,null,105,0,0,4,0,0,0,0,101]
[null,"ANTRACOL (T) WP70 10X1KG BAG IN",null,null,null,0,0,0,0,0,0,0,0,0]
[null,"ANTRACOL (T) WP70 20X500GR BAG IN",null,null,null,179,0,0,103,0,0,0,0,76]
[null,"ANTRACOL (T) WP70 40X250GR BAG IN",null,null,null,129,40,0,131,0,0,0,0,38]
[null,"ANTRACOL (T) WP70 50X100GR BAG IN",null,null,null,240,0,0,122,0,0,0,0,118]
[null,"BELT EXPERT SC480 50X100ML BOT IN",null,null,null,2650,-2550,0,100,0,0,0,0,0]
[null,"CONFIDOR (T) SL200 100X50ML BOT IN",null,null,null,200,0,0,94,0,0,0,0,106]
[null,"CONFIDOR (T) SL200 20X250ML BOT IN",null,null,null,28,0,0,0.75,0,0,0,0,27.25]
[null,"CONFIDOR (T) SL200 20X500ML BOT IN",null,null,null,50,0,0,16,0,0,0,0,34]
[null,"CONFIDOR (T) SL200 50X100ML BOT IN",null,null,null,44,0,0,20,0,0,0,0,24]
[null,"DECIS EC 28 10X1L BOT IN",null,null,null,6,0,0,2,0,0,0,0,4]
[null,"DECIS EC 28 20X500ML BOT IN",null,null,null,20,0,0,17,0,0,0,0,3]
[null,"DECIS EC 28 40X250ML BOT IN",null,null,null,27,0,0,3,0,0,0,0,24]
[null,"DISCOUNTINUE PRODUCT",null,null,null,70,0,0,0,0,0,0,0,70]
[null,"EVERGOL XTEND FS308 100X40ML BOT IN",null,null,null,543,0,0,61,0,0,0,0,482]
[null,"EVERGOL XTEND FS308 50X100ML BOT IN",null,null,null,71,0,0,1,0,0,0,0,70]
[null,"FAME (T) SC480 10X(20X10ML) BOT IN",null,null,null,0,0,0,0,0,0,0,0,0]
[null,"FAME (T) SC480 20X100ML BOT IN",null,null,null,205,-100,0,90,0,0,0,0,15]
[null,"FAME (T) SC480 40X50ML BOT IN",null,null,null,24,0,0,21,0,0,0,0,3]
[null,"FAME (T) SC480 8X250ML BOT IN",null,null,null,112,-56,0,43,0,0,0,0,13]
[null,"FOLICUR (T) EC250 10X1L BOT IN",null,null,null,0,0,0,0,0,0,0,0,0]
[null,"FOLICUR (T) EC250 40X250ML BOT IN",null,null,null,2,0,0,0,0,0,0,0,2]
[null,"FOLICUR (T) EC250 50X100ML BOT IN",null,null,null,95,0,0,70,0,0,0,0,25]
[null,"FOOST WP50 20X250G BAG IN",null,null,null,0,0,0,0,0,0,0,0,0]
[null,"FOOST WP50 24X500G BAG IN",null,null,null,1425,0,0,0,0,0,0,0,1425]
[null,"GAUCHO FS600 100X50ML BOT IN",null,null,null,532,0,0,5,0,0,0,0,527]
[null,"GAUCHO FS600 2X(5X1L) BOT IN",null,null,null,170,0,0,0,0,0,0,0,170]
[null,"GAUCHO FS600 2X5L BOT IN",null,null,null,8,0,0,0,0,0,0,0,8]
[null,"GAUCHO FS600 40X250ML BOT IN",null,null,null,370,0,0,9,0,0,0,0,361]
[null,"GAUCHO FS600 50X100ML BOT IN",null,null,null,453,0,0,271,0,0,0,0,182]
[null,"INFINITO SC687 5 20X500ML BOT IN",null,null,null,39,0,0,20,0,0,0,0,19]
[null,"INFINITO SC687 5 50X100ML BOT IN",null,null,null,100,0,0,100,0,0,0,0,0]
[null,"JUMP WG80 160X(10X2GR) BAG IN",null,null,null,6232,0,0,702,0,0,0,0,5530]
[null,"LARVIN (T) WP75 20X250GR BAG IN",null,null,null,47,0,0,0,0,0,0,0,47]
[null,"LARVIN (T) WP75 20X500GR BAG IN",null,null,null,34,0,0,0,0,0,0,0,34]
[null,"LARVIN (T) WP75 40X100GR BAG IN",null,null,null,20,0,0,0,0,0,0,0,20]
[null,"LAUDIS SC630 10X57.5ML BOT IN",null,null,null,7,0,0,0,0,0,0,0,7]
[null,"LAUDIS SC630 3X230ML BOT IN",null,null,null,3,0,0,0,0,0,0,0,3]
[null,"LAUDIS SC630 8X115ML BOT IN",null,null,null,24,0,0,0,0,0,0,0,24]
[null,"LESENTA WG80 100X40GR BAG IN",null,null,null,94,0,0,3,0,0,0,0,91]
[null,"LUNA EXPERIENCE SC400 40X250ML BOT IN",null,null,null,348,0,0,126,0,0,0,0,222]
[null,"LUNA EXPERIENCE SC400 50X100ML BOT IN",null,null,null,300,0,0,200,0,0,0,0,100]
[null,"MILLET HYBRID 9001 20X1.5 BAG IN",null,null,null,228,0,0,228,0,0,0,0,0]
[null,"MILLET HYBRID 9444 20X1.5KG BAG IN",null,null,null,4,0,0,4,0,0,0,0,0]
[null,"MILLET HYBRID 9450 20X1 5KG BAG IN",null,null,null,-15,228,0,0,0,0,0,0,213]
[null,"MILLET HYBRID 9450 6X4.5KG BAG IN",null,null,null,0,0,0,0,0,0,0,0,0]
[null,"MILLET PA 9180 (LOC) 20X1.50KG BAG IN",null,null,null,0,0,0,0,0,0,0,0,0]
[null,"MOVENTO ENERGY SC240 40X250ML BOT IN",null,null,null,55,0,0,49,0,0,0,0,6]
[null,"MOVENTO ENERGY SC240 50X100ML BOT IN",null,null,null,50,0,0,50,0,0,0,0,0]
[null,"MUSTARD 5222 30X1KG BAG IN",null,null,null,3,0,0,3,0,0,0,0,0]
[null,"MUSTARD PA 5210 (LOC) 30X1KG BAG IN",null,null,null,91,0,0,0,0,0,0,0,91]
[null,"NATIVO WG75 100X50GR BAG IN",null,null,null,248,0,0,151,0,0,0,0,97]
[null,"NATIVO WG75 10X1KG BAG IN",null,null,null,0,0,0,0,0,0,0,0,0]
[null,"NATIVO WG75 20X500GR BAG IN",null,null,null,8,0,0,0,0,0,0,0,8]
[null,"NATIVO WG75 40X250GR BAG IN",null,null,null,130,0,0,88,0,0,0,0,42]
[null,"NATIVO WG75 50X100GR BAG IN",null,null,null,184,0,0,184,0,0,0,0,0]
[null,"OBERON (T) SC240 40X200ML BOT IN",null,null,null,154,0,0,70,0,0,0,0,84]
[null,"OBERON (T) SC240 50X100ML BOT IN",null,null,null,125,0,0,7,0,0,0,0,118]
[null,"PLANOFIX SL4 5 50X100ML BOT IN",null,null,null,25.1,0,0,18.100000000000001,0,0,0,0,7]
[null,"RAFT EC60 10X1L BOT IN",null,null,null,5,0,0,0,0,0,0,0,5]
[null,"RAFT EC60 20X500ML BOT IN",null,null,null,0,0,0,0,0,0,0,0,0]
[null,"RAFT EC60 40X250ML BOT IN",null,null,null,15,0,0,0,0,0,0,0,15]
[null,"REGENT (T) SC50 10X1L BOT IN",null,null,null,4,0,0,0,0,0,0,0,4]
[null,"REGENT (T) SC50 20X250ML BOT IN",null,null,null,31,0,0,29,0,0,0,0,2]
[null,"REGENT (T) SC50 20X500ML BOT IN",null,null,null,216,0,0,60,0,0,0,0,156]
[null,"REGENT (T) SC50 50X100ML BOT IN",null,null,null,-407,0,0,14,0,0,0,0,-421]
[null,"REGENT GR0 3 20X1KG BAG IN",null,null,null,487,0,0,51,0,0,0,0,436]
[null,"REGENT GR0 3 4X5KG BAG IN",null,null,null,163,0,0,22,0,0,0,0,141]
[null,"SENCOR WP70 60X100GR BAG IN",null,null,null,0,0,0,0,0,0,0,0,0]
[null,"SOLOMON OD300 40X250ML BOT IN",null,null,null,24,0,0,1,0,0,0,0,23]
[null,"SOLOMON OD300 50X100ML BOT IN",null,null,null,26,0,0,18,0,0,0,0,8]
[null,"SPINTOR SC495 20X75ML BOT IN",null,null,null,0,0,0,0,0,0,0,0,0]
[null,"SUNRICE WG15 100X50GR BOT IN",null,null,null,0,0,0,0,0,0,0,0,0]
[null,"SURPASS 7007 BG2 20X450GR BOX IN",null,null,null,0,0,0,0,0,0,0,0,0]
[null,"SURPASS 7172 BG2 20X450GR BAG IN",null,null,null,4,0,0,4,0,0,0,0,0]
[null,"VELUM PRIME SC400 20X500ML BOT IN",null,null,null,140,0,0,0,0,0,0,0,140]
[null,"VELUM PRIME SC400 40X250ML BOT IN",null,null,null,62,0,0,-33,0,0,0,0,95]
[null,"WHIPSUPER (T) EC90 40X250ML BOT IN",null,null,null,25,0,0,0,0,0,0,0,25]
[null,"Grand Total",null,null,null,18145.099999999999,-2438,0,3743.85,0,0,0,0,11963.25]

{"sheet":"Zylem SNS Report","index":5,"n_rows":77,"n_cols":13,"rows_kept":77,"cut":false,"hidden":false,"merged":[[1,0,1,12],[3,0,3,12],[4,0,4,12],[5,0,5,12],[6,0,6,12]]}
[]
["Company Name:-BAYER"]
["Stock and Sales FOR THE PERIOD 01-Jan-2020 TO 31-Mar-2020"]
["Generated on 6/21/2021 11:31:18 AM"]
["DISTRIBUTOR PRODUCTWISE"]
["OUTPUT IN : PIC,DETAILS AS : Column,CONSIDER : Voucher Date,INCLUDE VALIDATION : False"]
["DISTRIBUTOR:Mahesh Agro Serv.Centre,"]
["DISTRIBUTOR","SAPCODE","PRODUCT","ITEMALIAS","Opening Qty","Purchase Qty","Purchase Return Qty","Sales Qty","Sales Return Qty","Transfer Qty","Consignment Qty","Adjustment Qty","CLSG"]
["Mahesh Agro Serv.Centre",9065119,"ADMIRE (T) WG70 150X30GR BOT IN",79234988,147,0,0,26,0,0,0,0,121]
["Mahesh Agro Serv.Centre",9065119,"ADMIRE WG70 125X(8X2GR) BAG IN",6101665,880,0,0,362,0,0,0,0,518]
["Mahesh Agro Serv.Centre",9065119,"ALIETTE WP80 20X250GR BAG IN",3822358,27,0,0,3,0,0,0,0,24]
["Mahesh Agro Serv.Centre",9065119,"ALIETTE WP80 40X100GR BAG IN",3822331,105,0,0,4,0,0,0,0,101]
["Mahesh Agro Serv.Centre",9065119,"ANTRACOL (T) WP70 20X500GR BAG IN",5999978,179,0,0,103,0,0,0,0,76]
["Mahesh Agro Serv.Centre",9065119,"ANTRACOL (T) WP70 40X250GR BAG IN",6112179,129,40,0,131,0,0,0,0,38]
["Mahesh Agro Serv.Centre",9065119,"ANTRACOL (T) WP70 50X100GR BAG IN",6113191,240,0,0,122,0,0,0,0,118]
["Mahesh Agro Serv.Centre",9065119,"BELT EXPERT SC480 50X100ML BOT IN",79722869,2650,0,2550,150,50,0,0,0,0]
["Mahesh Agro Serv.Centre",9065119,"CONFIDOR (T) SL200 100X50ML BOT IN",5708361,200,0,0,94,0,0,0,0,106]
["Mahesh Agro Serv.Centre",9065119,"CONFIDOR (T) SL200 20X250ML BOT IN",5699494,28,0,0,0.75,0,0,0,0,27.25]
["Mahesh Agro Serv.Centre",9065119,"CONFIDOR (T) SL200 20X500ML BOT IN",5704439,50,0,0,16,0,0,0,0,34]
["Mahesh Agro Serv.Centre",9065119,"CONFIDOR (T) SL200 50X100ML BOT IN",5703475,44,0,0,20,0,0,0,0,24]
["Mahesh Agro Serv.Centre",9065119,"DECIS EC 28 10X1L BOT IN",3823303,6,0,0,2,0,0,0,0,4]
["Mahesh Agro Serv.Centre",9065119,"DECIS EC 28 20X500ML BOT IN",3823370,20,0,0,17,0,0,0,0,3]
["Mahesh Agro Serv.Centre",9065119,"DECIS EC 28 40X250ML BOT IN",3823346,27,0,0,3,0,0,0,0,24]
["Mahesh Agro Serv.Centre",9065119,"EVERGOL XTEND FS308 100X40ML BOT IN",85402838,543,0,0,61,0,0,0,0,482]
["Mahesh Agro Serv.Centre",9065119,"EVERGOL XTEND FS308 50X100ML BOT IN",84065757,71,0,0,1,0,0,0,0,70]
["Mahesh Agro Serv.Centre",9065119,"FAME (T) SC480 20X100ML BOT IN",79266197,205,0,100,90,0,0,0,0,15]
["Mahesh Agro Serv.Centre",9065119,"FAME (T) SC480 40X50ML BOT IN",79224699,24,0,0,21,0,0,0,0,3]
["Mahesh Agro Serv.Centre",9065119,"FAME (T) SC480 8X250ML BOT IN",80183291,112,0,56,43,0,0,0,0,13]
["Mahesh Agro Serv.Centre",9065119,"FOLICUR (T) EC250 40X250ML BOT IN",79682271,2,0,0,0,0,0,0,0,2]
["Mahesh Agro Serv.Centre",9065119,"FOLICUR (T) EC250 50X100ML BOT IN",79629125,95,0,0,70,0,0,0,0,25]
["Mahesh Agro Serv.Centre",9065119,"FOOST WP50 24X500G BAG IN",85811770,1425,0,0,0,0,0,0,0,1425]
["Mahesh Agro Serv.Centre",9065119,"GAUCHO FS600 2X(5X1L) BOT IN",3823907,170,0,0,0,0,0,0,0,170]
["Mahesh Agro Serv.Centre",9065119,"GAUCHO FS600 100X50ML BOT IN",80034733,532,0,0,6,1,0,0,0,527]
["Mahesh Agro Serv.Centre",9065119,"GAUCHO FS600 2X5L BOT IN",3823915,8,0,0,0,0,0,0,0,8]
["Mahesh Agro Serv.Centre",9065119,"GAUCHO FS600 40X250ML BOT IN",84995681,370,0,0,9,0,0,0,0,361]
["Mahesh Agro Serv.Centre",9065119,"GAUCHO FS600 50X100ML BOT IN",79664141,453,0,0,274,3,0,0,0,182]
["Mahesh Agro Serv.Centre",9065119,"INFINITO SC687 5 20X500ML BOT IN",79641176,39,0,0,20,0,0,0,0,19]
["Mahesh Agro Serv.Centre",9065119,"INFINITO SC687 5 50X100ML BOT IN",79632487,100,0,0,100,0,0,0,0,0]
["Mahesh Agro Serv.Centre",9065119,"JUMP WG80 160X(10X2GR) BAG IN",79215304,6232,0,0,702,0,0,0,0,5530]
["Mahesh Agro Serv.Centre",9065119,"LARVIN (T) WP75 20X250GR BAG IN",6003167,47,0,0,0,0,0,0,0,47]
["Mahesh Agro Serv.Centre",9065119,"LARVIN (T) WP75 20X500GR BAG IN",6005291,34,0,0,0,0,0,0,0,34]
["Mahesh Agro Serv.Centre",9065119,"LARVIN (T) WP75 40X100GR BAG IN",5980436,20,0,0,0,0,0,0,0,20]
["Mahesh Agro Serv.Centre",9065119,"LAUDIS SC630 10X57.5ML BOT IN",84470481,7,0,0,0,0,0,0,0,7]
["Mahesh Agro Serv.Centre",9065119,"LAUDIS SC630 3X230ML BOT IN",80563523,3,0,0,0,0,0,0,0,3]
["Mahesh Agro Serv.Centre",9065119,"LAUDIS SC630 8X115ML BOT IN",80491085,24,0,0,0,0,0,0,0,24]
["Mahesh Agro Serv.Centre",9065119,"LESENTA WG80 100X40GR BAG IN",80500823,94,0,0,3,0,0,0,0,91]
["Mahesh Agro Serv.Centre",9065119,"LUNA EXPERIENCE SC400 40X250ML BOT IN",80549652,348,0,0,126,0,0,0,0,222]
["Mahesh Agro Serv.Centre",9065119,"LUNA EXPERIENCE SC400 50X100ML BOT IN",80199414,300,0,0,200,0,0,0,0,100]
["Mahesh Agro Serv.Centre",9065119,"MILLET HYBRID 9001 20X1.5 BAG IN",84986003,228,0,0,0,0,0,0,228,0]
["Mahesh Agro Serv.Centre",9065119,"MILLET HYBRID 9444 20X1.5KG BAG IN",56000147,4,0,0,0,0,0,0,4,0]
["Mahesh Agro Serv.Centre",9065119,"MILLET HYBRID 9450 20X1 5KG BAG IN",80228716,-15,0,0,0,0,0,0,-228,213]
["Mahesh Agro Serv.Centre",9065119,"MOVENTO ENERGY SC240 40X250ML BOT IN",79679505,55,0,0,49,0,0,0,0,6]
["Mahesh Agro Serv.Centre",9065119,"MOVENTO ENERGY SC240 50X100ML BOT IN",79722605,50,0,0,50,0,0,0,0,0]
["Mahesh Agro Serv.Centre",9065119,"MUSTARD 5222 30X1KG BAG IN",81740844,3,0,0,0,0,0,0,3,0]
["Mahesh Agro Serv.Centre",9065119,"NATIVO WG75 100X50GR BAG IN",80580061,248,0,0,151,0,0,0,0,97]
["Mahesh Agro Serv.Centre",9065119,"NATIVO WG75 20X500GR BAG IN",79198698,8,0,0,0,0,0,0,0,8]
["Mahesh Agro Serv.Centre",9065119,"NATIVO WG75 40X250GR BAG IN",79237790,130,0,0,88,0,0,0,0,42]
["Mahesh Agro Serv.Centre",9065119,"NATIVO WG75 50X100GR BAG IN",79304102,184,0,0,184,0,0,0,0,0]
["Mahesh Agro Serv.Centre",9065119,"OBERON (T) SC240 40X200ML BOT IN",79971362,154,0,0,70,0,0,0,0,84]
["Mahesh Agro Serv.Centre",9065119,"OBERON (T) SC240 50X100ML BOT IN",79998538,125,0,0,7,0,0,0,0,118]
["Mahesh Agro Serv.Centre",9065119,"PLANOFIX SL4 5 50X100ML BOT IN",3825098,25.1,0,0,18.2,0.1,0,0,0,7]
["Mahesh Agro Serv.Centre",9065119,"RAFT EC60 10X1L BOT IN",3825322,5,0,0,0,0,0,0,0,5]
["Mahesh Agro Serv.Centre",9065119,"RAFT EC60 40X250ML BOT IN",3825330,15,0,0,0,0,0,0,0,15]
["Mahesh Agro Serv.Centre",9065119,"REGENT (T) SC50 20X250ML BOT IN",5976951,31,0,0,29,0,0,0,0,2]
["Mahesh Agro Serv.Centre",9065119,"REGENT (T) SC50 20X500ML BOT IN",5987678,216,0,0,60,0,0,0,0,156]
["Mahesh Agro Serv.Centre",9065119,"REGENT (T) SC50 50X100ML BOT IN",5975343,-407,0,0,14,0,0,0,0,-421]
["Mahesh Agro Serv.Centre",9065119,"REGENT GR0 3 20X1KG BAG IN",79667140,487,0,0,51,0,0,0,0,436]
["Mahesh Agro Serv.Centre",9065119,"REGENT GR0 3 4X5KG BAG IN",80018703,163,0,0,22,0,0,0,0,141]
["Mahesh Agro Serv.Centre",9065119,"SOLOMON OD300 40X250ML BOT IN",79706723,24,0,0,1,0,0,0,0,23]
["Mahesh Agro Serv.Centre",9065119,"SOLOMON OD300 50X100ML BOT IN",79641931,26,0,0,18,0,0,0,0,8]
["Mahesh Agro Serv.Centre",9065119,"VELUM PRIME SC400 20X500ML BOT IN",84407038,140,0,0,0,0,0,0,0,140]
["Mahesh Agro Serv.Centre",9065119,"VELUM PRIME SC400 40X250ML BOT IN",84474886,62,0,0,7,40,0,0,0,95]
["Mahesh Agro Serv.Centre",9065119,"WHIPSUPER (T) EC90 40X250ML BOT IN",5966131,25,0,0,0,0,0,0,0,25]
["Mahesh Agro Serv.Centre",9065119,"SURPASS 7172 BG2 20X450GR BAG IN",84456071,4,0,0,0,0,0,0,4,0]
["Mahesh Agro Serv.Centre",9065119,"MUSTARD PA 5210 (LOC) 30X1KG BAG IN",86195089,91,0,0,0,0,0,0,0,91]
["Mahesh Agro Serv.Centre",9065119,"REGENT (T) SC50 10X1L BOT IN",5962667,4,0,0,0,0,0,0,0,4]
["GRANDTOTAL",null,null,null,18075.099999999999,40,2706,3598.95,94.1,0,0,11,11893.25]

{"sheet":"OPG","index":6,"n_rows":83,"n_cols":3,"rows_kept":83,"cut":false,"hidden":false,"merged":[]}
["ALIETTE WP80 20X250GR BAG IN",{"$f":"VLOOKUP(A1,'[2]Product Master Sheet'!$B$2:$F$506,5,0)","v":33},27]
["ALIETTE WP80 40X100GR BAG IN",{"$f":"VLOOKUP(A2,'[2]Product Master Sheet'!$B$2:$F$506,5,0)","v":35},105]
["ANTRACOL (T) WP70 20X500GR BAG IN",{"$f":"VLOOKUP(A3,'[2]Product Master Sheet'!$B$2:$F$506,5,0)","v":43},179]
["ANTRACOL (T) WP70 50X100GR BAG IN",{"$f":"VLOOKUP(A4,'[2]Product Master Sheet'!$B$2:$F$506,5,0)","v":45},240]
["BELT EXPERT SC480 50X100ML BOT IN",{"$f":"VLOOKUP(A5,'[2]Product Master Sheet'!$B$2:$F$506,5,0)","v":111},2650]
["CONFIDOR (T) SL200 100X50ML BOT IN",{"$f":"VLOOKUP(A6,'[2]Product Master Sheet'!$B$2:$F$506,5,0)","v":112},200]
["CONFIDOR (T) SL200 20X250ML BOT IN",{"$f":"VLOOKUP(A7,'[2]Product Master Sheet'!$B$2:$F$506,5,0)","v":114},28]
["CONFIDOR (T) SL200 20X500ML BOT IN",{"$f":"VLOOKUP(A8,'[2]Product Master Sheet'!$B$2:$F$506,5,0)","v":115},50]
["CONFIDOR (T) SL200 50X100ML BOT IN",{"$f":"VLOOKUP(A9,'[2]Product Master Sheet'!$B$2:$F$506,5,0)","v":116},44]
["DECIS EC 28 10X1L BOT IN",{"$f":"VLOOKUP(A10,'[2]Product Master Sheet'!$B$2:$F$506,5,0)","v":124},6]
["EVERGOL XTEND FS308 100X40ML BOT IN",{"$f":"VLOOKUP(A11,'[2]Product Master Sheet'!$B$2:$F$506,5,0)","v":139},543]
["EVERGOL XTEND FS308 50X100ML BOT IN",{"$f":"VLOOKUP(A12,'[2]Product Master Sheet'!$B$2:$F$506,5,0)","v":143},71]
["FAME (T) SC480 20X100ML BOT IN",{"$f":"VLOOKUP(A13,'[2]Product Master Sheet'!$B$2:$F$506,5,0)","v":145},205]
["FAME (T) SC480 40X50ML BOT IN",{"$f":"VLOOKUP(A14,'[2]Product Master Sheet'!$B$2:$F$506,5,0)","v":146},24]
["FAME (T) SC480 8X250ML BOT IN",{"$f":"VLOOKUP(A15,'[2]Product Master Sheet'!$B$2:$F$506,5,0)","v":148},112]
["INFINITO SC687 5 20X500ML BOT IN",{"$f":"VLOOKUP(A16,'[2]Product Master Sheet'!$B$2:$F$506,5,0)","v":195},39]
["INFINITO SC687 5 50X100ML BOT IN",{"$f":"VLOOKUP(A17,'[2]Product Master Sheet'!$B$2:$F$506,5,0)","v":197},100]
["JUMP WG80 160X(10X2GR) BAG IN",{"$f":"VLOOKUP(A18,'[2]Product Master Sheet'!$B$2:$F$506,5,0)","v":199},6232]
["LESENTA WG80 100X40GR BAG IN",{"$f":"VLOOKUP(A19,'[2]Product Master Sheet'!$B$2:$F$506,5,0)","v":215},94]
["LUNA EXPERIENCE SC400 40X250ML BOT IN",{"$f":"VLOOKUP(A20,'[2]Product Master Sheet'!$B$2:$F$506,5,0)","v":225},348]
["LUNA EXPERIENCE SC400 50X100ML BOT IN",{"$f":"VLOOKUP(A21,'[2]Product Master Sheet'!$B$2:$F$506,5,0)","v":226},300]
["MILLET HYBRID 9001 20X1.5 BAG IN",{"$f":"VLOOKUP(A22,'[2]Product Master Sheet'!$B$2:$F$506,5,0)","v":236},228]
["MILLET HYBRID 9450 20X1 5KG BAG IN",{"$f":"VLOOKUP(A23,'[2]Product Master Sheet'!$B$2:$F$506,5,0)","v":251},-15]
["MOVENTO ENERGY SC240 40X250ML BOT IN",{"$f":"VLOOKUP(A24,'[2]Product Master Sheet'!$B$2:$F$506,5,0)","v":273},55]
["MOVENTO ENERGY SC240 50X100ML BOT IN",{"$f":"VLOOKUP(A25,'[2]Product Master Sheet'!$B$2:$F$506,5,0)","v":274},50]
["MUSTARD 5222 30X1KG BAG IN",{"$f":"VLOOKUP(A26,'[2]Product Master Sheet'!$B$2:$F$506,5,0)","v":278},3]
["NATIVO WG75 100X50GR BAG IN",{"$f":"VLOOKUP(A27,'[2]Product Master Sheet'!$B$2:$F$506,5,0)","v":289},248]
["NATIVO WG75 40X250GR BAG IN",{"$f":"VLOOKUP(A28,'[2]Product Master Sheet'!$B$2:$F$506,5,0)","v":293},130]
["NATIVO WG75 50X100GR BAG IN",{"$f":"VLOOKUP(A29,'[2]Product Master Sheet'!$B$2:$F$506,5,0)","v":294},184]
["OBERON (T) SC240 40X200ML BOT IN",{"$f":"VLOOKUP(A30,'[2]Product Master Sheet'!$B$2:$F$506,5,0)","v":299},154]
["OBERON (T) SC240 50X100ML BOT IN",{"$f":"VLOOKUP(A31,'[2]Product Master Sheet'!$B$2:$F$506,5,0)","v":300},125]
["PLANOFIX SL4 5 50X100ML BOT IN",{"$f":"VLOOKUP(A32,'[2]Product Master Sheet'!$B$2:$F$506,5,0)","v":307},25.1]
["REGENT (T) SC50 20X250ML BOT IN",{"$f":"VLOOKUP(A33,'[2]Product Master Sheet'!$B$2:$F$506,5,0)","v":325},31]
["REGENT (T) SC50 20X500ML BOT IN",{"$f":"VLOOKUP(A34,'[2]Product Master Sheet'!$B$2:$F$506,5,0)","v":326},216]
["REGENT (T) SC50 50X100ML BOT IN",{"$f":"VLOOKUP(A35,'[2]Product Master Sheet'!$B$2:$F$506,5,0)","v":327},-407]
["REGENT GR0 3 20X1KG BAG IN",{"$f":"VLOOKUP(A36,'[2]Product Master Sheet'!$B$2:$F$506,5,0)","v":335},487]
["REGENT GR0 3 4X5KG BAG IN",{"$f":"VLOOKUP(A37,'[2]Product Master Sheet'!$B$2:$F$506,5,0)","v":336},163]
["SOLOMON OD300 40X250ML BOT IN",{"$f":"VLOOKUP(A38,'[2]Product Master Sheet'!$B$2:$F$506,5,0)","v":368},24]
["SOLOMON OD300 50X100ML BOT IN",{"$f":"VLOOKUP(A39,'[2]Product Master Sheet'!$B$2:$F$506,5,0)","v":370},26]
["VELUM PRIME SC400 40X250ML BOT IN",{"$f":"VLOOKUP(A40,'[2]Product Master Sheet'!$B$2:$F$506,5,0)","v":{"$error":"#N/A"}},62]
["SURPASS 7172 BG2 20X450GR BAG IN",{"$f":"VLOOKUP(A41,'[2]Product Master Sheet'!$B$2:$F$506,5,0)","v":{"$error":"#N/A"}},4]
["NEWPRODUCT_9065119",{"$f":"VLOOKUP(A42,'[2]Product Master Sheet'!$B$2:$F$506,5,0)","v":{"$error":"#N/A"}},0]
["ADMIRE (T) WG70 150X30GR BOT IN",{"$f":"VLOOKUP(A43,'[2]Product Master Sheet'!$B$2:$F$506,5,0)","v":13},147]
["ADMIRE WG70 125X(8X2GR) BAG IN",{"$f":"VLOOKUP(A44,'[2]Product Master Sheet'!$B$2:$F$506,5,0)","v":16},880]
["ALIETTE WP80 10X1KG BAG IN",{"$f":"VLOOKUP(A45,'[2]Product Master Sheet'!$B$2:$F$506,5,0)","v":31},0]
["ANTRACOL (T) WP70 10X1KG BAG IN",{"$f":"VLOOKUP(A46,'[2]Product Master Sheet'!$B$2:$F$506,5,0)","v":42},0]
["ANTRACOL (T) WP70 40X250GR BAG IN",{"$f":"VLOOKUP(A47,'[2]Product Master Sheet'!$B$2:$F$506,5,0)","v":44},129]
["DECIS EC 28 20X500ML BOT IN",{"$f":"VLOOKUP(A48,'[2]Product Master Sheet'!$B$2:$F$506,5,0)","v":125},20]
["DECIS EC 28 40X250ML BOT IN",{"$f":"VLOOKUP(A49,'[2]Product Master Sheet'!$B$2:$F$506,5,0)","v":126},27]
["DISCOUNTINUE PRODUCT",{"$f":"VLOOKUP(A50,'[2]Product Master Sheet'!$B$2:$F$506,5,0)","v":993},70]
["FAME (T) SC480 10X(20X10ML) BOT IN",{"$f":"VLOOKUP(A51,'[2]Product Master Sheet'!$B$2:$F$506,5,0)","v":144},0]
["FOLICUR (T) EC250 10X1L BOT IN",{"$f":"VLOOKUP(A52,'[2]Product Master Sheet'!$B$2:$F$506,5,0)","v":162},0]
["FOLICUR (T) EC250 40X250ML BOT IN",{"$f":"VLOOKUP(A53,'[2]Product Master Sheet'!$B$2:$F$506,5,0)","v":164},2]
["FOLICUR (T) EC250 50X100ML BOT IN",{"$f":"VLOOKUP(A54,'[2]Product Master Sheet'!$B$2:$F$506,5,0)","v":165},95]
["FOOST WP50 20X250G BAG IN",{"$f":"VLOOKUP(A55,'[2]Product Master Sheet'!$B$2:$F$506,5,0)","v":175},0]
["FOOST WP50 24X500G BAG IN",{"$f":"VLOOKUP(A56,'[2]Product Master Sheet'!$B$2:$F$506,5,0)","v":177},1425]
["GAUCHO FS600 100X50ML BOT IN",{"$f":"VLOOKUP(A57,'[2]Product Master Sheet'!$B$2:$F$506,5,0)","v":179},532]
["GAUCHO FS600 2X(5X1L) BOT IN",{"$f":"VLOOKUP(A58,'[2]Product Master Sheet'!$B$2:$F$506,5,0)","v":178},170]
["GAUCHO FS600 2X5L BOT IN",{"$f":"VLOOKUP(A59,'[2]Product Master Sheet'!$B$2:$F$506,5,0)","v":180},8]
["GAUCHO FS600 40X250ML BOT IN",{"$f":"VLOOKUP(A60,'[2]Product Master Sheet'!$B$2:$F$506,5,0)","v":181},370]
["GAUCHO FS600 50X100ML BOT IN",{"$f":"VLOOKUP(A61,'[2]Product Master Sheet'!$B$2:$F$506,5,0)","v":182},453]
["LARVIN (T) WP75 20X250GR BAG IN",{"$f":"VLOOKUP(A62,'[2]Product Master Sheet'!$B$2:$F$506,5,0)","v":205},47]
["LARVIN (T) WP75 20X500GR BAG IN",{"$f":"VLOOKUP(A63,'[2]Product Master Sheet'!$B$2:$F$506,5,0)","v":206},34]
["LARVIN (T) WP75 40X100GR BAG IN",{"$f":"VLOOKUP(A64,'[2]Product Master Sheet'!$B$2:$F$506,5,0)","v":207},20]
["LAUDIS SC630 10X57.5ML BOT IN",{"$f":"VLOOKUP(A65,'[2]Product Master Sheet'!$B$2:$F$506,5,0)","v":210},7]
["LAUDIS SC630 3X230ML BOT IN",{"$f":"VLOOKUP(A66,'[2]Product Master Sheet'!$B$2:$F$506,5,0)","v":211},3]
["LAUDIS SC630 8X115ML BOT IN",{"$f":"VLOOKUP(A67,'[2]Product Master Sheet'!$B$2:$F$506,5,0)","v":212},24]
["MILLET HYBRID 9444 20X1.5KG BAG IN",{"$f":"VLOOKUP(A68,'[2]Product Master Sheet'!$B$2:$F$506,5,0)","v":243},4]
["MILLET HYBRID 9450 6X4.5KG BAG IN",{"$f":"VLOOKUP(A69,'[2]Product Master Sheet'!$B$2:$F$506,5,0)","v":253},0]
["MILLET PA 9180 (LOC) 20X1.50KG BAG IN",{"$f":"VLOOKUP(A70,'[2]Product Master Sheet'!$B$2:$F$506,5,0)","v":915},0]
["MUSTARD PA 5210 (LOC) 30X1KG BAG IN",{"$f":"VLOOKUP(A71,'[2]Product Master Sheet'!$B$2:$F$506,5,0)","v":911},91]
["NATIVO WG75 10X1KG BAG IN",{"$f":"VLOOKUP(A72,'[2]Product Master Sheet'!$B$2:$F$506,5,0)","v":290},0]
["NATIVO WG75 20X500GR BAG IN",{"$f":"VLOOKUP(A73,'[2]Product Master Sheet'!$B$2:$F$506,5,0)","v":292},8]
["RAFT EC60 10X1L BOT IN",{"$f":"VLOOKUP(A74,'[2]Product Master Sheet'!$B$2:$F$506,5,0)","v":313},5]
["RAFT EC60 20X500ML BOT IN",{"$f":"VLOOKUP(A75,'[2]Product Master Sheet'!$B$2:$F$506,5,0)","v":314},0]
["RAFT EC60 40X250ML BOT IN",{"$f":"VLOOKUP(A76,'[2]Product Master Sheet'!$B$2:$F$506,5,0)","v":315},15]
["REGENT (T) SC50 10X1L BOT IN",{"$f":"VLOOKUP(A77,'[2]Product Master Sheet'!$B$2:$F$506,5,0)","v":324},4]
["SENCOR WP70 60X100GR BAG IN",{"$f":"VLOOKUP(A78,'[2]Product Master Sheet'!$B$2:$F$506,5,0)","v":353},0]
["SPINTOR SC495 20X75ML BOT IN",{"$f":"VLOOKUP(A79,'[2]Product Master Sheet'!$B$2:$F$506,5,0)","v":{"$error":"#N/A"}},0]
["SUNRICE WG15 100X50GR BOT IN",{"$f":"VLOOKUP(A80,'[2]Product Master Sheet'!$B$2:$F$506,5,0)","v":{"$error":"#N/A"}},0]
["SURPASS 7007 BG2 20X450GR BOX IN",{"$f":"VLOOKUP(A81,'[2]Product Master Sheet'!$B$2:$F$506,5,0)","v":{"$error":"#N/A"}},0]
["VELUM PRIME SC400 20X500ML BOT IN",{"$f":"VLOOKUP(A82,'[2]Product Master Sheet'!$B$2:$F$506,5,0)","v":{"$error":"#N/A"}},140]
["WHIPSUPER (T) EC90 40X250ML BOT IN",{"$f":"VLOOKUP(A83,'[2]Product Master Sheet'!$B$2:$F$506,5,0)","v":{"$error":"#N/A"}},25]

{"sheet":"Reco","index":7,"n_rows":85,"n_cols":29,"rows_kept":85,"cut":false,"hidden":false,"merged":[[0,1,0,9],[0,10,0,18],[0,19,0,27]]}
[null,"Zylem Report -01-Jan-2020 TO 31-Mar-2020",null,null,null,null,null,null,null,null,"Dealer Report -01-Jan-2020 TO 31-Mar-2020",null,null,null,null,null,null,null,null,"Difference (+/-)"]
[]
["DEALER CODE","Opening Qty","Purchase Qty","Purchase Return Qty","Sales Qty","Sales Return Qty","Transfer Qty","Consignment Qty","Adjustment Qty","CLSG","Opening Qty","Purchase Qty","Purchase Return Qty","Sales Qty","Sales Return Qty","Transfer Qty","Consignment Qty","Adjustment Qty","CLSG","Opening Stock Qty","Purchase Qty","Purchase Return Qty","Sales Qty","Sales Return Qty","Transfer Qty","Consignment Qty","Adjustments Qty","CLSG","Remark"]
["ADMIRE (T) WG70 150X30GR BOT IN",147,0,0,26,0,0,0,0,121,147,0,0,26,0,0,0,0,121,0,0,0,0,0,0,0,0,0,"Ok"]
["ADMIRE WG70 125X(8X2GR) BAG IN",880,0,0,362,0,0,0,0,518,880,0,0,362,0,0,0,0,518,0,0,0,0,0,0,0,0,0,"Ok"]
["ALIETTE WP80 20X250GR BAG IN",27,0,0,3,0,0,0,0,24,27,0,0,3,0,0,0,0,24,0,0,0,0,0,0,0,0,0,"Ok"]
["ALIETTE WP80 40X100GR BAG IN",105,0,0,4,0,0,0,0,101,105,0,0,4,0,0,0,0,101,0,0,0,0,0,0,0,0,0,"Ok"]
["ANTRACOL (T) WP70 20X500GR BAG IN",179,0,0,103,0,0,0,0,76,179,0,0,103,0,0,0,0,76,0,0,0,0,0,0,0,0,0,"Ok"]
["ANTRACOL (T) WP70 40X250GR BAG IN",129,40,0,131,0,0,0,0,38,129,40,0,131,0,0,0,0,38,0,0,0,0,0,0,0,0,0,"Ok"]
["ANTRACOL (T) WP70 50X100GR BAG IN",240,0,0,122,0,0,0,0,118,240,0,0,122,0,0,0,0,118,0,0,0,0,0,0,0,0,0,"Ok"]
["BELT EXPERT SC480 50X100ML BOT IN",2650,0,2550,150,50,0,0,0,0,2650,-2550,0,100,0,0,0,0,0,0,2550,2550,50,50,0,0,0,0,"Ok"]
["CONFIDOR (T) SL200 100X50ML BOT IN",200,0,0,94,0,0,0,0,106,200,0,0,94,0,0,0,0,106,0,0,0,0,0,0,0,0,0,"Ok"]
["CONFIDOR (T) SL200 20X250ML BOT IN",28,0,0,0.75,0,0,0,0,27.25,28,0,0,0.75,0,0,0,0,27.25,0,0,0,0,0,0,0,0,0,"Ok"]
["CONFIDOR (T) SL200 20X500ML BOT IN",50,0,0,16,0,0,0,0,34,50,0,0,16,0,0,0,0,34,0,0,0,0,0,0,0,0,0,"Ok"]
["CONFIDOR (T) SL200 50X100ML BOT IN",44,0,0,20,0,0,0,0,24,44,0,0,20,0,0,0,0,24,0,0,0,0,0,0,0,0,0,"Ok"]
["DECIS EC 28 10X1L BOT IN",6,0,0,2,0,0,0,0,4,6,0,0,2,0,0,0,0,4,0,0,0,0,0,0,0,0,0,"Ok"]
["DECIS EC 28 20X500ML BOT IN",20,0,0,17,0,0,0,0,3,20,0,0,17,0,0,0,0,3,0,0,0,0,0,0,0,0,0,"Ok"]
["DECIS EC 28 40X250ML BOT IN",27,0,0,3,0,0,0,0,24,27,0,0,3,0,0,0,0,24,0,0,0,0,0,0,0,0,0,"Ok"]
["EVERGOL XTEND FS308 100X40ML BOT IN",543,0,0,61,0,0,0,0,482,543,0,0,61,0,0,0,0,482,0,0,0,0,0,0,0,0,0,"Ok"]
["EVERGOL XTEND FS308 50X100ML BOT IN",71,0,0,1,0,0,0,0,70,71,0,0,1,0,0,0,0,70,0,0,0,0,0,0,0,0,0,"Ok"]
["FAME (T) SC480 20X100ML BOT IN",205,0,100,90,0,0,0,0,15,205,-100,0,90,0,0,0,0,15,0,100,100,0,0,0,0,0,0,"Ok"]
["FAME (T) SC480 40X50ML BOT IN",24,0,0,21,0,0,0,0,3,24,0,0,21,0,0,0,0,3,0,0,0,0,0,0,0,0,0,"Ok"]
["FAME (T) SC480 8X250ML BOT IN",112,0,56,43,0,0,0,0,13,112,-56,0,43,0,0,0,0,13,0,56,56,0,0,0,0,0,0,"Ok"]
["FOLICUR (T) EC250 40X250ML BOT IN",2,0,0,0,0,0,0,0,2,2,0,0,0,0,0,0,0,2,0,0,0,0,0,0,0,0,0,"Ok"]
["FOLICUR (T) EC250 50X100ML BOT IN",95,0,0,70,0,0,0,0,25,95,0,0,70,0,0,0,0,25,0,0,0,0,0,0,0,0,0,"Ok"]
["FOOST WP50 24X500G BAG IN",1425,0,0,0,0,0,0,0,1425,1425,0,0,0,0,0,0,0,1425,0,0,0,0,0,0,0,0,0,"Ok"]
["GAUCHO FS600 2X(5X1L) BOT IN",170,0,0,0,0,0,0,0,170,170,0,0,0,0,0,0,0,170,0,0,0,0,0,0,0,0,0,"Ok"]
["GAUCHO FS600 100X50ML BOT IN",532,0,0,6,1,0,0,0,527,532,0,0,5,0,0,0,0,527,0,0,0,1,1,0,0,0,0,"Ok"]
["GAUCHO FS600 2X5L BOT IN",8,0,0,0,0,0,0,0,8,8,0,0,0,0,0,0,0,8,0,0,0,0,0,0,0,0,0,"Ok"]
["GAUCHO FS600 40X250ML BOT IN",370,0,0,9,0,0,0,0,361,370,0,0,9,0,0,0,0,361,0,0,0,0,0,0,0,0,0,"Ok"]
["GAUCHO FS600 50X100ML BOT IN",453,0,0,274,3,0,0,0,182,453,0,0,271,0,0,0,0,182,0,0,0,3,3,0,0,0,0,"Ok"]
["INFINITO SC687 5 20X500ML BOT IN",39,0,0,20,0,0,0,0,19,39,0,0,20,0,0,0,0,19,0,0,0,0,0,0,0,0,0,"Ok"]
["INFINITO SC687 5 50X100ML BOT IN",100,0,0,100,0,0,0,0,0,100,0,0,100,0,0,0,0,0,0,0,0,0,0,0,0,0,0,"Ok"]
["JUMP WG80 160X(10X2GR) BAG IN",6232,0,0,702,0,0,0,0,5530,6232,0,0,702,0,0,0,0,5530,0,0,0,0,0,0,0,0,0,"Ok"]
["LARVIN (T) WP75 20X250GR BAG IN",47,0,0,0,0,0,0,0,47,47,0,0,0,0,0,0,0,47,0,0,0,0,0,0,0,0,0,"Ok"]
["LARVIN (T) WP75 20X500GR BAG IN",34,0,0,0,0,0,0,0,34,34,0,0,0,0,0,0,0,34,0,0,0,0,0,0,0,0,0,"Ok"]
["LARVIN (T) WP75 40X100GR BAG IN",20,0,0,0,0,0,0,0,20,20,0,0,0,0,0,0,0,20,0,0,0,0,0,0,0,0,0,"Ok"]
["LAUDIS SC630 10X57.5ML BOT IN",7,0,0,0,0,0,0,0,7,7,0,0,0,0,0,0,0,7,0,0,0,0,0,0,0,0,0,"Ok"]
["LAUDIS SC630 3X230ML BOT IN",3,0,0,0,0,0,0,0,3,3,0,0,0,0,0,0,0,3,0,0,0,0,0,0,0,0,0,"Ok"]
["LAUDIS SC630 8X115ML BOT IN",24,0,0,0,0,0,0,0,24,24,0,0,0,0,0,0,0,24,0,0,0,0,0,0,0,0,0,"Ok"]
["LESENTA WG80 100X40GR BAG IN",94,0,0,3,0,0,0,0,91,94,0,0,3,0,0,0,0,91,0,0,0,0,0,0,0,0,0,"Ok"]
["LUNA EXPERIENCE SC400 40X250ML BOT IN",348,0,0,126,0,0,0,0,222,348,0,0,126,0,0,0,0,222,0,0,0,0,0,0,0,0,0,"Ok"]
["LUNA EXPERIENCE SC400 50X100ML BOT IN",300,0,0,200,0,0,0,0,100,300,0,0,200,0,0,0,0,100,0,0,0,0,0,0,0,0,0,"Ok"]
["MILLET HYBRID 9001 20X1.5 BAG IN",228,0,0,0,0,0,0,228,0,228,0,0,228,0,0,0,0,0,0,0,0,-228,0,0,0,228,0,"Ok"]
["MILLET HYBRID 9444 20X1.5KG BAG IN",4,0,0,0,0,0,0,4,0,4,0,0,4,0,0,0,0,0,0,0,0,-4,0,0,0,4,0,"Ok"]
["MILLET HYBRID 9450 20X1 5KG BAG IN",-15,0,0,0,0,0,0,-228,213,-15,228,0,0,0,0,0,0,213,0,-228,0,0,0,0,0,-228,0,"Ok"]
["MOVENTO ENERGY SC240 40X250ML BOT IN",55,0,0,49,0,0,0,0,6,55,0,0,49,0,0,0,0,6,0,0,0,0,0,0,0,0,0,"Ok"]
["MOVENTO ENERGY SC240 50X100ML BOT IN",50,0,0,50,0,0,0,0,0,50,0,0,50,0,0,0,0,0,0,0,0,0,0,0,0,0,0,"Ok"]
["MUSTARD 5222 30X1KG BAG IN",3,0,0,0,0,0,0,3,0,3,0,0,3,0,0,0,0,0,0,0,0,-3,0,0,0,3,0,"Ok"]
["NATIVO WG75 100X50GR BAG IN",248,0,0,151,0,0,0,0,97,248,0,0,151,0,0,0,0,97,0,0,0,0,0,0,0,0,0,"Ok"]
["NATIVO WG75 20X500GR BAG IN",8,0,0,0,0,0,0,0,8,8,0,0,0,0,0,0,0,8,0,0,0,0,0,0,0,0,0,"Ok"]
["NATIVO WG75 40X250GR BAG IN",130,0,0,88,0,0,0,0,42,130,0,0,88,0,0,0,0,42,0,0,0,0,0,0,0,0,0,"Ok"]
["NATIVO WG75 50X100GR BAG IN",184,0,0,184,0,0,0,0,0,184,0,0,184,0,0,0,0,0,0,0,0,0,0,0,0,0,0,"Ok"]
["OBERON (T) SC240 40X200ML BOT IN",154,0,0,70,0,0,0,0,84,154,0,0,70,0,0,0,0,84,0,0,0,0,0,0,0,0,0,"Ok"]
["OBERON (T) SC240 50X100ML BOT IN",125,0,0,7,0,0,0,0,118,125,0,0,7,0,0,0,0,118,0,0,0,0,0,0,0,0,0,"Ok"]
["PLANOFIX SL4 5 50X100ML BOT IN",25.1,0,0,18.2,0.1,0,0,0,7,25.1,0,0,18.100000000000001,0,0,0,0,7,0,0,0,9.9999999999997868E-2,0.1,0,0,0,0,"Ok"]
["RAFT EC60 10X1L BOT IN",5,0,0,0,0,0,0,0,5,5,0,0,0,0,0,0,0,5,0,0,0,0,0,0,0,0,0,"Ok"]
["RAFT EC60 40X250ML BOT IN",15,0,0,0,0,0,0,0,15,15,0,0,0,0,0,0,0,15,0,0,0,0,0,0,0,0,0,"Ok"]
["REGENT (T) SC50 20X250ML BOT IN",31,0,0,29,0,0,0,0,2,31,0,0,29,0,0,0,0,2,0,0,0,0,0,0,0,0,0,"Ok"]
["REGENT (T) SC50 20X500ML BOT IN",216,0,0,60,0,0,0,0,156,216,0,0,60,0,0,0,0,156,0,0,0,0,0,0,0,0,0,"Ok"]
["REGENT (T) SC50 50X100ML BOT IN",-407,0,0,14,0,0,0,0,-421,-407,0,0,14,0,0,0,0,-421,0,0,0,0,0,0,0,0,0,"Ok"]
["REGENT GR0 3 20X1KG BAG IN",487,0,0,51,0,0,0,0,436,487,0,0,51,0,0,0,0,436,0,0,0,0,0,0,0,0,0,"Ok"]
["REGENT GR0 3 4X5KG BAG IN",163,0,0,22,0,0,0,0,141,163,0,0,22,0,0,0,0,141,0,0,0,0,0,0,0,0,0,"Ok"]
["SOLOMON OD300 40X250ML BOT IN",24,0,0,1,0,0,0,0,23,24,0,0,1,0,0,0,0,23,0,0,0,0,0,0,0,0,0,"Ok"]
["SOLOMON OD300 50X100ML BOT IN",26,0,0,18,0,0,0,0,8,26,0,0,18,0,0,0,0,8,0,0,0,0,0,0,0,0,0,"Ok"]
["VELUM PRIME SC400 20X500ML BOT IN",140,0,0,0,0,0,0,0,140,140,0,0,0,0,0,0,0,140,0,0,0,0,0,0,0,0,0,"Ok"]
["VELUM PRIME SC400 40X250ML BOT IN",62,0,0,7,40,0,0,0,95,62,0,0,-33,0,0,0,0,95,0,0,0,40,40,0,0,0,0,"Ok"]
["WHIPSUPER (T) EC90 40X250ML BOT IN",25,0,0,0,0,0,0,0,25,25,0,0,0,0,0,0,0,25,0,0,0,0,0,0,0,0,0,"Ok"]
["SURPASS 7172 BG2 20X450GR BAG IN",4,0,0,0,0,0,0,4,0,4,0,0,4,0,0,0,0,0,0,0,0,-4,0,0,0,4,0,"Ok"]
["MUSTARD PA 5210 (LOC) 30X1KG BAG IN",91,0,0,0,0,0,0,0,91,91,0,0,0,0,0,0,0,91,0,0,0,0,0,0,0,0,0,"Ok"]
["REGENT (T) SC50 10X1L BOT IN",4,0,0,0,0,0,0,0,4,4,0,0,0,0,0,0,0,4,0,0,0,0,0,0,0,0,0,"Ok"]
["ALIETTE WP80 10X1KG BAG IN",0,0,0,0,0,0,0,0,0,0,0,0,0,0,0,0,0,0,0,0,0,0,0,0,0,0,0,"Ok"]
["ANTRACOL (T) WP70 10X1KG BAG IN",0,0,0,0,0,0,0,0,0,0,0,0,0,0,0,0,0,0,0,0,0,0,0,0,0,0,0,"Ok"]
["FAME (T) SC480 10X(20X10ML) BOT IN",0,0,0,0,0,0,0,0,0,0,0,0,0,0,0,0,0,0,0,0,0,0,0,0,0,0,0,"Ok"]
["FOLICUR (T) EC250 10X1L BOT IN",0,0,0,0,0,0,0,0,0,0,0,0,0,0,0,0,0,0,0,0,0,0,0,0,0,0,0,"Ok"]
["FOOST WP50 20X250G BAG IN",0,0,0,0,0,0,0,0,0,0,0,0,0,0,0,0,0,0,0,0,0,0,0,0,0,0,0,"Ok"]
["MILLET HYBRID 9450 6X4.5KG BAG IN",0,0,0,0,0,0,0,0,0,0,0,0,0,0,0,0,0,0,0,0,0,0,0,0,0,0,0,"Ok"]
["MILLET PA 9180 (LOC) 20X1.50KG BAG IN",0,0,0,0,0,0,0,0,0,0,0,0,0,0,0,0,0,0,0,0,0,0,0,0,0,0,0,"Ok"]
["NATIVO WG75 10X1KG BAG IN",0,0,0,0,0,0,0,0,0,0,0,0,0,0,0,0,0,0,0,0,0,0,0,0,0,0,0,"Ok"]
["RAFT EC60 20X500ML BOT IN",0,0,0,0,0,0,0,0,0,0,0,0,0,0,0,0,0,0,0,0,0,0,0,0,0,0,0,"Ok"]
["SENCOR WP70 60X100GR BAG IN",0,0,0,0,0,0,0,0,0,0,0,0,0,0,0,0,0,0,0,0,0,0,0,0,0,0,0,"Ok"]
["SPINTOR SC495 20X75ML BOT IN",0,0,0,0,0,0,0,0,0,0,0,0,0,0,0,0,0,0,0,0,0,0,0,0,0,0,0,"Ok"]
["SUNRICE WG15 100X50GR BOT IN",0,0,0,0,0,0,0,0,0,0,0,0,0,0,0,0,0,0,0,0,0,0,0,0,0,0,0,"Ok"]
["SURPASS 7007 BG2 20X450GR BOX IN",0,0,0,0,0,0,0,0,0,0,0,0,0,0,0,0,0,0,0,0,0,0,0,0,0,0,0,"Ok"]
["Total",18075.099999999999,40,2706,3598.95,94.1,0,0,11,11893.25,18145.099999999999,-2438,0,3743.85,0,0,0,0,11963.25,0,2478,2706,-144.9,94.1,0,0,11,0]