{"text_format":"1","workbook":"xlsx","n_sheets":8,"sheets":["Navigation","Dealer Report","Dealer Report working","Master","Final Dealer Work","Zylem SNS Report","OPG","Reco"],"not_rendered":{"charts":0,"images":0,"macros":1,"external_links":2,"defined_names":11,"comments":0,"pivot_tables":1},"unopened":[],"bounds":{"document_bytes":16777216,"sheet_cells":100000,"rows_first":2000,"rows_last":500,"rows_between":2000,"halvings":0,"cell_chars":16384,"cell_head_chars":4096},"cells_cut":0,"cells_raw":0,"read":"whole","date_system":"1900"}

{"sheet":"Navigation","index":0,"n_rows":8,"n_cols":12,"rows_kept":8,"cut":false,"hidden":false,"merged":[]}
[]
[]
[]
[]
[]
[]
[null,null,null,null,null,null,null,null,null,null,"Alok Khad Beej Bhandar - Rewari"]
[null,null,null,null,null,null,null,null,null,null,null,"Stock and Sales FOR THE PERIOD 01-Apr-2020 TO 31-Mar-2021"]

{"sheet":"Dealer Report","index":1,"n_rows":122,"n_cols":5,"rows_kept":122,"cut":false,"hidden":false,"merged":[]}
["ALOK KHAD BHANDAR 20-21"]
["SEED LIC NO 879, PEST LIC NO 487,"]
["KHAD LIC (W) 1750 ,(R) 1137,"]
["SHOP NO 29 KANINA ANAJ MANDI"]
["01285-235147,9416089660"]
["8689044700"]
["Bayer Crop Science"]
["Stock Summary"]
["1-Apr-2020 to 31-Mar-2021"]
["","Bayer Crop Science"]
["","ALOK KHAD BHANDAR 20-21"]
["Particulars","1-Apr-2020 to 31-Mar-2021"]
["","Opening Balance","Inwards","Outwards","Closing Balance"]
["","Quantity","Quantity","Quantity","Quantity"]
["ADMIRE 2GRM",null,160,null,160]
["ADUE WG 40 GRM"]
["ANTRACOL 100 GRM",null,50,null,50]
["ANTRACOL 1 KG",null,490,480,10]
["ANTRACOL 250 GRM",null,560,240,320]
["ANTRACOL 500 GRM",null,940,360,580]
["BAYER 5210 (1KG)",null,955,705,250]
["BAYER 5222(1KG)",null,2191,2255,-64]
["BAYER 5222 500 GRM",null,300,300]
["BAYER 5232 1 KG",null,150,60,90]
["BAYER 7172 BG II",null,1908,949,959]
["BAYER 9001 1.5 KG",null,15796,14440,1356]
["BAYER 9001 4.5 KG"]
["BAYER 9444 1.5 KG",null,5676,5930,-254]
["BAYER 9444 GOLD"]
["BAYER 9450 1.5 KG",null,2418,2490,-72]
["BAYER ALANTO 250 ML"]
["BAYER ALANTO SC 100 ML"]
["BAYER ALIETTE 250 GRM",null,20,null,20]
["BAYER ALIETTE WP80 100GM",null,40,null,40]
["BAYER AMBITION 1 LIT",null,250,180,70]
["BAYER AMBITION 250 ML",null,1400,365,1035]
["BAYER ATANTIS 160 GRM",null,180,180]
["BAYER BELT EXPERT 100 ML",null,50,5,45]
["BAYER BUONOS 250 ML",null,80,5,75]
["BAYER BUONOS SC 500 ML",null,20,null,20]
["BAYER CONFIDOR 100 ML",null,1410,505,905]
["BAYER EMESTO PRIME 100 ML",null,50,null,50]
["BAYER EVERGOL EXTEND 100 ML",null,50,null,50]
["BAYER EVERGOL XTEND 40 ML",null,100,null,100]
["BAYER FAME 100 ML",5,null,3,2]
["BAYER FAME 50 ML"]
["BAYER FENOS QUICK 100 ML",null,50,null,50]
["BAYER FOLICUR  EC 100 ML",30,50,80]
["BAYER FOLICUR EC 250 ML",null,160,105,55]
["BAYER FOLICUR EC 500 ML"]
["BAYER FOOST 500 GRM",null,3892,2272,1620]
["BAYER GAUCHO 1 LIT",null,10,10]
["BAYER GAUCHO 5 LIT",null,10,8,2]
["BAYER GAUCHO 9 ML",null,2900,800,2100]
["BAYER GAUCHO FS 50 ML",null,1300,638,662]
["BAYER INFINITO  500 ML",null,40,7,33]
["BAYER JUMP 2 GRM",null,3205,2800,405]
["BAYER LARVIN 250 GRM",null,60,20,40]
["BAYER LAUDIS SC 115 ML",null,336,353,-17]
["BAYER LAUDIS SC 57.5ML",null,2046,1760,286]
["BAYER LESANTA 100GRM",null,null,1,-1]
["BAYER LESENTA 250 GRM",null,null,16,-16]
["BAYER LUCIFER 160 GRM"]
["BAYER LUNA EXPERIENCE 250 ML",null,40,5,35]
["BAYER MELODY DUO 400 GM",null,10,null,10]
["BAYER MELODY DUO 400 GRM",null,null,8,-8]
["BAYER MILLET 9180 1.5 KG",null,2549,2380,169]
["BAYER NATIVO 1 KG",null,10,10]
["BAYER NATIVO 250 GRM",null,80,28,52]
["BAYER NATIVO 50 GRM",75,null,73,2]
["BAYER NATIVO WG 75 100 GRM",null,650,365,285]
["BAYER NATIVO WG75 500GM",10,null,9,1]
["BAYER OBERON 100 ML",null,350,305,45]
["BAYER OBERON 200 ML",60,209,162,107]
["BAYER OBERON 500 ML",null,11,11]
["BAYER PLANOFIX 250 ML",80,null,47,33]
["BAYER PLANOFIX SL 100 ML",null,1250,405,845]
["BAYER RAXIL EASY 13.4ML",null,400,40,360]
["BAYER RAXIL EASY FS60 1 LIT",null,100,100]
["BAYERREGENT 100ML",null,3800,3785,15]
["BAYER REGENT  1 LIT",null,570,475,95]
["BAYER REGENT 250 ML",null,4100,3800,300]
["BAYER REGENT 25 KG",null,1000,800,200]
["BAYER REGENT 500 ML",null,2058,1816,242]
["BAYER REGENT GOLD 100 ML",100,null,50,50]
["BAYER REGENT GOLD 250 ML",60,null,35,25]
["BAYER REGENT GR 0.3 %",1000,8260,5920,3340]
["BAYER REGENT ULTRA GR0 6 (4KG)",null,260,null,260]
["BAYER SECTIN WG60 (100GM)"]
["BAYER SECTIN WG 60 (600GM)",null,120,100,20]
["BAYER SECTION 1 KG",null,50,48,2]
["BAYER SENCOR 100 GRM",null,1380,1120,260]
["BAYER SIMBOLA 250 GRM",null,20,null,20]
["BAYER SOLOMAN 250 ML",5,320,202,123]
["BAYER SPINTOR SC495 (75ML)"]
["BAYER SUNRISE 100 GRM",null,200,25,175]
["BAYER VELUM PRIME 500 ML",null,20,null,20]
["BAYER VELUM PRIME SC 250ML",1,120,12,109]
["BAYER WHIP SUPER 250 ML",null,40,5,35]
["BAYER XTEND 40 ML"]
["BAYRE REGENT GR 1 KG",null,2360,2400,-40]
["CONFIDOR 1 LIT",null,60,20,40]
["CONFIDOR 250 ML",null,360,105,255]
["CONFIDOR 500 MIL",null,160,40,120]
["CONFIDOR SL200 50 ML"]
["CONFIDOR SUPER 100 ML"]
["CONFIDOR SUPER 50 ML"]
["CONIFDOR SUPER 50 ML"]
["DECIS EC 100 ML",null,null,10,-10]
["DECIS EC101 100 ML"]
["DECIS EC 1 LIT"]
["DECIS EC28 250ML",null,40,null,40]
["DECIS EC28 500 ML",null,40,null,40]
["MOVENTO ENERGY 100 ML",15,null,12,3]
["MOVENTO ENERGY SC 1 LIT",20,90,79,31]
["MOVENTO ENERGY SC 250 ML",80,600,216,464]
["SOLOMON 100 ML",null,150,55,95]
["SOLOMON 1 LIT"]
["SOLOMON 500 ML",null,20,5,15]
["SURPASS 7272 BGII",null,616,364,252]
["SURPASS SAFAL-555",null,1400,null,1400]
["Grand Total",{"$f":"SUM(B15:B121)","v":1541},83176,63769,20948]

{"sheet":"Dealer Report working","index":2,"n_rows":108,"n_cols":14,"rows_kept":108,"cut":false,"hidden":false,"merged":[]}
["Particulars","Opening Qty","Purchase Qty","Sales Qty","CLSG","Master Name",null,null,null,null,"Values"]
["ADMIRE 2GRM",null,160,null,160,"ADMIRE WG70 125X(8X2GR) BAG IN",null,null,null,"Row Labels","Sum of Opening Qty","Sum of Purchase Qty","Sum of Sales Qty","Sum of CLSG"]
["ADUE WG 40 GRM",null,null,null,null,"ADUE WG70 15X40G BOT IN",null,null,null,"ADMIRE WG70 125X(8X2GR) BAG IN",null,160,null,160]
["ANTRACOL 100 GRM",null,50,null,50,"ANTRACOL (T) WP70 50X100GR BAG IN",null,null,null,"ADUE WG70 15X40G BOT IN"]
["ANTRACOL 1 KG",null,490,480,10,"ANTRACOL (T) WP70 10X1KG BAG IN",null,null,null,"ALANTO (T) SC240 40X250ML BOT IN"]
["ANTRACOL 250 GRM",null,560,240,320,"ANTRACOL (T) WP70 40X250GR BAG IN",null,null,null,"ALANTO (T) SC240 50X100ML BOT IN"]
["ANTRACOL 500 GRM",null,940,360,580,"ANTRACOL (T) WP70 20X500GR BAG IN",null,null,null,"ALIETTE WP80 20X250GR BAG IN",null,20,null,20]
["BAYER 5210 (1KG)",null,955,705,250,"MUSTARD PA 5210 (LOC) 30X1KG BAG IN",null,null,null,"ALIETTE WP80 40X100GR BAG IN",null,40,null,40]
["BAYER 5222(1KG)",null,2191,2255,-64,"MUSTARD 5222 30X1KG BAG IN",null,null,null,"AMBITION 10X1L BOT IN",null,250,180,70]
["BAYER 5222 500 GRM",null,300,300,null,"MUSTARD 5222 60X500G BAG IN",null,null,null,"AMBITION 40X250ML BOT IN",null,1400,365,1035]
["BAYER 5232 1 KG",null,150,60,90,"MUSTARD PA 5232 (LOC) 30X1KG BAG IN",null,null,null,"ANTRACOL (T) WP70 10X1KG BAG IN",null,490,480,10]
["BAYER 7172 BG II",null,1908,949,959,"SURPASS 7172 BG2 20X450GR BAG IN",null,null,null,"ANTRACOL (T) WP70 20X500GR BAG IN",null,940,360,580]
["BAYER 9001 1.5 KG",null,15796,14440,1356,"MILLET HYBRID 9001 20X1.5 BAG IN",null,null,null,"ANTRACOL (T) WP70 40X250GR BAG IN",null,560,240,320]
["BAYER 9001 4.5 KG",null,null,null,null,"MILLET 9001 (LOC) 6X4.5KG BAG IN",null,null,null,"ANTRACOL (T) WP70 50X100GR BAG IN",null,50,null,50]
["BAYER 9444 1.5 KG",null,5676,5930,-254,"MILLET HYBRID 9444 20X1.5KG BAG IN",null,null,null,"ATLANTIS KL3 6 15X160GR BOT IN",null,180,180]
["BAYER 9444 GOLD",null,null,null,null,"MILLET HYBRID 9444 GOLD 20X1.50KG BAG IN",null,null,null,"BELT EXPERT SC480 50X100ML BOT IN",null,50,5,45]
["BAYER 9450 1.5 KG",null,2418,2490,-72,"MILLET HYBRID 9450 20X1 5KG BAG IN",null,null,null,"BUONOS SC430 20X500ML BOT IN",null,20,null,20]
["BAYER ALANTO 250 ML",null,null,null,null,"ALANTO (T) SC240 40X250ML BOT IN",null,null,null,"BUONOS SC430 40X250ML BOT IN",null,80,5,75]
["BAYER ALANTO SC 100 ML",null,null,null,null,"ALANTO (T) SC240 50X100ML BOT IN",null,null,null,"CONFIDOR (T) SL200 100X50ML BOT IN"]
["BAYER ALIETTE 250 GRM",null,20,null,20,"ALIETTE WP80 20X250GR BAG IN",null,null,null,"CONFIDOR (T) SL200 10X1L BOT IN",null,60,20,40]
["BAYER ALIETTE WP80 100GM",null,40,null,40,"ALIETTE WP80 40X100GR BAG IN",null,null,null,"CONFIDOR (T) SL200 20X250ML BOT IN",null,360,105,255]
["BAYER AMBITION 1 LIT",null,250,180,70,"AMBITION 10X1L BOT IN",null,null,null,"CONFIDOR (T) SL200 20X500ML BOT IN",null,160,40,120]
["BAYER AMBITION 250 ML",null,1400,365,1035,"AMBITION 40X250ML BOT IN",null,null,null,"CONFIDOR (T) SL200 50X100ML BOT IN",null,1410,505,905]
["BAYER ATANTIS 160 GRM",null,180,180,null,"ATLANTIS KL3 6 15X160GR BOT IN",null,null,null,"CONFIDOR SUPER (T) SC350 50X100ML BOT IN"]
["BAYER BELT EXPERT 100 ML",null,50,5,45,"BELT EXPERT SC480 50X100ML BOT IN",null,null,null,"CONFIDOR SUPER (T) SC350 50X50ML BOT IN"]
["BAYER BUONOS 250 ML",null,80,5,75,"BUONOS SC430 40X250ML BOT IN",null,null,null,"DECIS EC 28 10X1L BOT IN"]
["BAYER BUONOS SC 500 ML",null,20,null,20,"BUONOS SC430 20X500ML BOT IN",null,null,null,"DECIS EC 28 20X500ML BOT IN",null,40,null,40]
["BAYER CONFIDOR 100 ML",null,1410,505,905,"CONFIDOR (T) SL200 50X100ML BOT IN",null,null,null,"DECIS EC 28 40X250ML BOT IN",null,40,null,40]
["BAYER EMESTO PRIME 100 ML",null,50,null,50,"EMESTO PRIME FS240 50X100ML BOT IN",null,null,null,"DECIS EC101-2 50X100ML BOX IN",null,null,10,-10]
["BAYER EVERGOL EXTEND 100 ML",null,50,null,50,"EVERGOL XTEND FS308 50X100ML BOT IN",null,null,null,"DISCOUNTINUE PRODUCT",null,1400,null,1400]
["BAYER EVERGOL XTEND 40 ML",null,100,null,100,"EVERGOL XTEND FS308 100X40ML BOT IN",null,null,null,"EMESTO PRIME FS240 50X100ML BOT IN",null,50,null,50]
["BAYER FAME 100 ML",5,null,3,2,"FAME (T) SC480 20X100ML BOT IN",null,null,null,"EVERGOL XTEND FS308 100X40ML BOT IN",null,100,null,100]
["BAYER FAME 50 ML",null,null,null,null,"FAME (T) SC480 40X50ML BOT IN",null,null,null,"EVERGOL XTEND FS308 50X100ML BOT IN",null,50,null,50]
["BAYER FENOS QUICK 100 ML",null,50,null,50,"FENOS QUICK SC150 50X100ML BOT IN",null,null,null,"FAME (T) SC480 20X100ML BOT IN",5,null,3,2]
["BAYER FOLICUR  EC 100 ML",30,50,80,null,"FOLICUR (T) EC250 50X100ML BOT IN",null,null,null,"FAME (T) SC480 40X50ML BOT IN"]
["BAYER FOLICUR EC 250 ML",null,160,105,55,"FOLICUR (T) EC250 40X250ML BOT IN",null,null,null,"FENOS QUICK SC150 50X100ML BOT IN",null,50,null,50]
["BAYER FOLICUR EC 500 ML",null,null,null,null,"FOLICUR (T) EC250 20X500ML BOT IN",null,null,null,"FOLICUR (T) EC250 20X500ML BOT IN"]
["BAYER FOOST 500 GRM",null,3892,2272,1620,"FOOST WP50 24X500G BAG IN",null,null,null,"FOLICUR (T) EC250 40X250ML BOT IN",null,160,105,55]
["BAYER GAUCHO 1 LIT",null,10,10,null,"GAUCHO FS600 2X(5X1L) BOT IN",null,null,null,"FOLICUR (T) EC250 50X100ML BOT IN",30,50,80]
["BAYER GAUCHO 5 LIT",null,10,8,2,"GAUCHO FS600 2X5L BOT IN",null,null,null,"FOOST WP50 24X500G BAG IN",null,3892,2272,1620]
["BAYER GAUCHO 9 ML",null,2900,800,2100,"GAUCHO FS600 5X(20X9)ML BOT IN",null,null,null,"GAUCHO FS600 100X50ML BOT IN",null,1300,638,662]
["BAYER GAUCHO FS 50 ML",null,1300,638,662,"GAUCHO FS600 100X50ML BOT IN",null,null,null,"GAUCHO FS600 2X(5X1L) BOT IN",null,10,10]
["BAYER INFINITO  500 ML",null,40,7,33,"INFINITO SC687 5 20X500ML BOT IN",null,null,null,"GAUCHO FS600 2X5L BOT IN",null,10,8,2]
["BAYER JUMP 2 GRM",null,3205,2800,405,"JUMP WG80 160X(10X2GR) BAG IN",null,null,null,"GAUCHO FS600 5X(20X9)ML BOT IN",null,2900,800,2100]
["BAYER LARVIN 250 GRM",null,60,20,40,"LARVIN (T) WP75 20X250GR BAG IN",null,null,null,"INFINITO SC687 5 20X500ML BOT IN",null,40,7,33]
["BAYER LAUDIS SC 115 ML",null,336,353,-17,"LAUDIS SC630 8X115ML BOT IN",null,null,null,"JUMP WG80 160X(10X2GR) BAG IN",null,3205,2800,405]
["BAYER LAUDIS SC 57.5ML",null,2046,1760,286,"LAUDIS SC630 10X57.5ML BOT IN",null,null,null,"LARVIN (T) WP75 20X250GR BAG IN",null,60,20,40]
["BAYER LESANTA 100GRM",null,null,1,-1,"LESENTA WG80 50X100GR BAG IN",null,null,null,"LAUDIS SC630 10X57.5ML BOT IN",null,2046,1760,286]
["BAYER LESENTA 250 GRM",null,null,16,-16,"LESENTA WG80 20X250GR BAG IN",null,null,null,"LAUDIS SC630 8X115ML BOT IN",null,336,353,-17]
["BAYER LUCIFER 160 GRM",null,null,null,null,"LUCIFER (T) WP15 25X160GR BAG IN",null,null,null,"LESENTA WG80 20X250GR BAG IN",null,null,16,-16]
["BAYER LUNA EXPERIENCE 250 ML",null,40,5,35,"LUNA EXPERIENCE SC400 40X250ML BOT IN",null,null,null,"LESENTA WG80 50X100GR BAG IN",null,null,1,-1]
["BAYER MELODY DUO 400 GM",null,10,null,10,"MELODY DUO WP66 8 10X400GR BAG IN",null,null,null,"LUCIFER (T) WP15 25X160GR BAG IN"]
["BAYER MELODY DUO 400 GRM",null,null,8,-8,"MELODY DUO WP66 8 10X400GR BAG IN",null,null,null,"LUNA EXPERIENCE SC400 40X250ML BOT IN",null,40,5,35]
["BAYER MILLET 9180 1.5 KG",null,2549,2380,169,"MILLET PA 9180 (LOC) 20X1.50KG BAG IN",null,null,null,"MELODY DUO WP66 8 10X400GR BAG IN",null,10,8,2]
["BAYER NATIVO 1 KG",null,10,10,null,"NATIVO WG75 10X1KG BAG IN",null,null,null,"MILLET 9001 (LOC) 6X4.5KG BAG IN"]
["BAYER NATIVO 250 GRM",null,80,28,52,"NATIVO WG75 40X250GR BAG IN",null,null,null,"MILLET HYBRID 9001 20X1.5 BAG IN",null,15796,14440,1356]
["BAYER NATIVO 50 GRM",75,null,73,2,"NATIVO WG75 100X50GR BAG IN",null,null,null,"MILLET HYBRID 9444 20X1.5KG BAG IN",null,5676,5930,-254]
["BAYER NATIVO WG 75 100 GRM",null,650,365,285,"NATIVO WG75 50X100GR BAG IN",null,null,null,"MILLET HYBRID 9444 GOLD 20X1.50KG BAG IN"]
["BAYER NATIVO WG75 500GM",10,null,9,1,"NATIVO WG75 20X500GR BAG IN",null,null,null,"MILLET HYBRID 9450 20X1 5KG BAG IN",null,2418,2490,-72]
["BAYER OBERON 100 ML",null,350,305,45,"OBERON (T) SC240 50X100ML BOT IN",null,null,null,"MILLET PA 9180 (LOC) 20X1.50KG BAG IN",null,2549,2380,169]
["BAYER OBERON 200 ML",60,209,162,107,"OBERON (T) SC240 40X200ML BOT IN",null,null,null,"MOVENTO ENERGY SC240 10X1L BOT IN",20,90,79,31]
["BAYER OBERON 500 ML",null,11,11,null,"OBERON (T) SC240 20X500ML BOT IN",null,null,null,"MOVENTO ENERGY SC240 40X250ML BOT IN",80,600,216,464]
["BAYER PLANOFIX 250 ML",80,null,47,33,"PLANOFIX SL4 5 40X250ML BOT IN",null,null,null,"MOVENTO ENERGY SC240 50X100ML BOT IN",15,null,12,3]
["BAYER PLANOFIX SL 100 ML",null,1250,405,845,"PLANOFIX SL4 5 50X100ML BOT IN",null,null,null,"MUSTARD 5222 30X1KG BAG IN",null,2191,2255,-64]
["BAYER RAXIL EASY 13.4ML",null,400,40,360,"RAXIL EASY FS60 10X(20X13.4ML) BOT IN",null,null,null,"MUSTARD 5222 60X500G BAG IN",null,300,300]
["BAYER RAXIL EASY FS60 1 LIT",null,100,100,null,"RAXIL EASY FS60 10X1L BOT IN",null,null,null,"MUSTARD PA 5210 (LOC) 30X1KG BAG IN",null,955,705,250]
["BAYERREGENT 100ML",null,3800,3785,15,"REGENT (T) SC50 50X100ML BOT IN",null,null,null,"MUSTARD PA 5232 (LOC) 30X1KG BAG IN",null,150,60,90]
["BAYER REGENT  1 LIT",null,570,475,95,"REGENT (T) SC50 10X1L BOT IN",null,null,null,"NATIVO WG75 100X50GR BAG IN",75,null,73,2]
["BAYER REGENT 250 ML",null,4100,3800,300,"REGENT (T) SC50 20X250ML BOT IN",null,null,null,"NATIVO WG75 10X1KG BAG IN",null,10,10]
["BAYER REGENT 25 KG",null,1000,800,200,"REGENT GR0 3 1X25KG BOX WW",null,null,null,"NATIVO WG75 20X500GR BAG IN",10,null,9,1]
["BAYER REGENT 500 ML",null,2058,1816,242,"REGENT (T) SC50 20X500ML BOT IN",null,null,null,"NATIVO WG75 40X250GR BAG IN",null,80,28,52]
["BAYER REGENT GOLD 100 ML",100,null,50,50,"REGENT GOLD SC200 50X100ML BOT IN",null,null,null,"NATIVO WG75 50X100GR BAG IN",null,650,365,285]
["BAYER REGENT GOLD 250 ML",60,null,35,25,"REGENT GOLD SC200 40X250ML BOT IN",null,null,null,"OBERON (T) SC240 20X500ML BOT IN",null,11,11]
["BAYER REGENT GR 0.3 %",1000,8260,5920,3340,"REGENT GR0 3 20X1KG BAG IN",null,null,null,"OBERON (T) SC240 40X200ML BOT IN",60,209,162,107]
["BAYER REGENT ULTRA GR0 6 (4KG)",null,260,null,260,"REGENT ULTRA GR0 6 5X4KG BAG IN",null,null,null,"OBERON (T) SC240 50X100ML BOT IN",null,350,305,45]
["BAYER SECTIN WG60 (100GM)",null,null,null,null,"SECTIN WG60 50X100GR BAG IN",null,null,null,"PLANOFIX SL4 5 40X250ML BOT IN",80,null,47,33]
["BAYER SECTIN WG 60 (600GM)",null,120,100,20,"SECTIN WG60 20X600GR BAG IN",null,null,null,"PLANOFIX SL4 5 50X100ML BOT IN",null,1250,405,845]
["BAYER SECTION 1 KG",null,50,48,2,"SECTIN WG60 10X1KG BAG IN",null,null,null,"RAXIL EASY FS60 10X(20X13.4ML) BOT IN",null,400,40,360]
["BAYER SENCOR 100 GRM",null,1380,1120,260,"SENCOR WP70 60X100GR BAG IN",null,null,null,"RAXIL EASY FS60 10X1L BOT IN",null,100,100]
["BAYER SIMBOLA 250 GRM",null,20,null,20,"SIMBOLA (T) SG20 20X250G BOT IN",null,null,null,"REGENT (T) SC50 10X1L BOT IN",null,570,475,95]
["BAYER SOLOMAN 250 ML",5,320,202,123,"SOLOMON OD300 40X250ML BOT IN",null,null,null,"REGENT (T) SC50 20X250ML BOT IN",null,4100,3800,300]
["BAYER SPINTOR SC495 (75ML)",null,null,null,null,"SPINTOR SC495 20X75ML BOT IN",null,null,null,"REGENT (T) SC50 20X500ML BOT IN",null,2058,1816,242]
["BAYER SUNRISE 100 GRM",null,200,25,175,"SUNRICE WG15 100X50GR BOT IN",null,null,null,"REGENT (T) SC50 50X100ML BOT IN",null,3800,3785,15]
["BAYER VELUM PRIME 500 ML",null,20,null,20,"VELUM PRIME SC400 20X500ML BOT IN",null,null,null,"REGENT GOLD SC200 40X250ML BOT IN",60,null,35,25]
["BAYER VELUM PRIME SC 250ML",1,120,12,109,"VELUM PRIME SC400 40X250ML BOT IN",null,null,null,"REGENT GOLD SC200 50X100ML BOT IN",100,null,50,50]
["BAYER WHIP SUPER 250 ML",null,40,5,35,"WHIPSUPER (T) EC90 40X250ML BOT IN",null,null,null,"REGENT GR0 3 1X25KG BOX WW",null,1000,800,200]
["BAYER XTEND 40 ML",null,null,null,null,"EVERGOL XTEND FS308 100X40ML BOT IN",null,null,null,"REGENT GR0 3 20X1KG BAG IN",1000,10620,8320,3300]
["BAYRE REGENT GR 1 KG",null,2360,2400,-40,"REGENT GR0 3 20X1KG BAG IN",null,null,null,"REGENT ULTRA GR0 6 5X4KG BAG IN",null,260,null,260]
["CONFIDOR 1 LIT",null,60,20,40,"CONFIDOR (T) SL200 10X1L BOT IN",null,null,null,"SECTIN WG60 10X1KG BAG IN",null,50,48,2]
["CONFIDOR 250 ML",null,360,105,255,"CONFIDOR (T) SL200 20X250ML BOT IN",null,null,null,"SECTIN WG60 20X600GR BAG IN",null,120,100,20]
["CONFIDOR 500 MIL",null,160,40,120,"CONFIDOR (T) SL200 20X500ML BOT IN",null,null,null,"SECTIN WG60 50X100GR BAG IN"]
["CONFIDOR SL200 50 ML",null,null,null,null,"CONFIDOR (T) SL200 100X50ML BOT IN",null,null,null,"SENCOR WP70 60X100GR BAG IN",null,1380,1120,260]
["CONFIDOR SUPER 100 ML",null,null,null,null,"CONFIDOR SUPER (T) SC350 50X100ML BOT IN",null,null,null,"SIMBOLA (T) SG20 20X250G BOT IN",null,20,null,20]
["CONFIDOR SUPER 50 ML",null,null,null,null,"CONFIDOR SUPER (T) SC350 50X50ML BOT IN",null,null,null,"SOLOMON OD300 10X1L BOT IN"]
["CONIFDOR SUPER 50 ML",null,null,null,null,"CONFIDOR SUPER (T) SC350 50X50ML BOT IN",null,null,null,"SOLOMON OD300 20X500ML BOT IN",null,20,5,15]
["DECIS EC 100 ML",null,null,10,-10,"DECIS EC101-2 50X100ML BOX IN",null,null,null,"SOLOMON OD300 40X250ML BOT IN",5,320,202,123]
["DECIS EC101 100 ML",null,null,null,null,"DECIS EC101-2 50X100ML BOX IN",null,null,null,"SOLOMON OD300 50X100ML BOT IN",null,150,55,95]
["DECIS EC 1 LIT",null,null,null,null,"DECIS EC 28 10X1L BOT IN",null,null,null,"SPINTOR SC495 20X75ML BOT IN"]
["DECIS EC28 250ML",null,40,null,40,"DECIS EC 28 40X250ML BOT IN",null,null,null,"SUNRICE WG15 100X50GR BOT IN",null,200,25,175]
["DECIS EC28 500 ML",null,40,null,40,"DECIS EC 28 20X500ML BOT IN",null,null,null,"SURPASS 7172 BG2 20X450GR BAG IN",null,1908,949,959]
["MOVENTO ENERGY 100 ML",15,null,12,3,"MOVENTO ENERGY SC240 50X100ML BOT IN",null,null,null,"SURPASS 7272 BG2 (LOC) 20X450G BAG IN",null,616,364,252]
["MOVENTO ENERGY SC 1 LIT",20,90,79,31,"MOVENTO ENERGY SC240 10X1L BOT IN",null,null,null,"VELUM PRIME SC400 20X500ML BOT IN",null,20,null,20]
["MOVENTO ENERGY SC 250 ML",80,600,216,464,"MOVENTO ENERGY SC240 40X250ML BOT IN",null,null,null,"VELUM PRIME SC400 40X250ML BOT IN",1,120,12,109]
["SOLOMON 100 ML",null,150,55,95,"SOLOMON OD300 50X100ML BOT IN",null,null,null,"WHIPSUPER (T) EC90 40X250ML BOT IN",null,40,5,35]
["SOLOMON 1 LIT",null,null,null,null,"SOLOMON OD300 10X1L BOT IN",null,null,null,"Grand Total",1541,83176,63769,20948]
["SOLOMON 500 ML",null,20,5,15,"SOLOMON OD300 20X500ML BOT IN"]
["SURPASS 7272 BGII",null,616,364,252,"SURPASS 7272 BG2 (LOC) 20X450G BAG IN"]
["SURPASS SAFAL-555",null,1400,null,1400,"DISCOUNTINUE PRODUCT"]

{"sheet":"Master","index":3,"n_rows":108,"n_cols":2,"rows_kept":108,"cut":false,"hidden":false,"merged":[]}
["Item Details","Master Name"]
["ADMIRE 2GRM","ADMIRE WG70 125X(8X2GR) BAG IN"]
["ADUE WG 40 GRM","ADUE WG70 15X40G BOT IN"]
["ANTRACOL 100 GRM","ANTRACOL (T) WP70 50X100GR BAG IN"]
["ANTRACOL 1 KG","ANTRACOL (T) WP70 10X1KG BAG IN"]
["ANTRACOL 250 GRM","ANTRACOL (T) WP70 40X250GR BAG IN"]
["ANTRACOL 500 GRM","ANTRACOL (T) WP70 20X500GR BAG IN"]
["BAYER 5210 (1KG)","MUSTARD PA 5210 (LOC) 30X1KG BAG IN"]
["BAYER 5222(1KG)","MUSTARD 5222 30X1KG BAG IN"]
["BAYER 5222 500 GRM","MUSTARD 5222 60X500G BAG IN"]
["BAYER 5232 1 KG","MUSTARD PA 5232 (LOC) 30X1KG BAG IN"]
["BAYER 7172 BG II","SURPASS 7172 BG2 20X450GR BAG IN"]
["BAYER 9001 1.5 KG","MILLET HYBRID 9001 20X1.5 BAG IN"]
["BAYER 9001 4.5 KG","MILLET 9001 (LOC) 6X4.5KG BAG IN"]
["BAYER 9444 1.5 KG","MILLET HYBRID 9444 20X1.5KG BAG IN"]
["BAYER 9444 GOLD","MILLET HYBRID 9444 GOLD 20X1.50KG BAG IN"]
["BAYER 9450 1.5 KG","MILLET HYBRID 9450 20X1 5KG BAG IN"]
["BAYER ALANTO 250 ML","ALANTO (T) SC240 40X250ML BOT IN"]
["BAYER ALANTO SC 100 ML","ALANTO (T) SC240 50X100ML BOT IN"]
["BAYER ALIETTE 250 GRM","ALIETTE WP80 20X250GR BAG IN"]
["BAYER ALIETTE WP80 100GM","ALIETTE WP80 40X100GR BAG IN"]
["BAYER AMBITION 1 LIT","AMBITION 10X1L BOT IN"]
["BAYER AMBITION 250 ML","AMBITION 40X250ML BOT IN"]
["BAYER ATANTIS 160 GRM","ATLANTIS KL3 6 15X160GR BOT IN"]
["BAYER BELT EXPERT 100 ML","BELT EXPERT SC480 50X100ML BOT IN"]
["BAYER BUONOS 250 ML","BUONOS SC430 40X250ML BOT IN"]
["BAYER BUONOS SC 500 ML","BUONOS SC430 20X500ML BOT IN"]
["BAYER CONFIDOR 100 ML","CONFIDOR (T) SL200 50X100ML BOT IN"]
["BAYER EMESTO PRIME 100 ML","EMESTO PRIME FS240 50X100ML BOT IN"]
["BAYER EVERGOL EXTEND 100 ML","EVERGOL XTEND FS308 50X100ML BOT IN"]
["BAYER EVERGOL XTEND 40 ML","EVERGOL XTEND FS308 100X40ML BOT IN"]
["BAYER FAME 100 ML","FAME (T) SC480 20X100ML BOT IN"]
["BAYER FAME 50 ML","FAME (T) SC480 40X50ML BOT IN"]
["BAYER FENOS QUICK 100 ML","FENOS QUICK SC150 50X100ML BOT IN"]
["BAYER FOLICUR  EC 100 ML","FOLICUR (T) EC250 50X100ML BOT IN"]
["BAYER FOLICUR EC 250 ML","FOLICUR (T) EC250 40X250ML BOT IN"]
["BAYER FOLICUR EC 500 ML","FOLICUR (T) EC250 20X500ML BOT IN"]
["BAYER FOOST 500 GRM","FOOST WP50 24X500G BAG IN"]
["BAYER GAUCHO 1 LIT","GAUCHO FS600 2X(5X1L) BOT IN"]
["BAYER GAUCHO 5 LIT","GAUCHO FS600 2X5L BOT IN"]
["BAYER GAUCHO 9 ML","GAUCHO FS600 5X(20X9)ML BOT IN"]
["BAYER GAUCHO FS 50 ML","GAUCHO FS600 100X50ML BOT IN"]
["BAYER INFINITO  500 ML","INFINITO SC687 5 20X500ML BOT IN"]
["BAYER JUMP 2 GRM","JUMP WG80 160X(10X2GR) BAG IN"]
["BAYER LARVIN 250 GRM","LARVIN (T) WP75 20X250GR BAG IN"]
["BAYER LAUDIS SC 115 ML","LAUDIS SC630 8X115ML BOT IN"]
["BAYER LAUDIS SC 57.5ML","LAUDIS SC630 10X57.5ML BOT IN"]
["BAYER LESANTA 100GRM","LESENTA WG80 50X100GR BAG IN"]
["BAYER LESENTA 250 GRM","LESENTA WG80 20X250GR BAG IN"]
["BAYER LUCIFER 160 GRM","LUCIFER (T) WP15 25X160GR BAG IN"]
["BAYER LUNA EXPERIENCE 250 ML","LUNA EXPERIENCE SC400 40X250ML BOT IN"]
["BAYER MELODY DUO 400 GM","MELODY DUO WP66 8 10X400GR BAG IN"]
["BAYER MELODY DUO 400 GRM","MELODY DUO WP66 8 10X400GR BAG IN"]
["BAYER MILLET 9180 1.5 KG","MILLET PA 9180 (LOC) 20X1.50KG BAG IN"]
["BAYER NATIVO 1 KG","NATIVO WG75 10X1KG BAG IN"]
["BAYER NATIVO 250 GRM","NATIVO WG75 40X250GR BAG IN"]
["BAYER NATIVO 50 GRM","NATIVO WG75 100X50GR BAG IN"]
["BAYER NATIVO WG 75 100 GRM","NATIVO WG75 50X100GR BAG IN"]
["BAYER NATIVO WG75 500GM","NATIVO WG75 20X500GR BAG IN"]
["BAYER OBERON 100 ML","OBERON (T) SC240 50X100ML BOT IN"]
["BAYER OBERON 200 ML","OBERON (T) SC240 40X200ML BOT IN"]
["BAYER OBERON 500 ML","OBERON (T) SC240 20X500ML BOT IN"]
["BAYER PLANOFIX 250 ML","PLANOFIX SL4 5 40X250ML BOT IN"]
["BAYER PLANOFIX SL 100 ML","PLANOFIX SL4 5 50X100ML BOT IN"]
["BAYER RAXIL EASY 13.4ML","RAXIL EASY FS60 10X(20X13.4ML) BOT IN"]
["BAYER RAXIL EASY FS60 1 LIT","RAXIL EASY FS60 10X1L BOT IN"]
["BAYERREGENT 100ML","REGENT (T) SC50 50X100ML BOT IN"]
["BAYER REGENT  1 LIT","REGENT (T) SC50 10X1L BOT IN"]
["BAYER REGENT 250 ML","REGENT (T) SC50 20X250ML BOT IN"]
["BAYER REGENT 25 KG","REGENT GR0 3 1X25KG BOX WW"]
["BAYER REGENT 500 ML","REGENT (T) SC50 20X500ML BOT IN"]
["BAYER REGENT GOLD 100 ML","REGENT GOLD SC200 50X100ML BOT IN"]
["BAYER REGENT GOLD 250 ML","REGENT GOLD SC200 40X250ML BOT IN"]
["BAYER REGENT GR 0.3 %","REGENT GR0 3 20X1KG BAG IN"]
["BAYER REGENT ULTRA GR0 6 (4KG)","REGENT ULTRA GR0 6 5X4KG BAG IN"]
["BAYER SECTIN WG60 (100GM)","SECTIN WG60 50X100GR BAG IN"]
["BAYER SECTIN WG 60 (600GM)","SECTIN WG60 20X600GR BAG IN"]
["BAYER SECTION 1 KG","SECTIN WG60 10X1KG BAG IN"]
["BAYER SENCOR 100 GRM","SENCOR WP70 60X100GR BAG IN"]
["BAYER SIMBOLA 250 GRM","SIMBOLA (T) SG20 20X250G BOT IN"]
["BAYER SOLOMAN 250 ML","SOLOMON OD300 40X250ML BOT IN"]
["BAYER SPINTOR SC495 (75ML)","SPINTOR SC495 20X75ML BOT IN"]
["BAYER SUNRISE 100 GRM","SUNRICE WG15 100X50GR BOT IN"]
["BAYER VELUM PRIME 500 ML","VELUM PRIME SC400 20X500ML BOT IN"]
["BAYER VELUM PRIME SC 250ML","VELUM PRIME SC400 40X250ML BOT IN"]
["BAYER WHIP SUPER 250 ML","WHIPSUPER (T) EC90 40X250ML BOT IN"]
["BAYER XTEND 40 ML","EVERGOL XTEND FS308 100X40ML BOT IN"]
["BAYRE REGENT GR 1 KG","REGENT GR0 3 20X1KG BAG IN"]
["CONFIDOR 1 LIT","CONFIDOR (T) SL200 10X1L BOT IN"]
["CONFIDOR 250 ML","CONFIDOR (T) SL200 20X250ML BOT IN"]
["CONFIDOR 500 MIL","CONFIDOR (T) SL200 20X500ML BOT IN"]
["CONFIDOR SL200 50 ML","CONFIDOR (T) SL200 100X50ML BOT IN"]
["CONFIDOR SUPER 100 ML","CONFIDOR SUPER (T) SC350 50X100ML BOT IN"]
["CONFIDOR SUPER 50 ML","CONFIDOR SUPER (T) SC350 50X50ML BOT IN"]
["CONIFDOR SUPER 50 ML","CONFIDOR SUPER (T) SC350 50X50ML BOT IN"]
["DECIS EC 100 ML","DECIS EC101-2 50X100ML BOX IN"]
["DECIS EC101 100 ML","DECIS EC101-2 50X100ML BOX IN"]
["DECIS EC 1 LIT","DECIS EC 28 10X1L BOT IN"]
["DECIS EC28 250ML","DECIS EC 28 40X250ML BOT IN"]
["DECIS EC28 500 ML","DECIS EC 28 20X500ML BOT IN"]
["MOVENTO ENERGY 100 ML","MOVENTO ENERGY SC240 50X100ML BOT IN"]
["MOVENTO ENERGY SC 1 LIT","MOVENTO ENERGY SC240 10X1L BOT IN"]
["MOVENTO ENERGY SC 250 ML","MOVENTO ENERGY SC240 40X250ML BOT IN"]
["SOLOMON 100 ML","SOLOMON OD300 50X100ML BOT IN"]
["SOLOMON 1 LIT","SOLOMON OD300 10X1L BOT IN"]
["SOLOMON 500 ML","SOLOMON OD300 20X500ML BOT IN"]
["SURPASS 7272 BGII","SURPASS 7272 BG2 (LOC) 20X450G BAG IN"]
["SURPASS SAFAL-555","DISCOUNTINUE PRODUCT"]

{"sheet":"Final Dealer Work","index":4,"n_rows":105,"n_cols":14,"rows_kept":105,"cut":false,"hidden":false,"merged":[]}
[]
[null,"PRODUCT","ITEMALIAS","Bpc","Volume","Opening Qty","Purchase Qty","Purchase Return Qty","Sales Qty","Sales Return Qty","Transfer Qty","Consignment Qty","Adjustment Qty","CLSG"]
[null,"ADMIRE WG70 125X(8X2GR) BAG IN",null,null,null,0,160,0,0,0,0,0,0,160]
[null,"ADUE WG70 15X40G BOT IN",null,null,null,0,0,0,0,0,0,0,0,0]
[null,"ALANTO (T) SC240 40X250ML BOT IN",null,null,null,0,0,0,0,0,0,0,0,0]
[null,"ALANTO (T) SC240 50X100ML BOT IN",null,null,null,0,0,0,0,0,0,0,0,0]
[null,"ALIETTE WP80 20X250GR BAG IN",null,null,null,0,20,0,0,0,0,0,0,20]
[null,"ALIETTE WP80 40X100GR BAG IN",null,null,null,0,40,0,0,0,0,0,0,40]
[null,"AMBITION 10X1L BOT IN",null,null,null,0,250,0,180,0,0,0,0,70]
[null,"AMBITION 40X250ML BOT IN",null,null,null,0,1400,0,365,0,0,0,0,1035]
[null,"ANTRACOL (T) WP70 10X1KG BAG IN",null,null,null,0,490,0,480,0,0,0,0,10]
[null,"ANTRACOL (T) WP70 20X500GR BAG IN",null,null,null,0,940,0,360,0,0,0,0,580]
[null,"ANTRACOL (T) WP70 40X250GR BAG IN",null,null,null,0,560,0,240,0,0,0,0,320]
[null,"ANTRACOL (T) WP70 50X100GR BAG IN",null,null,null,0,50,0,0,0,0,0,0,50]
[null,"ATLANTIS KL3 6 15X160GR BOT IN",null,null,null,0,180,0,180,0,0,0,0,0]
[null,"BELT EXPERT SC480 50X100ML BOT IN",null,null,null,0,50,0,5,0,0,0,0,45]
[null,"BUONOS SC430 20X500ML BOT IN",null,null,null,0,20,0,0,0,0,0,0,20]
[null,"BUONOS SC430 40X250ML BOT IN",null,null,null,0,80,0,5,0,0,0,0,75]
[null,"CONFIDOR (T) SL200 100X50ML BOT IN",null,null,null,0,0,0,0,0,0,0,0,0]
[null,"CONFIDOR (T) SL200 10X1L BOT IN",null,null,null,0,60,0,20,0,0,0,0,40]
[null,"CONFIDOR (T) SL200 20X250ML BOT IN",null,null,null,0,360,0,105,0,0,0,0,255]
[null,"CONFIDOR (T) SL200 20X500ML BOT IN",null,null,null,0,160,0,40,0,0,0,0,120]
[null,"CONFIDOR (T) SL200 50X100ML BOT IN",null,null,null,0,1410,0,505,0,0,0,0,905]
[null,"CONFIDOR SUPER (T) SC350 50X100ML BOT IN",null,null,null,0,0,0,0,0,0,0,0,0]
[null,"CONFIDOR SUPER (T) SC350 50X50ML BOT IN",null,null,null,0,0,0,0,0,0,0,0,0]
[null,"DECIS EC 28 10X1L BOT IN",null,null,null,0,0,0,0,0,0,0,0,0]
[null,"DECIS EC 28 20X500ML BOT IN",null,null,null,0,40,0,0,0,0,0,0,40]
[null,"DECIS EC 28 40X250ML BOT IN",null,null,null,0,40,0,0,0,0,0,0,40]
[null,"DECIS EC101-2 50X100ML BOX IN",null,null,null,0,0,0,10,0,0,0,0,-10]
[null,"DISCOUNTINUE PRODUCT",null,null,null,0,1400,0,0,0,0,0,0,1400]
[null,"EMESTO PRIME FS240 50X100ML BOT IN",null,null,null,0,50,0,0,0,0,0,0,50]
[null,"EVERGOL XTEND FS308 100X40ML BOT IN",null,null,null,0,100,0,0,0,0,0,0,100]
[null,"EVERGOL XTEND FS308 50X100ML BOT IN",null,null,null,0,50,0,0,0,0,0,0,50]
[null,"FAME (T) SC480 20X100ML BOT IN",null,null,null,5,0,0,3,0,0,0,0,2]
[null,"FAME (T) SC480 40X50ML BOT IN",null,null,null,0,0,0,0,0,0,0,0,0]
[null,"FENOS QUICK SC150 50X100ML BOT IN",null,null,null,0,50,0,0,0,0,0,0,50]
[null,"FOLICUR (T) EC250 20X500ML BOT IN",null,null,null,0,0,0,0,0,0,0,0,0]
[null,"FOLICUR (T) EC250 40X250ML BOT IN",null,null,null,0,160,0,105,0,0,0,0,55]
[null,"FOLICUR (T) EC250 50X100ML BOT IN",null,null,null,30,50,0,80,0,0,0,0,0]
[null,"FOOST WP50 24X500G BAG IN",null,null,null,0,3892,0,2272,0,0,0,0,1620]
[null,"GAUCHO FS600 100X50ML BOT IN",null,null,null,0,1300,0,638,0,0,0,0,662]
[null,"GAUCHO FS600 2X(5X1L) BOT IN",null,null,null,0,10,0,10,0,0,0,0,0]
[null,"GAUCHO FS600 2X5L BOT IN",null,null,null,0,10,0,8,0,0,0,0,2]
[null,"GAUCHO FS600 5X(20X9)ML BOT IN",null,null,null,0,2900,0,800,0,0,0,0,2100]
[null,"INFINITO SC687 5 20X500ML BOT IN",null,null,null,0,40,0,7,0,0,0,0,33]
[null,"JUMP WG80 160X(10X2GR) BAG IN",null,null,null,0,3205,0,2800,0,0,0,0,405]
[null,"LARVIN (T) WP75 20X250GR BAG IN",null,null,null,0,60,0,20,0,0,0,0,40]
[null,"LAUDIS SC630 10X57.5ML BOT IN",null,null,null,0,2046,0,1760,0,0,0,0,286]
[null,"LAUDIS SC630 8X115ML BOT IN",null,null,null,0,336,0,353,0,0,0,0,-17]
[null,"LESENTA WG80 20X250GR BAG IN",null,null,null,0,0,0,16,0,0,0,0,-16]
[null,"LESENTA WG80 50X100GR BAG IN",null,null,null,0,0,0,1,0,0,0,0,-1]
[null,"LUCIFER (T) WP15 25X160GR BAG IN",null,null,null,0,0,0,0,0,0,0,0,0]
[null,"LUNA EXPERIENCE SC400 40X250ML BOT IN",null,null,null,0,40,0,5,0,0,0,0,35]
[null,"MELODY DUO WP66 8 10X400GR BAG IN",null,null,null,0,10,0,8,0,0,0,0,2]
[null,"MILLET 9001 (LOC) 6X4.5KG BAG IN",null,null,null,0,0,0,0,0,0,0,0,0]
[null,"MILLET HYBRID 9001 20X1.5 BAG IN",null,null,null,0,15796,0,14440,0,0,0,0,1356]
[null,"MILLET HYBRID 9444 20X1.5KG BAG IN",null,null,null,0,5676,0,5930,0,0,0,0,-254]
[null,"MILLET HYBRID 9444 GOLD 20X1.50KG BAG IN",null,null,null,0,0,0,0,0,0,0,0,0]
[null,"MILLET HYBRID 9450 20X1 5KG BAG IN",null,null,null,0,2418,0,2490,0,0,0,0,-72]
[null,"MILLET PA 9180 (LOC) 20X1.50KG BAG IN",null,null,null,0,2549,0,2380,0,0,0,0,169]
[null,"MOVENTO ENERGY SC240 10X1L BOT IN",null,null,null,20,90,0,79,0,0,0,0,31]
[null,"MOVENTO ENERGY SC240 40X250ML BOT IN",null,null,null,80,600,0,216,0,0,0,0,464]
[null,"MOVENTO ENERGY SC240 50X100ML BOT IN",null,null,null,15,0,0,12,0,0,0,0,3]
[null,"MUSTARD 5222 30X1KG BAG IN",null,null,null,0,2191,0,2255,0,0,0,0,-64]
[null,"MUSTARD 5222 60X500G BAG IN",null,null,null,0,300,0,300,0,0,0,0,0]
[null,"MUSTARD PA 5210 (LOC) 30X1KG BAG IN",null,null,null,0,955,0,705,0,0,0,0,250]
[null,"MUSTARD PA 5232 (LOC) 30X1KG BAG IN",null,null,null,0,150,0,60,0,0,0,0,90]
[null,"NATIVO WG75 100X50GR BAG IN",null,null,null,75,0,0,73,0,0,0,0,2]
[null,"NATIVO WG75 10X1KG BAG IN",null,null,null,0,10,0,10,0,0,0,0,0]
[null,"NATIVO WG75 20X500GR BAG IN",null,null,null,10,0,0,9,0,0,0,0,1]
[null,"NATIVO WG75 40X250GR BAG IN",null,null,null,0,80,0,28,0,0,0,0,52]
[null,"NATIVO WG75 50X100GR BAG IN",null,null,null,0,650,0,365,0,0,0,0,285]
[null,"OBERON (T) SC240 20X500ML BOT IN",null,null,null,0,11,0,11,0,0,0,0,0]
[null,"OBERON (T) SC240 40X200ML BOT IN",null,null,null,60,209,0,162,0,0,0,0,107]
[null,"OBERON (T) SC240 50X100ML BOT IN",null,null,null,0,350,0,305,0,0,0,0,45]
[null,"PLANOFIX SL4 5 40X250ML BOT IN",null,null,null,80,0,0,47,0,0,0,0,33]
[null,"PLANOFIX SL4 5 50X100ML BOT IN",null,null,null,0,1250,0,405,0,0,0,0,845]
[null,"RAXIL EASY FS60 10X(20X13.4ML) BOT IN",null,null,null,0,400,0,40,0,0,0,0,360]
[null,"RAXIL EASY FS60 10X1L BOT IN",null,null,null,0,100,0,100,0,0,0,0,0]
[null,"REGENT (T) SC50 10X1L BOT IN",null,null,null,0,570,0,475,0,0,0,0,95]
[null,"REGENT (T) SC50 20X250ML BOT IN",null,null,null,0,4100,0,3800,0,0,0,0,300]
[null,"REGENT (T) SC50 20X500ML BOT IN",null,null,null,0,2058,0,1816,0,0,0,0,242]
[null,"REGENT (T) SC50 50X100ML BOT IN",null,null,null,0,3800,0,3785,0,0,0,0,15]
[null,"REGENT GOLD SC200 40X250ML BOT IN",null,null,null,60,0,0,35,0,0,0,0,25]
[null,"REGENT GOLD SC200 50X100ML BOT IN",null,null,null,100,0,0,50,0,0,0,0,50]
[null,"REGENT GR0 3 1X25KG BOX WW",null,null,null,0,1000,0,800,0,0,0,0,200]
[null,"REGENT GR0 3 20X1KG BAG IN",null,null,null,1000,10620,0,8320,0,0,0,0,3300]
[null,"REGENT ULTRA GR0 6 5X4KG BAG IN",null,null,null,0,260,0,0,0,0,0,0,260]
[null,"SECTIN WG60 10X1KG BAG IN",null,null,null,0,50,0,48,0,0,0,0,2]
[null,"SECTIN WG60 20X600GR BAG IN",null,null,null,0,120,0,100,0,0,0,0,20]
[null,"SECTIN WG60 50X100GR BAG IN",null,null,null,0,0,0,0,0,0,0,0,0]
[null,"SENCOR WP70 60X100GR BAG IN",null,null,null,0,1380,0,1120,0,0,0,0,260]
[null,"SIMBOLA (T) SG20 20X250G BOT IN",null,null,null,0,20,0,0,0,0,0,0,20]
[null,"SOLOMON OD300 10X1L BOT IN",null,null,null,0,0,0,0,0,0,0,0,0]
[null,"SOLOMON OD300 20X500ML BOT IN",null,null,null,0,20,0,5,0,0,0,0,15]
[null,"SOLOMON OD300 40X250ML BOT IN",null,null,null,5,320,0,202,0,0,0,0,123]
[null,"SOLOMON OD300 50X100ML BOT IN",null,null,null,0,150,0,55,0,0,0,0,95]
[null,"SPINTOR SC495 20X75ML BOT IN",null,null,null,0,0,0,0,0,0,0,0,0]
[null,"SUNRICE WG15 100X50GR BOT IN",null,null,null,0,200,0,25,0,0,0,0,175]
[null,"SURPASS 7172 BG2 20X450GR BAG IN",null,null,null,0,1908,0,949,0,0,0,0,959]
[null,"SURPASS 7272 BG2 (LOC) 20X450G BAG IN",null,null,null,0,616,0,364,0,0,0,0,252]
[null,"VELUM PRIME SC400 20X500ML BOT IN",null,null,null,0,20,0,0,0,0,0,0,20]
[null,"VELUM PRIME SC400 40X250ML BOT IN",null,null,null,1,120,0,12,0,0,0,0,109]
[null,"WHIPSUPER (T) EC90 40X250ML BOT IN",null,null,null,0,40,0,5,0,0,0,0,35]
[null,"Grand Total",null,null,null,1541,83176,0,63769,0,0,0,0,20948]

{"sheet":"Zylem SNS Report","index":5,"n_rows":94,"n_cols":13,"rows_kept":94,"cut":false,"hidden":false,"merged":[[1,0,1,12],[3,0,3,12],[4,0,4,12],[5,0,5,12],[6,0,6,12]]}
[]
["Company Name:-BAYER"]
["Stock and Sales FOR THE PERIOD 01-Apr-2020 TO 31-Mar-2021"]
["Generated on 6/5/2021 4:27:28 AM"]
["DISTRIBUTOR PRODUCTWISE"]
["OUTPUT IN : PIC,DETAILS AS : Column,CONSIDER : Voucher Date,INCLUDE VALIDATION : False"]
["DISTRIBUTOR:Alok Khad Beej Bhandar - Rewari,"]
["DISTRIBUTOR","SAPCODE","PRODUCT","ITEMALIAS","Opening Qty","Purchase Qty","Purchase Return Qty","Sales Qty","Sales Return Qty","Transfer Qty","Consignment Qty","Adjustment Qty","CLSG"]
["Alok Khad Beej Bhandar - Rewari",9067917,"ADMIRE WG70 125X(8X2GR) BAG IN",6101665,0,160,0,0,0,0,0,0,160]
["Alok Khad Beej Bhandar - Rewari",9067917,"ALIETTE WP80 20X250GR BAG IN",3822358,0,20,0,0,0,0,0,0,20]
["Alok Khad Beej Bhandar - Rewari",9067917,"ALIETTE WP80 40X100GR BAG IN",3822331,0,40,0,0,0,0,0,0,40]
["Alok Khad Beej Bhandar - Rewari",9067917,"AMBITION 10X1L BOT IN",86212544,0,250,0,180,0,0,0,0,70]
["Alok Khad Beej Bhandar - Rewari",9067917,"AMBITION 40X250ML BOT IN",86232308,0,1400,0,365,0,0,0,0,1035]
["Alok Khad Beej Bhandar - Rewari",9067917,"ANTRACOL (T) WP70 10X1KG BAG IN",6077322,0,490,0,480,0,0,0,0,10]
["Alok Khad Beej Bhandar - Rewari",9067917,"ANTRACOL (T) WP70 20X500GR BAG IN",5999978,0,940,0,360,0,0,0,0,580]
["Alok Khad Beej Bhandar - Rewari",9067917,"ANTRACOL (T) WP70 40X250GR BAG IN",6112179,0,560,0,240,0,0,0,0,320]
["Alok Khad Beej Bhandar - Rewari",9067917,"ANTRACOL (T) WP70 50X100GR BAG IN",6113191,0,50,0,0,0,0,0,0,50]
["Alok Khad Beej Bhandar - Rewari",9067917,"ATLANTIS KL3 6 15X160GR BOT IN",3822560,0,150,0,180,0,0,0,0,-30]
["Alok Khad Beej Bhandar - Rewari",9067917,"BELT EXPERT SC480 50X100ML BOT IN",79722869,0,50,0,5,0,0,0,0,45]
["Alok Khad Beej Bhandar - Rewari",9067917,"CONFIDOR (T) SL200 10X1L BOT IN",5697343,0,60,0,20,0,0,0,0,40]
["Alok Khad Beej Bhandar - Rewari",9067917,"CONFIDOR (T) SL200 20X250ML BOT IN",5699494,0,340,0,105,0,0,0,0,235]
["Alok Khad Beej Bhandar - Rewari",9067917,"CONFIDOR (T) SL200 20X500ML BOT IN",5704439,0,220,60,40,0,0,0,0,120]
["Alok Khad Beej Bhandar - Rewari",9067917,"CONFIDOR (T) SL200 50X100ML BOT IN",5703475,0,1510,100,505,0,0,0,0,905]
["Alok Khad Beej Bhandar - Rewari",9067917,"DECIS EC 28 20X500ML BOT IN",3823370,0,40,0,0,0,0,0,0,40]
["Alok Khad Beej Bhandar - Rewari",9067917,"DECIS EC 28 40X250ML BOT IN",3823346,0,40,0,0,0,0,0,0,40]
["Alok Khad Beej Bhandar - Rewari",9067917,"EMESTO PRIME FS240 50X100ML BOT IN",80845774,0,50,0,0,0,0,0,0,50]
["Alok Khad Beej Bhandar - Rewari",9067917,"EVERGOL XTEND FS308 100X40ML BOT IN",85402838,0,100,0,0,0,0,0,0,100]
["Alok Khad Beej Bhandar - Rewari",9067917,"EVERGOL XTEND FS308 50X100ML BOT IN",84065757,0,50,0,0,0,0,0,0,50]
["Alok Khad Beej Bhandar - Rewari",9067917,"FAME (T) SC480 20X100ML BOT IN",79266197,5,0,0,3,0,0,0,0,2]
["Alok Khad Beej Bhandar - Rewari",9067917,"FENOS QUICK SC150 50X100ML BOT IN",80942990,0,50,0,0,0,0,0,0,50]
["Alok Khad Beej Bhandar - Rewari",9067917,"FOLICUR (T) EC250 40X250ML BOT IN",79682271,0,160,0,105,0,0,0,0,55]
["Alok Khad Beej Bhandar - Rewari",9067917,"FOLICUR (T) EC250 50X100ML BOT IN",79629125,30,50,0,105,25,0,0,0,0]
["Alok Khad Beej Bhandar - Rewari",9067917,"FOOST WP50 24X500G BAG IN",85811770,0,3892,0,2272,0,0,0,0,1620]
["Alok Khad Beej Bhandar - Rewari",9067917,"GAUCHO FS600 2X(5X1L) BOT IN",3823907,0,10,0,10,0,0,0,0,0]
["Alok Khad Beej Bhandar - Rewari",9067917,"GAUCHO FS600 100X50ML BOT IN",80034733,0,1300,0,638,0,0,0,0,662]
["Alok Khad Beej Bhandar - Rewari",9067917,"GAUCHO FS600 2X5L BOT IN",3823915,0,10,0,8,0,0,0,0,2]
["Alok Khad Beej Bhandar - Rewari",9067917,"GAUCHO FS600 5X(20X9)ML BOT IN",85824333,0,3500,600,800,0,0,0,0,2100]
["Alok Khad Beej Bhandar - Rewari",9067917,"JUMP WG80 160X(10X2GR) BAG IN",79215304,0,3205,0,2800,0,0,0,0,405]
["Alok Khad Beej Bhandar - Rewari",9067917,"LARVIN (T) WP75 20X250GR BAG IN",6003167,0,60,0,20,0,0,0,0,40]
["Alok Khad Beej Bhandar - Rewari",9067917,"LAUDIS SC630 10X57.5ML BOT IN",84470481,0,3766,1720,2130,370,0,0,0,286]
["Alok Khad Beej Bhandar - Rewari",9067917,"LAUDIS SC630 8X115ML BOT IN",80491085,0,480,144,353,0,0,0,0,-17]
["Alok Khad Beej Bhandar - Rewari",9067917,"LESENTA WG80 20X250GR BAG IN",80557817,0,0,0,16,0,0,0,0,-16]
["Alok Khad Beej Bhandar - Rewari",9067917,"LESENTA WG80 50X100GR BAG IN",80503385,0,0,0,1,0,0,0,0,-1]
["Alok Khad Beej Bhandar - Rewari",9067917,"LUNA EXPERIENCE SC400 40X250ML BOT IN",80549652,0,40,0,5,0,0,0,0,35]
["Alok Khad Beej Bhandar - Rewari",9067917,"MELODY DUO WP66 8 10X400GR BAG IN",80994974,0,10,0,8,0,0,0,0,2]
["Alok Khad Beej Bhandar - Rewari",9067917,"MILLET HYBRID 9001 20X1.5 BAG IN",84986003,0,15160,401,14380,160,0,0,0,539]
["Alok Khad Beej Bhandar - Rewari",9067917,"MILLET HYBRID 9444 20X1.5KG BAG IN",56000147,0,5648,513,5950,20,0,0,0,-795]
["Alok Khad Beej Bhandar - Rewari",9067917,"MILLET HYBRID 9450 20X1 5KG BAG IN",80228716,0,2260,111,2510,20,0,0,0,-341]
["Alok Khad Beej Bhandar - Rewari",9067917,"MOVENTO ENERGY SC240 10X1L BOT IN",79556837,20,130,40,79,0,0,0,0,31]
["Alok Khad Beej Bhandar - Rewari",9067917,"MOVENTO ENERGY SC240 40X250ML BOT IN",79679505,80,960,360,216,0,0,0,0,464]
["Alok Khad Beej Bhandar - Rewari",9067917,"MOVENTO ENERGY SC240 50X100ML BOT IN",79722605,15,0,0,12,0,0,0,0,3]
["Alok Khad Beej Bhandar - Rewari",9067917,"MUSTARD 5222 30X1KG BAG IN",81740844,0,2216,25,2255,0,0,0,0,-64]
["Alok Khad Beej Bhandar - Rewari",9067917,"MUSTARD 5222 60X500G BAG IN",81771014,0,300,0,300,0,0,0,0,0]
["Alok Khad Beej Bhandar - Rewari",9067917,"NATIVO WG75 100X50GR BAG IN",80580061,75,0,0,73,0,0,0,0,2]
["Alok Khad Beej Bhandar - Rewari",9067917,"NATIVO WG75 10X1KG BAG IN",80525346,0,20,10,10,0,0,0,0,0]
["Alok Khad Beej Bhandar - Rewari",9067917,"NATIVO WG75 20X500GR BAG IN",79198698,10,0,0,9,0,0,0,0,1]
["Alok Khad Beej Bhandar - Rewari",9067917,"NATIVO WG75 40X250GR BAG IN",79237790,0,120,40,28,0,0,0,0,52]
["Alok Khad Beej Bhandar - Rewari",9067917,"NATIVO WG75 50X100GR BAG IN",79304102,0,650,0,365,0,0,0,0,285]
["Alok Khad Beej Bhandar - Rewari",9067917,"OBERON (T) SC240 20X500ML BOT IN",80026471,0,11,0,11,0,0,0,0,0]
["Alok Khad Beej Bhandar - Rewari",9067917,"OBERON (T) SC240 40X200ML BOT IN",79971362,60,209,0,162,0,0,0,0,107]
["Alok Khad Beej Bhandar - Rewari",9067917,"OBERON (T) SC240 50X100ML BOT IN",79998538,0,350,0,305,0,0,0,0,45]
["Alok Khad Beej Bhandar - Rewari",9067917,"PLANOFIX SL4 5 40X250ML BOT IN",3825128,80,0,0,47,0,0,0,0,33]
["Alok Khad Beej Bhandar - Rewari",9067917,"PLANOFIX SL4 5 50X100ML BOT IN",3825098,0,1250,0,405,0,0,0,0,845]
["Alok Khad Beej Bhandar - Rewari",9067917,"RAXIL EASY FS60 10X1L BOT IN",80044240,0,100,0,100,0,0,0,0,0]
["Alok Khad Beej Bhandar - Rewari",9067917,"REGENT (T) SC50 20X250ML BOT IN",5976951,0,4100,0,3800,0,0,0,0,300]
["Alok Khad Beej Bhandar - Rewari",9067917,"REGENT (T) SC50 20X500ML BOT IN",5987678,0,2058,0,1816,0,0,0,0,242]
["Alok Khad Beej Bhandar - Rewari",9067917,"REGENT (T) SC50 50X100ML BOT IN",5975343,0,3800,0,3785,0,0,0,0,15]
["Alok Khad Beej Bhandar - Rewari",9067917,"REGENT GOLD SC200 40X250ML BOT IN",84126616,60,0,0,35,0,0,0,0,25]
["Alok Khad Beej Bhandar - Rewari",9067917,"REGENT GOLD SC200 50X100ML BOT IN",84133965,100,0,0,50,0,0,0,0,50]
["Alok Khad Beej Bhandar - Rewari",9067917,"REGENT GR0 3 1X25KG BOX WW",79384181,0,1000,0,800,0,0,0,0,200]
["Alok Khad Beej Bhandar - Rewari",9067917,"REGENT GR0 3 20X1KG BAG IN",79667140,1000,10620,0,8320,0,0,0,0,3300]
["Alok Khad Beej Bhandar - Rewari",9067917,"REGENT ULTRA GR0 6 5X4KG BAG IN",84093394,0,260,0,0,0,0,0,0,260]
["Alok Khad Beej Bhandar - Rewari",9067917,"SECTIN WG60 10X1KG BAG IN",6132374,0,50,0,48,0,0,0,0,2]
["Alok Khad Beej Bhandar - Rewari",9067917,"SENCOR WP70 60X100GR BAG IN",3825578,0,1380,0,1120,0,0,0,0,260]
["Alok Khad Beej Bhandar - Rewari",9067917,"SIMBOLA (T) SG20 20X250G BOT IN",85758136,0,20,0,0,0,0,0,0,20]
["Alok Khad Beej Bhandar - Rewari",9067917,"SOLOMON OD300 20X500ML BOT IN",79987870,0,20,0,5,0,0,0,0,15]
["Alok Khad Beej Bhandar - Rewari",9067917,"SOLOMON OD300 40X250ML BOT IN",79706723,5,320,0,202,0,0,0,0,123]
["Alok Khad Beej Bhandar - Rewari",9067917,"SOLOMON OD300 50X100ML BOT IN",79641931,0,150,0,55,0,0,0,0,95]
["Alok Khad Beej Bhandar - Rewari",9067917,"SUNRICE WG15 100X50GR BOT IN",80219121,0,200,0,25,0,0,0,0,175]
["Alok Khad Beej Bhandar - Rewari",9067917,"SURPASS 7272 BG2 (LOC) 20X450G BAG IN",85331000,0,720,105,364,0,0,0,0,251]
["Alok Khad Beej Bhandar - Rewari",9067917,"VELUM PRIME SC400 20X500ML BOT IN",84407038,0,20,0,0,0,0,0,0,20]
["Alok Khad Beej Bhandar - Rewari",9067917,"VELUM PRIME SC400 40X250ML BOT IN",84474886,1,120,0,12,0,0,0,0,109]
["Alok Khad Beej Bhandar - Rewari",9067917,"WHIPSUPER (T) EC90 40X250ML BOT IN",5966131,0,40,0,5,0,0,0,0,35]
["Alok Khad Beej Bhandar - Rewari",9067917,"SURPASS 7172 BG2 20X450GR BAG IN",84456071,0,2281,497,940,11,0,0,0,855]
["Alok Khad Beej Bhandar - Rewari",9067917,"NEWPRODUCT_9067917",9067917,0,610,0,482,0,0,0,0,128]
["Alok Khad Beej Bhandar - Rewari",9067917,"DECIS EC101-2 50X100ML BOX IN",6103692,0,0,0,10,0,0,0,0,-10]
["Alok Khad Beej Bhandar - Rewari",9067917,"MILLET PA 9180 (LOC) 20X1.50KG BAG IN",86706040,0,4280,2039,2460,80,0,0,0,-139]
["Alok Khad Beej Bhandar - Rewari",9067917,"MUSTARD PA 5210 (LOC) 30X1KG BAG IN",86195089,0,1025,248,695,0,0,0,0,82]
["Alok Khad Beej Bhandar - Rewari",9067917,"MUSTARD PA 5232 (LOC) 30X1KG BAG IN",86735628,0,150,0,60,0,0,0,0,90]
["Alok Khad Beej Bhandar - Rewari",9067917,"RAXIL EASY FS60 10X(20X13.4ML) BOT IN",84911186,0,600,200,40,0,0,0,0,360]
["Alok Khad Beej Bhandar - Rewari",9067917,"SECTIN WG60 20X600GR BAG IN",6000664,0,120,0,100,0,0,0,0,20]
["Alok Khad Beej Bhandar - Rewari",9067917,"BUONOS SC430 40X250ML BOT IN",86224801,0,80,0,5,0,0,0,0,75]
["Alok Khad Beej Bhandar - Rewari",9067917,"BUONOS SC430 20X500ML BOT IN",86254468,0,20,0,0,0,0,0,0,20]
["GRANDTOTAL",null,null,null,1541,86481,7213,64205,686,0,0,0,17290]

{"sheet":"OPG","index":6,"n_rows":101,"n_cols":3,"rows_kept":101,"cut":false,"hidden":false,"merged":[]}
["ADMIRE WG70 125X(8X2GR) BAG IN",{"$f":"VLOOKUP(A1,'[2]Product Master Sheet'!$B$2:$F$506,5,0)","v":16},0]
["ALIETTE WP80 20X250GR BAG IN",{"$f":"VLOOKUP(A2,'[2]Product Master Sheet'!$B$2:$F$506,5,0)","v":33},0]
["ALIETTE WP80 40X100GR BAG IN",{"$f":"VLOOKUP(A3,'[2]Product Master Sheet'!$B$2:$F$506,5,0)","v":35},0]
["AMBITION 10X1L BOT IN",{"$f":"VLOOKUP(A4,'[2]Product Master Sheet'!$B$2:$F$506,5,0)","v":39},0]
["AMBITION 40X250ML BOT IN",{"$f":"VLOOKUP(A5,'[2]Product Master Sheet'!$B$2:$F$506,5,0)","v":41},0]
["ANTRACOL (T) WP70 10X1KG BAG IN",{"$f":"VLOOKUP(A6,'[2]Product Master Sheet'!$B$2:$F$506,5,0)","v":42},0]
["ANTRACOL (T) WP70 20X500GR BAG IN",{"$f":"VLOOKUP(A7,'[2]Product Master Sheet'!$B$2:$F$506,5,0)","v":43},0]
["ANTRACOL (T) WP70 40X250GR BAG IN",{"$f":"VLOOKUP(A8,'[2]Product Master Sheet'!$B$2:$F$506,5,0)","v":44},0]
["ANTRACOL (T) WP70 50X100GR BAG IN",{"$f":"VLOOKUP(A9,'[2]Product Master Sheet'!$B$2:$F$506,5,0)","v":45},0]
["ATLANTIS KL3 6 15X160GR BOT IN",{"$f":"VLOOKUP(A10,'[2]Product Master Sheet'!$B$2:$F$506,5,0)","v":103},0]
["BELT EXPERT SC480 50X100ML BOT IN",{"$f":"VLOOKUP(A11,'[2]Product Master Sheet'!$B$2:$F$506,5,0)","v":111},0]
["CONFIDOR (T) SL200 10X1L BOT IN",{"$f":"VLOOKUP(A12,'[2]Product Master Sheet'!$B$2:$F$506,5,0)","v":113},0]
["CONFIDOR (T) SL200 20X250ML BOT IN",{"$f":"VLOOKUP(A13,'[2]Product Master Sheet'!$B$2:$F$506,5,0)","v":114},0]
["CONFIDOR (T) SL200 20X500ML BOT IN",{"$f":"VLOOKUP(A14,'[2]Product Master Sheet'!$B$2:$F$506,5,0)","v":115},0]
["CONFIDOR (T) SL200 50X100ML BOT IN",{"$f":"VLOOKUP(A15,'[2]Product Master Sheet'!$B$2:$F$506,5,0)","v":116},0]
["DECIS EC 28 20X500ML BOT IN",{"$f":"VLOOKUP(A16,'[2]Product Master Sheet'!$B$2:$F$506,5,0)","v":125},0]
["DECIS EC 28 40X250ML BOT IN",{"$f":"VLOOKUP(A17,'[2]Product Master Sheet'!$B$2:$F$506,5,0)","v":126},0]
["EMESTO PRIME FS240 50X100ML BOT IN",{"$f":"VLOOKUP(A18,'[2]Product Master Sheet'!$B$2:$F$506,5,0)","v":135},0]
["EVERGOL XTEND FS308 100X40ML BOT IN",{"$f":"VLOOKUP(A19,'[2]Product Master Sheet'!$B$2:$F$506,5,0)","v":139},0]
["EVERGOL XTEND FS308 50X100ML BOT IN",{"$f":"VLOOKUP(A20,'[2]Product Master Sheet'!$B$2:$F$506,5,0)","v":143},0]
["FAME (T) SC480 20X100ML BOT IN",{"$f":"VLOOKUP(A21,'[2]Product Master Sheet'!$B$2:$F$506,5,0)","v":145},5]
["FENOS QUICK SC150 50X100ML BOT IN",{"$f":"VLOOKUP(A22,'[2]Product Master Sheet'!$B$2:$F$506,5,0)","v":152},0]
["FOLICUR (T) EC250 40X250ML BOT IN",{"$f":"VLOOKUP(A23,'[2]Product Master Sheet'!$B$2:$F$506,5,0)","v":164},0]
["FOLICUR (T) EC250 50X100ML BOT IN",{"$f":"VLOOKUP(A24,'[2]Product Master Sheet'!$B$2:$F$506,5,0)","v":165},30]
["FOOST WP50 24X500G BAG IN",{"$f":"VLOOKUP(A25,'[2]Product Master Sheet'!$B$2:$F$506,5,0)","v":177},0]
["GAUCHO FS600 2X(5X1L) BOT IN",{"$f":"VLOOKUP(A26,'[2]Product Master Sheet'!$B$2:$F$506,5,0)","v":178},0]
["GAUCHO FS600 100X50ML BOT IN",{"$f":"VLOOKUP(A27,'[2]Product Master Sheet'!$B$2:$F$506,5,0)","v":179},0]
["GAUCHO FS600 2X5L BOT IN",{"$f":"VLOOKUP(A28,'[2]Product Master Sheet'!$B$2:$F$506,5,0)","v":180},0]
["GAUCHO FS600 5X(20X9)ML BOT IN",{"$f":"VLOOKUP(A29,'[2]Product Master Sheet'!$B$2:$F$506,5,0)","v":183},0]
["JUMP WG80 160X(10X2GR) BAG IN",{"$f":"VLOOKUP(A30,'[2]Product Master Sheet'!$B$2:$F$506,5,0)","v":199},0]
["LARVIN (T) WP75 20X250GR BAG IN",{"$f":"VLOOKUP(A31,'[2]Product Master Sheet'!$B$2:$F$506,5,0)","v":205},0]
["LAUDIS SC630 10X57.5ML BOT IN",{"$f":"VLOOKUP(A32,'[2]Product Master Sheet'!$B$2:$F$506,5,0)","v":210},0]
["LAUDIS SC630 8X115ML BOT IN",{"$f":"VLOOKUP(A33,'[2]Product Master Sheet'!$B$2:$F$506,5,0)","v":212},0]
["LESENTA WG80 20X250GR BAG IN",{"$f":"VLOOKUP(A34,'[2]Product Master Sheet'!$B$2:$F$506,5,0)","v":217},0]
["LESENTA WG80 50X100GR BAG IN",{"$f":"VLOOKUP(A35,'[2]Product Master Sheet'!$B$2:$F$506,5,0)","v":219},0]
["LUNA EXPERIENCE SC400 40X250ML BOT IN",{"$f":"VLOOKUP(A36,'[2]Product Master Sheet'!$B$2:$F$506,5,0)","v":225},0]
["MELODY DUO WP66 8 10X400GR BAG IN",{"$f":"VLOOKUP(A37,'[2]Product Master Sheet'!$B$2:$F$506,5,0)","v":228},0]
["MILLET HYBRID 9001 20X1.5 BAG IN",{"$f":"VLOOKUP(A38,'[2]Product Master Sheet'!$B$2:$F$506,5,0)","v":236},0]
["MILLET HYBRID 9444 20X1.5KG BAG IN",{"$f":"VLOOKUP(A39,'[2]Product Master Sheet'!$B$2:$F$506,5,0)","v":243},0]
["MILLET HYBRID 9450 20X1 5KG BAG IN",{"$f":"VLOOKUP(A40,'[2]Product Master Sheet'!$B$2:$F$506,5,0)","v":251},0]
["MOVENTO ENERGY SC240 10X1L BOT IN",{"$f":"VLOOKUP(A41,'[2]Product Master Sheet'!$B$2:$F$506,5,0)","v":271},20]
["MOVENTO ENERGY SC240 40X250ML BOT IN",{"$f":"VLOOKUP(A42,'[2]Product Master Sheet'!$B$2:$F$506,5,0)","v":273},80]
["MOVENTO ENERGY SC240 50X100ML BOT IN",{"$f":"VLOOKUP(A43,'[2]Product Master Sheet'!$B$2:$F$506,5,0)","v":274},15]
["MUSTARD 5222 30X1KG BAG IN",{"$f":"VLOOKUP(A44,'[2]Product Master Sheet'!$B$2:$F$506,5,0)","v":278},0]
["MUSTARD 5222 60X500G BAG IN",{"$f":"VLOOKUP(A45,'[2]Product Master Sheet'!$B$2:$F$506,5,0)","v":279},0]
["NATIVO WG75 100X50GR BAG IN",{"$f":"VLOOKUP(A46,'[2]Product Master Sheet'!$B$2:$F$506,5,0)","v":289},75]
["NATIVO WG75 10X1KG BAG IN",{"$f":"VLOOKUP(A47,'[2]Product Master Sheet'!$B$2:$F$506,5,0)","v":290},0]
["NATIVO WG75 20X500GR BAG IN",{"$f":"VLOOKUP(A48,'[2]Product Master Sheet'!$B$2:$F$506,5,0)","v":292},10]
["NATIVO WG75 40X250GR BAG IN",{"$f":"VLOOKUP(A49,'[2]Product Master Sheet'!$B$2:$F$506,5,0)","v":293},0]
["NATIVO WG75 50X100GR BAG IN",{"$f":"VLOOKUP(A50,'[2]Product Master Sheet'!$B$2:$F$506,5,0)","v":294},0]
["OBERON (T) SC240 20X500ML BOT IN",{"$f":"VLOOKUP(A51,'[2]Product Master Sheet'!$B$2:$F$506,5,0)","v":297},0]
["OBERON (T) SC240 40X200ML BOT IN",{"$f":"VLOOKUP(A52,'[2]Product Master Sheet'!$B$2:$F$506,5,0)","v":299},60]
["OBERON (T) SC240 50X100ML BOT IN",{"$f":"VLOOKUP(A53,'[2]Product Master Sheet'!$B$2:$F$506,5,0)","v":300},0]
["PLANOFIX SL4 5 40X250ML BOT IN",{"$f":"VLOOKUP(A54,'[2]Product Master Sheet'!$B$2:$F$506,5,0)","v":306},80]
["PLANOFIX SL4 5 50X100ML BOT IN",{"$f":"VLOOKUP(A55,'[2]Product Master Sheet'!$B$2:$F$506,5,0)","v":307},0]
["RAXIL EASY FS60 10X1L BOT IN",{"$f":"VLOOKUP(A56,'[2]Product Master Sheet'!$B$2:$F$506,5,0)","v":321},0]
["REGENT (T) SC50 20X250ML BOT IN",{"$f":"VLOOKUP(A57,'[2]Product Master Sheet'!$B$2:$F$506,5,0)","v":325},0]
["REGENT (T) SC50 20X500ML BOT IN",{"$f":"VLOOKUP(A58,'[2]Product Master Sheet'!$B$2:$F$506,5,0)","v":326},0]
["REGENT (T) SC50 50X100ML BOT IN",{"$f":"VLOOKUP(A59,'[2]Product Master Sheet'!$B$2:$F$506,5,0)","v":327},0]
["REGENT GOLD SC200 40X250ML BOT IN",{"$f":"VLOOKUP(A60,'[2]Product Master Sheet'!$B$2:$F$506,5,0)","v":331},60]
["REGENT GOLD SC200 50X100ML BOT IN",{"$f":"VLOOKUP(A61,'[2]Product Master Sheet'!$B$2:$F$506,5,0)","v":332},100]
["REGENT GR0 3 1X25KG BOX WW",{"$f":"VLOOKUP(A62,'[2]Product Master Sheet'!$B$2:$F$506,5,0)","v":333},0]
["REGENT GR0 3 20X1KG BAG IN",{"$f":"VLOOKUP(A63,'[2]Product Master Sheet'!$B$2:$F$506,5,0)","v":335},1000]
["REGENT ULTRA GR0 6 5X4KG BAG IN",{"$f":"VLOOKUP(A64,'[2]Product Master Sheet'!$B$2:$F$506,5,0)","v":339},0]
["SECTIN WG60 10X1KG BAG IN",{"$f":"VLOOKUP(A65,'[2]Product Master Sheet'!$B$2:$F$506,5,0)","v":344},0]
["SENCOR WP70 60X100GR BAG IN",{"$f":"VLOOKUP(A66,'[2]Product Master Sheet'!$B$2:$F$506,5,0)","v":353},0]
["SIMBOLA (T) SG20 20X250G BOT IN",{"$f":"VLOOKUP(A67,'[2]Product Master Sheet'!$B$2:$F$506,5,0)","v":356},0]
["SOLOMON OD300 20X500ML BOT IN",{"$f":"VLOOKUP(A68,'[2]Product Master Sheet'!$B$2:$F$506,5,0)","v":366},0]
["SOLOMON OD300 40X250ML BOT IN",{"$f":"VLOOKUP(A69,'[2]Product Master Sheet'!$B$2:$F$506,5,0)","v":368},5]
["SOLOMON OD300 50X100ML BOT IN",{"$f":"VLOOKUP(A70,'[2]Product Master Sheet'!$B$2:$F$506,5,0)","v":370},0]
["SUNRICE WG15 100X50GR BOT IN",{"$f":"VLOOKUP(A71,'[2]Product Master Sheet'!$B$2:$F$506,5,0)","v":374},0]
["SURPASS 7272 BG2 (LOC) 20X450G BAG IN",{"$f":"VLOOKUP(A72,'[2]Product Master Sheet'!$B$2:$F$506,5,0)","v":383},0]
["VELUM PRIME SC400 20X500ML BOT IN",{"$f":"VLOOKUP(A73,'[2]Product Master Sheet'!$B$2:$F$506,5,0)","v":400},0]
["VELUM PRIME SC400 40X250ML BOT IN",{"$f":"VLOOKUP(A74,'[2]Product Master Sheet'!$B$2:$F$506,5,0)","v":401},1]
["WHIPSUPER (T) EC90 40X250ML BOT IN",{"$f":"VLOOKUP(A75,'[2]Product Master Sheet'!$B$2:$F$506,5,0)","v":405},0]
["SURPASS 7172 BG2 20X450GR BAG IN",{"$f":"VLOOKUP(A76,'[2]Product Master Sheet'!$B$2:$F$506,5,0)","v":382},0]
["DECIS EC101-2 50X100ML BOX IN",{"$f":"VLOOKUP(A77,'[2]Product Master Sheet'!$B$2:$F$506,5,0)","v":924},0]
["MILLET PA 9180 (LOC) 20X1.50KG BAG IN",{"$f":"VLOOKUP(A78,'[2]Product Master Sheet'!$B$2:$F$506,5,0)","v":915},0]
["MUSTARD PA 5210 (LOC) 30X1KG BAG IN",{"$f":"VLOOKUP(A79,'[2]Product Master Sheet'!$B$2:$F$506,5,0)","v":911},0]
["MUSTARD PA 5232 (LOC) 30X1KG BAG IN",{"$f":"VLOOKUP(A80,'[2]Product Master Sheet'!$B$2:$F$506,5,0)","v":913},0]
["RAXIL EASY FS60 10X(20X13.4ML) BOT IN",{"$f":"VLOOKUP(A81,'[2]Product Master Sheet'!$B$2:$F$506,5,0)","v":320},0]
["SECTIN WG60 20X600GR BAG IN",{"$f":"VLOOKUP(A82,'[2]Product Master Sheet'!$B$2:$F$506,5,0)","v":345},0]
["BUONOS SC430 40X250ML BOT IN",{"$f":"VLOOKUP(A83,'[2]Product Master Sheet'!$B$2:$F$506,5,0)","v":1397},0]
["BUONOS SC430 20X500ML BOT IN",{"$f":"VLOOKUP(A84,'[2]Product Master Sheet'!$B$2:$F$506,5,0)","v":1396},0]
["ADUE WG70 15X40G BOT IN",{"$f":"VLOOKUP(A85,'[2]Product Master Sheet'!$B$2:$F$506,5,0)","v":24},0]
["ALANTO (T) SC240 40X250ML BOT IN",{"$f":"VLOOKUP(A86,'[2]Product Master Sheet'!$B$2:$F$506,5,0)","v":29},0]
["ALANTO (T) SC240 50X100ML BOT IN",{"$f":"VLOOKUP(A87,'[2]Product Master Sheet'!$B$2:$F$506,5,0)","v":30},0]
["CONFIDOR (T) SL200 100X50ML BOT IN",{"$f":"VLOOKUP(A88,'[2]Product Master Sheet'!$B$2:$F$506,5,0)","v":112},0]
["CONFIDOR SUPER (T) SC350 50X100ML BOT IN",{"$f":"VLOOKUP(A89,'[2]Product Master Sheet'!$B$2:$F$506,5,0)","v":120},0]
["CONFIDOR SUPER (T) SC350 50X50ML BOT IN",{"$f":"VLOOKUP(A90,'[2]Product Master Sheet'!$B$2:$F$506,5,0)","v":121},0]
["DECIS EC 28 10X1L BOT IN",{"$f":"VLOOKUP(A91,'[2]Product Master Sheet'!$B$2:$F$506,5,0)","v":124},0]
["FAME (T) SC480 40X50ML BOT IN",{"$f":"VLOOKUP(A92,'[2]Product Master Sheet'!$B$2:$F$506,5,0)","v":146},0]
["FOLICUR (T) EC250 20X500ML BOT IN",{"$f":"VLOOKUP(A93,'[2]Product Master Sheet'!$B$2:$F$506,5,0)","v":163},0]
["INFINITO SC687 5 20X500ML BOT IN",{"$f":"VLOOKUP(A94,'[2]Product Master Sheet'!$B$2:$F$506,5,0)","v":195},0]
["LUCIFER (T) WP15 25X160GR BAG IN",{"$f":"VLOOKUP(A95,'[2]Product Master Sheet'!$B$2:$F$506,5,0)","v":221},0]
["MILLET 9001 (LOC) 6X4.5KG BAG IN",{"$f":"VLOOKUP(A96,'[2]Product Master Sheet'!$B$2:$F$506,5,0)","v":918},0]
["MILLET HYBRID 9444 GOLD 20X1.50KG BAG IN",{"$f":"VLOOKUP(A97,'[2]Product Master Sheet'!$B$2:$F$506,5,0)","v":248},0]
["REGENT (T) SC50 10X1L BOT IN",{"$f":"VLOOKUP(A98,'[2]Product Master Sheet'!$B$2:$F$506,5,0)","v":324},0]
["SECTIN WG60 50X100GR BAG IN",{"$f":"VLOOKUP(A99,'[2]Product Master Sheet'!$B$2:$F$506,5,0)","v":346},0]
["SOLOMON OD300 10X1L BOT IN",{"$f":"VLOOKUP(A100,'[2]Product Master Sheet'!$B$2:$F$506,5,0)","v":365},0]
["SPINTOR SC495 20X75ML BOT IN",{"$f":"VLOOKUP(A101,'[2]Product Master Sheet'!$B$2:$F$506,5,0)","v":373},0]

{"sheet":"Reco","index":7,"n_rows":105,"n_cols":29,"rows_kept":105,"cut":false,"hidden":false,"merged":[[0,1,0,9],[0,10,0,18],[0,19,0,27]]}
[null,"Zylem Report -01-Apr-2020 TO 31-Mar-2021",null,null,null,null,null,null,null,null,"Dealer Report -01-Apr-2020 TO 31-Mar-2021",null,null,null,null,null,null,null,null,"Difference (+/-)"]
[]
["DEALER CODE","Opening Qty","Purchase Qty","Purchase Return Qty","Sales Qty","Sales Return Qty","Transfer Qty","Consignment Qty","Adjustment Qty","CLSG","Opening Qty","Purchase Qty","Purchase Return Qty","Sales Qty","Sales Return Qty","Transfer Qty","Consignment Qty","Adjustment Qty","CLSG","Opening Stock Qty","Purchase Qty","Purchase Return Qty","Sales Qty","Sales Return Qty","Transfer Qty","Consignment Qty","Adjustments Qty","CLSG","Remark"]
["ADMIRE WG70 125X(8X2GR) BAG IN",0,160,0,0,0,0,0,0,160,0,160,0,0,0,0,0,0,160,0,0,0,0,0,0,0,0,0,"Ok"]
["ALIETTE WP80 20X250GR BAG IN",0,20,0,0,0,0,0,0,20,0,20,0,0,0,0,0,0,20,0,0,0,0,0,0,0,0,0,"Ok"]
["ALIETTE WP80 40X100GR BAG IN",0,40,0,0,0,0,0,0,40,0,40,0,0,0,0,0,0,40,0,0,0,0,0,0,0,0,0,"Ok"]
["AMBITION 10X1L BOT IN",0,250,0,180,0,0,0,0,70,0,250,0,180,0,0,0,0,70,0,0,0,0,0,0,0,0,0,"Ok"]
["AMBITION 40X250ML BOT IN",0,1400,0,365,0,0,0,0,1035,0,1400,0,365,0,0,0,0,1035,0,0,0,0,0,0,0,0,0,"Ok"]
["ANTRACOL (T) WP70 10X1KG BAG IN",0,490,0,480,0,0,0,0,10,0,490,0,480,0,0,0,0,10,0,0,0,0,0,0,0,0,0,"Ok"]
["ANTRACOL (T) WP70 20X500GR BAG IN",0,940,0,360,0,0,0,0,580,0,940,0,360,0,0,0,0,580,0,0,0,0,0,0,0,0,0,"Ok"]
["ANTRACOL (T) WP70 40X250GR BAG IN",0,560,0,240,0,0,0,0,320,0,560,0,240,0,0,0,0,320,0,0,0,0,0,0,0,0,0,"Ok"]
["ANTRACOL (T) WP70 50X100GR BAG IN",0,50,0,0,0,0,0,0,50,0,50,0,0,0,0,0,0,50,0,0,0,0,0,0,0,0,0,"Ok"]
["ATLANTIS KL3 6 15X160GR BOT IN",0,150,0,180,0,0,0,0,-30,0,180,0,180,0,0,0,0,0,0,-30,0,0,0,0,0,0,-30,"DIFF DUE TO JOURNAL ENTRY"]
["BELT EXPERT SC480 50X100ML BOT IN",0,50,0,5,0,0,0,0,45,0,50,0,5,0,0,0,0,45,0,0,0,0,0,0,0,0,0,"Ok"]
["CONFIDOR (T) SL200 10X1L BOT IN",0,60,0,20,0,0,0,0,40,0,60,0,20,0,0,0,0,40,0,0,0,0,0,0,0,0,0,"Ok"]
["CONFIDOR (T) SL200 20X250ML BOT IN",0,340,0,105,0,0,0,0,235,0,360,0,105,0,0,0,0,255,0,-20,0,0,0,0,0,0,-20,"DIFF DUE TO JOURNAL ENTRY"]
["CONFIDOR (T) SL200 20X500ML BOT IN",0,220,60,40,0,0,0,0,120,0,160,0,40,0,0,0,0,120,0,60,60,0,0,0,0,0,0,"Ok"]
["CONFIDOR (T) SL200 50X100ML BOT IN",0,1510,100,505,0,0,0,0,905,0,1410,0,505,0,0,0,0,905,0,100,100,0,0,0,0,0,0,"Ok"]
["DECIS EC 28 20X500ML BOT IN",0,40,0,0,0,0,0,0,40,0,40,0,0,0,0,0,0,40,0,0,0,0,0,0,0,0,0,"Ok"]
["DECIS EC 28 40X250ML BOT IN",0,40,0,0,0,0,0,0,40,0,40,0,0,0,0,0,0,40,0,0,0,0,0,0,0,0,0,"Ok"]
["EMESTO PRIME FS240 50X100ML BOT IN",0,50,0,0,0,0,0,0,50,0,50,0,0,0,0,0,0,50,0,0,0,0,0,0,0,0,0,"Ok"]
["EVERGOL XTEND FS308 100X40ML BOT IN",0,100,0,0,0,0,0,0,100,0,100,0,0,0,0,0,0,100,0,0,0,0,0,0,0,0,0,"Ok"]
["EVERGOL XTEND FS308 50X100ML BOT IN",0,50,0,0,0,0,0,0,50,0,50,0,0,0,0,0,0,50,0,0,0,0,0,0,0,0,0,"Ok"]
["FAME (T) SC480 20X100ML BOT IN",5,0,0,3,0,0,0,0,2,5,0,0,3,0,0,0,0,2,0,0,0,0,0,0,0,0,0,"Ok"]
["FENOS QUICK SC150 50X100ML BOT IN",0,50,0,0,0,0,0,0,50,0,50,0,0,0,0,0,0,50,0,0,0,0,0,0,0,0,0,"Ok"]
["FOLICUR (T) EC250 40X250ML BOT IN",0,160,0,105,0,0,0,0,55,0,160,0,105,0,0,0,0,55,0,0,0,0,0,0,0,0,0,"Ok"]
["FOLICUR (T) EC250 50X100ML BOT IN",30,50,0,105,25,0,0,0,0,30,50,0,80,0,0,0,0,0,0,0,0,25,25,0,0,0,0,"Ok"]
["FOOST WP50 24X500G BAG IN",0,3892,0,2272,0,0,0,0,1620,0,3892,0,2272,0,0,0,0,1620,0,0,0,0,0,0,0,0,0,"Ok"]
["GAUCHO FS600 2X(5X1L) BOT IN",0,10,0,10,0,0,0,0,0,0,10,0,10,0,0,0,0,0,0,0,0,0,0,0,0,0,0,"Ok"]
["GAUCHO FS600 100X50ML BOT IN",0,1300,0,638,0,0,0,0,662,0,1300,0,638,0,0,0,0,662,0,0,0,0,0,0,0,0,0,"Ok"]
["GAUCHO FS600 2X5L BOT IN",0,10,0,8,0,0,0,0,2,0,10,0,8,0,0,0,0,2,0,0,0,0,0,0,0,0,0,"Ok"]
["GAUCHO FS600 5X(20X9)ML BOT IN",0,3500,600,800,0,0,0,0,2100,0,2900,0,800,0,0,0,0,2100,0,600,600,0,0,0,0,0,0,"Ok"]
["JUMP WG80 160X(10X2GR) BAG IN",0,3205,0,2800,0,0,0,0,405,0,3205,0,2800,0,0,0,0,405,0,0,0,0,0,0,0,0,0,"Ok"]
["LARVIN (T) WP75 20X250GR BAG IN",0,60,0,20,0,0,0,0,40,0,60,0,20,0,0,0,0,40,0,0,0,0,0,0,0,0,0,"Ok"]
["LAUDIS SC630 10X57.5ML BOT IN",0,3766,1720,2130,370,0,0,0,286,0,2046,0,1760,0,0,0,0,286,0,1720,1720,370,370,0,0,0,0,"Ok"]
["LAUDIS SC630 8X115ML BOT IN",0,480,144,353,0,0,0,0,-17,0,336,0,353,0,0,0,0,-17,0,144,144,0,0,0,0,0,0,"Ok"]
["LESENTA WG80 20X250GR BAG IN",0,0,0,16,0,0,0,0,-16,0,0,0,16,0,0,0,0,-16,0,0,0,0,0,0,0,0,0,"Ok"]
["LESENTA WG80 50X100GR BAG IN",0,0,0,1,0,0,0,0,-1,0,0,0,1,0,0,0,0,-1,0,0,0,0,0,0,0,0,0,"Ok"]
["LUNA EXPERIENCE SC400 40X250ML BOT IN",0,40,0,5,0,0,0,0,35,0,40,0,5,0,0,0,0,35,0,0,0,0,0,0,0,0,0,"Ok"]
["MELODY DUO WP66 8 10X400GR BAG IN",0,10,0,8,0,0,0,0,2,0,10,0,8,0,0,0,0,2,0,0,0,0,0,0,0,0,0,"Ok"]
["MILLET HYBRID 9001 20X1.5 BAG IN",0,15160,401,14380,160,0,0,0,539,0,15796,0,14440,0,0,0,0,1356,0,-636,401,-60,160,0,0,0,-817,"DIFF DUE TO JOURNAL ENTRY"]
["MILLET HYBRID 9444 20X1.5KG BAG IN",0,5648,513,5950,20,0,0,0,-795,0,5676,0,5930,0,0,0,0,-254,0,-28,513,20,20,0,0,0,-541,"DIFF DUE TO JOURNAL ENTRY"]
["MILLET HYBRID 9450 20X1 5KG BAG IN",0,2260,111,2510,20,0,0,0,-341,0,2418,0,2490,0,0,0,0,-72,0,-158,111,20,20,0,0,0,-269,"DIFF DUE TO JOURNAL ENTRY"]
["MOVENTO ENERGY SC240 10X1L BOT IN",20,130,40,79,0,0,0,0,31,20,90,0,79,0,0,0,0,31,0,40,40,0,0,0,0,0,0,"Ok"]
["MOVENTO ENERGY SC240 40X250ML BOT IN",80,960,360,216,0,0,0,0,464,80,600,0,216,0,0,0,0,464,0,360,360,0,0,0,0,0,0,"Ok"]
["MOVENTO ENERGY SC240 50X100ML BOT IN",15,0,0,12,0,0,0,0,3,15,0,0,12,0,0,0,0,3,0,0,0,0,0,0,0,0,0,"Ok"]
["MUSTARD 5222 30X1KG BAG IN",0,2216,25,2255,0,0,0,0,-64,0,2191,0,2255,0,0,0,0,-64,0,25,25,0,0,0,0,0,0,"Ok"]
["MUSTARD 5222 60X500G BAG IN",0,300,0,300,0,0,0,0,0,0,300,0,300,0,0,0,0,0,0,0,0,0,0,0,0,0,0,"Ok"]
["NATIVO WG75 100X50GR BAG IN",75,0,0,73,0,0,0,0,2,75,0,0,73,0,0,0,0,2,0,0,0,0,0,0,0,0,0,"Ok"]
["NATIVO WG75 10X1KG BAG IN",0,20,10,10,0,0,0,0,0,0,10,0,10,0,0,0,0,0,0,10,10,0,0,0,0,0,0,"Ok"]
["NATIVO WG75 20X500GR BAG IN",10,0,0,9,0,0,0,0,1,10,0,0,9,0,0,0,0,1,0,0,0,0,0,0,0,0,0,"Ok"]
["NATIVO WG75 40X250GR BAG IN",0,120,40,28,0,0,0,0,52,0,80,0,28,0,0,0,0,52,0,40,40,0,0,0,0,0,0,"Ok"]
["NATIVO WG75 50X100GR BAG IN",0,650,0,365,0,0,0,0,285,0,650,0,365,0,0,0,0,285,0,0,0,0,0,0,0,0,0,"Ok"]
["OBERON (T) SC240 20X500ML BOT IN",0,11,0,11,0,0,0,0,0,0,11,0,11,0,0,0,0,0,0,0,0,0,0,0,0,0,0,"Ok"]
["OBERON (T) SC240 40X200ML BOT IN",60,209,0,162,0,0,0,0,107,60,209,0,162,0,0,0,0,107,0,0,0,0,0,0,0,0,0,"Ok"]
["OBERON (T) SC240 50X100ML BOT IN",0,350,0,305,0,0,0,0,45,0,350,0,305,0,0,0,0,45,0,0,0,0,0,0,0,0,0,"Ok"]
["PLANOFIX SL4 5 40X250ML BOT IN",80,0,0,47,0,0,0,0,33,80,0,0,47,0,0,0,0,33,0,0,0,0,0,0,0,0,0,"Ok"]
["PLANOFIX SL4 5 50X100ML BOT IN",0,1250,0,405,0,0,0,0,845,0,1250,0,405,0,0,0,0,845,0,0,0,0,0,0,0,0,0,"Ok"]
["RAXIL EASY FS60 10X1L BOT IN",0,100,0,100,0,0,0,0,0,0,100,0,100,0,0,0,0,0,0,0,0,0,0,0,0,0,0,"Ok"]
["REGENT (T) SC50 20X250ML BOT IN",0,4100,0,3800,0,0,0,0,300,0,4100,0,3800,0,0,0,0,300,0,0,0,0,0,0,0,0,0,"Ok"]
["REGENT (T) SC50 20X500ML BOT IN",0,2058,0,1816,0,0,0,0,242,0,2058,0,1816,0,0,0,0,242,0,0,0,0,0,0,0,0,0,"Ok"]
["REGENT (T) SC50 50X100ML BOT IN",0,3800,0,3785,0,0,0,0,15,0,3800,0,3785,0,0,0,0,15,0,0,0,0,0,0,0,0,0,"Ok"]
["REGENT GOLD SC200 40X250ML BOT IN",60,0,0,35,0,0,0,0,25,60,0,0,35,0,0,0,0,25,0,0,0,0,0,0,0,0,0,"Ok"]
["REGENT GOLD SC200 50X100ML BOT IN",100,0,0,50,0,0,0,0,50,100,0,0,50,0,0,0,0,50,0,0,0,0,0,0,0,0,0,"Ok"]
["REGENT GR0 3 1X25KG BOX WW",0,1000,0,800,0,0,0,0,200,0,1000,0,800,0,0,0,0,200,0,0,0,0,0,0,0,0,0,"Ok"]
["REGENT GR0 3 20X1KG BAG IN",1000,10620,0,8320,0,0,0,0,3300,1000,10620,0,8320,0,0,0,0,3300,0,0,0,0,0,0,0,0,0,"Ok"]
["REGENT ULTRA GR0 6 5X4KG BAG IN",0,260,0,0,0,0,0,0,260,0,260,0,0,0,0,0,0,260,0,0,0,0,0,0,0,0,0,"Ok"]
["SECTIN WG60 10X1KG BAG IN",0,50,0,48,0,0,0,0,2,0,50,0,48,0,0,0,0,2,0,0,0,0,0,0,0,0,0,"Ok"]
["SENCOR WP70 60X100GR BAG IN",0,1380,0,1120,0,0,0,0,260,0,1380,0,1120,0,0,0,0,260,0,0,0,0,0,0,0,0,0,"Ok"]
["SIMBOLA (T) SG20 20X250G BOT IN",0,20,0,0,0,0,0,0,20,0,20,0,0,0,0,0,0,20,0,0,0,0,0,0,0,0,0,"Ok"]
["SOLOMON OD300 20X500ML BOT IN",0,20,0,5,0,0,0,0,15,0,20,0,5,0,0,0,0,15,0,0,0,0,0,0,0,0,0,"Ok"]
["SOLOMON OD300 40X250ML BOT IN",5,320,0,202,0,0,0,0,123,5,320,0,202,0,0,0,0,123,0,0,0,0,0,0,0,0,0,"Ok"]
["SOLOMON OD300 50X100ML BOT IN",0,150,0,55,0,0,0,0,95,0,150,0,55,0,0,0,0,95,0,0,0,0,0,0,0,0,0,"Ok"]
["SUNRICE WG15 100X50GR BOT IN",0,200,0,25,0,0,0,0,175,0,200,0,25,0,0,0,0,175,0,0,0,0,0,0,0,0,0,"Ok"]
["SURPASS 7272 BG2 (LOC) 20X450G BAG IN",0,720,105,364,0,0,0,0,251,0,616,0,364,0,0,0,0,252,0,104,105,0,0,0,0,0,-1,"DIFF DUE TO JOURNAL ENTRY"]
["VELUM PRIME SC400 20X500ML BOT IN",0,20,0,0,0,0,0,0,20,0,20,0,0,0,0,0,0,20,0,0,0,0,0,0,0,0,0,"Ok"]
["VELUM PRIME SC400 40X250ML BOT IN",1,120,0,12,0,0,0,0,109,1,120,0,12,0,0,0,0,109,0,0,0,0,0,0,0,0,0,"Ok"]
["WHIPSUPER (T) EC90 40X250ML BOT IN",0,40,0,5,0,0,0,0,35,0,40,0,5,0,0,0,0,35,0,0,0,0,0,0,0,0,0,"Ok"]
["SURPASS 7172 BG2 20X450GR BAG IN",0,2281,497,940,11,0,0,0,855,0,1908,0,949,0,0,0,0,959,0,373,497,-9,11,0,0,0,-104,"DIFF DUE TO JOURNAL ENTRY"]
["DECIS EC101-2 50X100ML BOX IN",0,0,0,10,0,0,0,0,-10,0,0,0,10,0,0,0,0,-10,0,0,0,0,0,0,0,0,0,"Ok"]
["MILLET PA 9180 (LOC) 20X1.50KG BAG IN",0,4280,2039,2460,80,0,0,0,-139,0,2549,0,2380,0,0,0,0,169,0,1731,2039,80,80,0,0,0,-308,"DIFF DUE TO JOURNAL ENTRY"]
["MUSTARD PA 5210 (LOC) 30X1KG BAG IN",0,1025,248,695,0,0,0,0,82,0,955,0,705,0,0,0,0,250,0,70,248,-10,0,0,0,0,-168,"DIFF DUE TO JOURNAL ENTRY"]
["MUSTARD PA 5232 (LOC) 30X1KG BAG IN",0,150,0,60,0,0,0,0,90,0,150,0,60,0,0,0,0,90,0,0,0,0,0,0,0,0,0,"Ok"]
["RAXIL EASY FS60 10X(20X13.4ML) BOT IN",0,600,200,40,0,0,0,0,360,0,400,0,40,0,0,0,0,360,0,200,200,0,0,0,0,0,0,"Ok"]
["SECTIN WG60 20X600GR BAG IN",0,120,0,100,0,0,0,0,20,0,120,0,100,0,0,0,0,20,0,0,0,0,0,0,0,0,0,"Ok"]
["BUONOS SC430 40X250ML BOT IN",0,80,0,5,0,0,0,0,75,0,80,0,5,0,0,0,0,75,0,0,0,0,0,0,0,0,0,"Ok"]
["BUONOS SC430 20X500ML BOT IN",0,20,0,0,0,0,0,0,20,0,20,0,0,0,0,0,0,20,0,0,0,0,0,0,0,0,0,"Ok"]
["ADUE WG70 15X40G BOT IN",0,0,0,0,0,0,0,0,0,0,0,0,0,0,0,0,0,0,0,0,0,0,0,0,0,0,0,"Ok"]
["ALANTO (T) SC240 40X250ML BOT IN",0,0,0,0,0,0,0,0,0,0,0,0,0,0,0,0,0,0,0,0,0,0,0,0,0,0,0,"Ok"]
["ALANTO (T) SC240 50X100ML BOT IN",0,0,0,0,0,0,0,0,0,0,0,0,0,0,0,0,0,0,0,0,0,0,0,0,0,0,0,"Ok"]
["CONFIDOR (T) SL200 100X50ML BOT IN",0,0,0,0,0,0,0,0,0,0,0,0,0,0,0,0,0,0,0,0,0,0,0,0,0,0,0,"Ok"]
["CONFIDOR SUPER (T) SC350 50X100ML BOT IN",0,0,0,0,0,0,0,0,0,0,0,0,0,0,0,0,0,0,0,0,0,0,0,0,0,0,0,"Ok"]
["CONFIDOR SUPER (T) SC350 50X50ML BOT IN",0,0,0,0,0,0,0,0,0,0,0,0,0,0,0,0,0,0,0,0,0,0,0,0,0,0,0,"Ok"]
["DECIS EC 28 10X1L BOT IN",0,0,0,0,0,0,0,0,0,0,0,0,0,0,0,0,0,0,0,0,0,0,0,0,0,0,0,"Ok"]
["FAME (T) SC480 40X50ML BOT IN",0,0,0,0,0,0,0,0,0,0,0,0,0,0,0,0,0,0,0,0,0,0,0,0,0,0,0,"Ok"]
["FOLICUR (T) EC250 20X500ML BOT IN",0,0,0,0,0,0,0,0,0,0,0,0,0,0,0,0,0,0,0,0,0,0,0,0,0,0,0,"Ok"]
["INFINITO SC687 5 20X500ML BOT IN",0,0,0,0,0,0,0,0,0,0,40,0,7,0,0,0,0,33,0,-40,0,-7,0,0,0,0,-33,"DIFF DUE TO JOURNAL ENTRY"]
["LUCIFER (T) WP15 25X160GR BAG IN",0,0,0,0,0,0,0,0,0,0,0,0,0,0,0,0,0,0,0,0,0,0,0,0,0,0,0,"Ok"]
["MILLET 9001 (LOC) 6X4.5KG BAG IN",0,0,0,0,0,0,0,0,0,0,0,0,0,0,0,0,0,0,0,0,0,0,0,0,0,0,0,"Ok"]
["MILLET HYBRID 9444 GOLD 20X1.50KG BAG IN",0,0,0,0,0,0,0,0,0,0,0,0,0,0,0,0,0,0,0,0,0,0,0,0,0,0,0,"Ok"]
["REGENT (T) SC50 10X1L BOT IN",0,0,0,0,0,0,0,0,0,0,570,0,475,0,0,0,0,95,0,-570,0,-475,0,0,0,0,-95,"DIFF DUE TO JOURNAL ENTRY"]
["SECTIN WG60 50X100GR BAG IN",0,0,0,0,0,0,0,0,0,0,0,0,0,0,0,0,0,0,0,0,0,0,0,0,0,0,0,"Ok"]
["SOLOMON OD300 10X1L BOT IN",0,0,0,0,0,0,0,0,0,0,0,0,0,0,0,0,0,0,0,0,0,0,0,0,0,0,0,"Ok"]
["SPINTOR SC495 20X75ML BOT IN",0,0,0,0,0,0,0,0,0,0,0,0,0,0,0,0,0,0,0,0,0,0,0,0,0,0,0,"Ok"]
["Total",1541,86481,7213,64205,686,0,0,0,17290,1541,83176,0,63769,0,0,0,0,20948,0,3305,7213,436,686,0,0,0,{"$f":"SUM(AB4:AB104)","v":-2386}]